{"id":301,"date":"2024-11-27T16:04:34","date_gmt":"2024-11-27T19:04:34","guid":{"rendered":"https:\/\/uenf.br\/cct\/lcmat\/?page_id=301"},"modified":"2024-11-27T16:15:01","modified_gmt":"2024-11-27T19:15:01","slug":"disciplinas-2024-1","status":"publish","type":"page","link":"https:\/\/uenf.br\/cct\/lcmat\/disciplinas-2024-1\/","title":{"rendered":"Disciplinas 2024.1"},"content":{"rendered":"<table>\n<tbody>\n<tr>\n<td colspan=\"2\" width=\"576\">\n<h2 style=\"text-align: center\"><strong>Curso de Licenciatura em Matem\u00e1tica<\/strong><\/h2>\n<\/td>\n<\/tr>\n<tr>\n<td width=\"338\"><strong>Disciplinas<\/strong><\/td>\n<td width=\"238\"><strong>Professores<\/strong><\/td>\n<\/tr>\n<tr>\n<td width=\"338\">\u00c1lgebra I<\/td>\n<td width=\"238\">Oscar Paz<\/td>\n<\/tr>\n<tr>\n<td width=\"338\">C\u00e1lculo Diferencial e Integral I<\/td>\n<td width=\"238\">Ana Senna<\/td>\n<\/tr>\n<tr>\n<td width=\"338\">C\u00e1lculo Diferencial e Integral III<\/td>\n<td width=\"238\">Rafael<\/td>\n<\/tr>\n<tr>\n<td width=\"338\">C\u00e1lculo Num\u00e9rico<\/td>\n<td width=\"238\">Elba<\/td>\n<\/tr>\n<tr>\n<td width=\"338\">Did\u00e1tica do Ensino da Matem\u00e1tica<\/td>\n<td width=\"238\">Nilson Stahl<\/td>\n<\/tr>\n<tr>\n<td width=\"338\">Elementos de Geometria Plana e Espacial com Constru\u00e7\u00f5es Geom\u00e9tricas<\/td>\n<td width=\"238\">Nelson Barbosa<\/td>\n<\/tr>\n<tr>\n<td width=\"338\">Equa\u00e7\u00f5es Diferenciais<\/td>\n<td width=\"238\">Paulo Beggio<\/td>\n<\/tr>\n<tr>\n<td width=\"338\">Equa\u00e7\u00f5es Diferenciais Parciais<\/td>\n<td width=\"238\">Rigoberto Castro<\/td>\n<\/tr>\n<tr>\n<td width=\"338\">Est\u00e1gio Supervisionado I<\/td>\n<td width=\"238\">Bolsista<\/td>\n<\/tr>\n<tr>\n<td width=\"338\">Est\u00e1gio Supervisionado III<\/td>\n<td width=\"238\">Bolsista<\/td>\n<\/tr>\n<tr>\n<td width=\"338\">Geometria Diferencial<\/td>\n<td width=\"238\">Rigoberto Castro<\/td>\n<\/tr>\n<tr>\n<td width=\"338\">Introdu\u00e7\u00e3o \u00e0 L\u00f3gica Matem\u00e1tica<\/td>\n<td width=\"238\">Paulo Dias<\/td>\n<\/tr>\n<tr>\n<td width=\"338\">Laborat\u00f3rio de Matem\u00e1tica II<\/td>\n<td width=\"238\">Nilson Stahl<\/td>\n<\/tr>\n<tr>\n<td width=\"338\">Matem\u00e1tica B\u00e1sica<\/td>\n<td width=\"238\">Ana Senna<\/td>\n<\/tr>\n<tr>\n<td width=\"338\">Monografia I<\/td>\n<td width=\"238\">Rigoberto Castro<\/td>\n<\/tr>\n<tr>\n<td width=\"338\">Pratica Pedag\u00f3gica I<\/td>\n<td width=\"238\">Nilson Stahl<\/td>\n<\/tr>\n<tr>\n<td width=\"338\">Semin\u00e1rio Supervisionado I<\/td>\n<td width=\"238\">Rigoberto Castro<\/td>\n<\/tr>\n<tr>\n<td width=\"338\">Trigonometria e Fun\u00e7\u00f5es Trigonom\u00e9tricas<\/td>\n<td width=\"238\">Nelson Barbosa<\/td>\n<\/tr>\n<tr>\n<td colspan=\"2\" width=\"576\">&nbsp;<\/p>\n<h2 style=\"text-align: center\"><strong>Curso de Bacharelado em Ci\u00eancia da Computa\u00e7\u00e3o<\/strong><\/h2>\n<\/td>\n<\/tr>\n<tr>\n<td width=\"338\"><strong>Disciplinas<\/strong><\/td>\n<td width=\"238\"><strong>Professores<\/strong><\/td>\n<\/tr>\n<tr>\n<td width=\"338\">Algoritmos em Grafos<\/td>\n<td width=\"238\">Luis Mariano<\/td>\n<\/tr>\n<tr>\n<td width=\"338\">Arquitetura de Computadores<\/td>\n<td width=\"238\">Bolsista<\/td>\n<\/tr>\n<tr>\n<td width=\"338\">Banco de Dados I<\/td>\n<td width=\"238\">Luis Mariano<\/td>\n<\/tr>\n<tr>\n<td width=\"338\">Comp. e Sociedade<\/td>\n<td width=\"238\">Bolsista<\/td>\n<\/tr>\n<tr>\n<td width=\"338\">Engenharia de Software<\/td>\n<td width=\"238\">Ausberto<\/td>\n<\/tr>\n<tr>\n<td width=\"338\">Est\u00e1gio Supervisionado<\/td>\n<td width=\"238\">Tang<\/td>\n<\/tr>\n<tr>\n<td width=\"338\">Estruturas de Dados I<\/td>\n<td width=\"238\">Tang<\/td>\n<\/tr>\n<tr>\n<td width=\"338\">Fundamentos de Processamento de Imagens<\/td>\n<td width=\"238\">Rivera<\/td>\n<\/tr>\n<tr>\n<td width=\"338\">Geometria Anal\u00edtica<\/td>\n<td width=\"238\">Luis Guillermo<\/td>\n<\/tr>\n<tr>\n<td width=\"338\">Ingl\u00eas Instrumental I<\/td>\n<td width=\"238\">Bolsista<\/td>\n<\/tr>\n<tr>\n<td width=\"338\">Interface Homem M\u00e1quina<\/td>\n<td width=\"238\">Rivera<\/td>\n<\/tr>\n<tr>\n<td width=\"338\">Introdu\u00e7\u00e3o \u00e0 Ci\u00eancia da Computa\u00e7\u00e3o<\/td>\n<td width=\"238\">Rivera<\/td>\n<\/tr>\n<tr>\n<td width=\"338\">Linguagens Formais<\/td>\n<td width=\"238\">Annabell<\/td>\n<\/tr>\n<tr>\n<td width=\"338\">L\u00f3gica Matem\u00e1tica<\/td>\n<td width=\"238\">Tang<\/td>\n<\/tr>\n<tr>\n<td width=\"338\">M\u00e9todos Matem\u00e1ticos<\/td>\n<td width=\"238\">Bolsista<\/td>\n<\/tr>\n<tr>\n<td width=\"338\">Monografia<\/td>\n<td width=\"238\">Tang<\/td>\n<\/tr>\n<tr>\n<td width=\"338\">Organiza\u00e7\u00e3o de Computadores<\/td>\n<td width=\"238\">Bolsista<\/td>\n<\/tr>\n<tr>\n<td width=\"338\">Paradigmas de Linguagem de Programa\u00e7\u00e3o<\/td>\n<td width=\"238\">Ausberto<\/td>\n<\/tr>\n<tr>\n<td width=\"338\">Processos Estoc\u00e1sticos<\/td>\n<td width=\"238\">Luis Guillermo<\/td>\n<\/tr>\n<tr>\n<td width=\"338\">Programa\u00e7\u00e3o I<\/td>\n<td width=\"238\">Annabell<\/td>\n<\/tr>\n<tr>\n<td width=\"338\">Projeto de Monografia<\/td>\n<td width=\"238\">Rivera<\/td>\n<\/tr>\n<tr>\n<td width=\"338\">Redes de Computadores<\/td>\n<td width=\"238\">Jo\u00e3o Almeida<\/td>\n<\/tr>\n<tr>\n<td width=\"338\">Sistemas Distribu\u00eddos<\/td>\n<td width=\"238\">Jo\u00e3o Almeida<\/td>\n<\/tr>\n<tr>\n<td width=\"338\">Teste de Software<\/td>\n<td width=\"238\">Bolsista<\/td>\n<\/tr>\n<tr>\n<td colspan=\"2\" width=\"576\">&nbsp;<\/p>\n<h2 style=\"text-align: center\"><strong>Outros cursos de Gradua\u00e7\u00e3o<\/strong><\/h2>\n<\/td>\n<\/tr>\n<tr>\n<td width=\"338\"><strong>Disciplinas<\/strong><\/td>\n<td width=\"238\"><strong>Professores<\/strong><\/td>\n<\/tr>\n<tr>\n<td width=\"338\">Algebra Linear<\/td>\n<td width=\"238\">Ana Senna<\/td>\n<\/tr>\n<tr>\n<td width=\"338\">C\u00e1lculo Diferencial e Integral I<\/td>\n<td width=\"238\">Elba<\/p>\n<p>Maridelma<\/p>\n<p>Nancy<\/p>\n<p>Bolsistas<\/td>\n<\/tr>\n<tr>\n<td width=\"338\">C\u00e1lculo Diferencial e Integral III<\/td>\n<td width=\"238\">Paulo Dias<\/p>\n<p>Rafael<\/p>\n<p>Bolsista<\/td>\n<\/tr>\n<tr>\n<td width=\"338\">C\u00e1lculo Diferencial para Agropecu\u00e1ria<\/td>\n<td width=\"238\">Bolsistas<\/td>\n<\/tr>\n<tr>\n<td width=\"338\">C\u00e1lculo Num\u00e9rico<\/td>\n<td width=\"238\">Ana Senna<\/td>\n<\/tr>\n<tr>\n<td width=\"338\">Computa\u00e7\u00e3o para Agropecu\u00e1ria<\/td>\n<td width=\"238\">Bolsistas<\/td>\n<\/tr>\n<tr>\n<td width=\"338\">Fundamentos de Ci\u00eancia da Computa\u00e7\u00e3o<\/td>\n<td width=\"238\">Luiz Ramirez<\/p>\n<p>Bolsistas<\/td>\n<\/tr>\n<tr>\n<td width=\"338\">M\u00e9todos Matem\u00e1ticos<\/td>\n<td width=\"238\">Paulo Beggio<\/p>\n<p>Ana Senna<\/td>\n<\/tr>\n<tr>\n<td width=\"338\">Pr\u00e9-C\u00e1lculo<\/td>\n<td width=\"238\">Bolsistas<\/td>\n<\/tr>\n<tr>\n<td colspan=\"2\" width=\"576\">&nbsp;<\/p>\n<h2 style=\"text-align: center\"><strong>Mestrado Profissional em Matem\u00e1tica<\/strong><\/h2>\n<\/td>\n<\/tr>\n<tr>\n<td width=\"338\"><strong>Disciplinas<\/strong><\/td>\n<td width=\"238\"><strong>Professores<\/strong><\/td>\n<\/tr>\n<tr>\n<td width=\"338\">Fundamentos de C\u00e1lculo<\/td>\n<td width=\"238\">Nelson Barbosa<\/td>\n<\/tr>\n<tr>\n<td width=\"338\">Introdu\u00e7\u00e3o \u00e0 \u00c1lgebra Linear<\/td>\n<td width=\"238\">Elba<\/td>\n<\/tr>\n<tr>\n<td width=\"338\">Matem\u00e1tica Discreta<\/td>\n<td width=\"238\">Rafael<\/td>\n<\/tr>\n<tr>\n<td width=\"338\">N\u00fameros, Conjuntos e Fun\u00e7\u00f5es Elementares<\/td>\n<td width=\"238\">Rigoberto<\/td>\n<\/tr>\n<tr>\n<td width=\"338\">Semin\u00e1rio I<\/td>\n<td width=\"238\">Nelson Barbosa<\/td>\n<\/tr>\n<\/tbody>\n<\/table>\n","protected":false},"excerpt":{"rendered":"<p>Curso de Licenciatura em Matem\u00e1tica Disciplinas Professores \u00c1lgebra I Oscar Paz C\u00e1lculo Diferencial e Integral I Ana Senna C\u00e1lculo Diferencial&#8230;<\/p>\n","protected":false},"author":31,"featured_media":0,"parent":0,"menu_order":0,"comment_status":"closed","ping_status":"closed","template":"","meta":{"footnotes":""},"class_list":["post-301","page","type-page","status-publish","hentry"],"_links":{"self":[{"href":"https:\/\/uenf.br\/cct\/lcmat\/wp-json\/wp\/v2\/pages\/301","targetHints":{"allow":["GET"]}}],"collection":[{"href":"https:\/\/uenf.br\/cct\/lcmat\/wp-json\/wp\/v2\/pages"}],"about":[{"href":"https:\/\/uenf.br\/cct\/lcmat\/wp-json\/wp\/v2\/types\/page"}],"author":[{"embeddable":true,"href":"https:\/\/uenf.br\/cct\/lcmat\/wp-json\/wp\/v2\/users\/31"}],"replies":[{"embeddable":true,"href":"https:\/\/uenf.br\/cct\/lcmat\/wp-json\/wp\/v2\/comments?post=301"}],"version-history":[{"count":0,"href":"https:\/\/uenf.br\/cct\/lcmat\/wp-json\/wp\/v2\/pages\/301\/revisions"}],"wp:attachment":[{"href":"https:\/\/uenf.br\/cct\/lcmat\/wp-json\/wp\/v2\/media?parent=301"}],"curies":[{"name":"wp","href":"https:\/\/api.w.org\/{rel}","templated":true}]}}