{"id":1463,"date":"2015-11-17T19:12:57","date_gmt":"2015-11-17T19:12:57","guid":{"rendered":"http:\/\/uenf.br\/cct\/leciv\/?page_id=1463"},"modified":"2015-11-17T19:39:52","modified_gmt":"2015-11-17T19:39:52","slug":"anderson-barreto-siqueira","status":"publish","type":"page","link":"https:\/\/uenf.br\/cct\/leciv\/graduacao\/projetos-finais\/anderson-barreto-siqueira\/","title":{"rendered":"Ana Paula Ribeiro Sarmet Moreira Smiderle  e Laura Rebel Moreira Alves"},"content":{"rendered":"<p><strong>Dimensionamento Estrutural de um Edif\u00edcio Multifamiliar em\u00a0<\/strong><strong>Concreto Armado<\/strong><\/p>\n<p><em>Orientador:<\/em><em><br \/>\n<\/em>Prof. Sergio Luis Gonz\u00e1lez Garcia<\/p>\n<p><em>Comiss\u00e3o Examinadora:<\/em><em><br \/>\nEng.\u00b0 Jos\u00e9 Renato de Freitas<\/em><br \/>\nEng\u00ba Marcos Vinicius Pereira Santana<br \/>\nProf. V\u00e2nia Jos\u00e9 Karam<br \/>\nProf. Sergio Luis Gonz\u00e1lez Garcia<\/p>\n<p><em>Data\u00a0da Defesa:<\/em>\u00a0Fevereiro de 2011<\/p>\n<p style=\"text-align: justify\"><em>Resumo:<\/em>\u00a0O trabalho proposto consiste na elabora\u00e7\u00e3o do projeto estrutural de uma edifica\u00e7\u00e3o de ocupa\u00e7\u00e3o mista compreendendo um centro comercial e quinze unidades residenciais, sendo tr\u00eas apartamentos por andar. O edif\u00edcio, em\u00a0concreto armado, \u00e9 composto de sete pavimentos com lajes maci\u00e7as. Foi feita\u00a0a an\u00e1lise estrutural no programa comercial EBERICK V6\u00ae e, paralelamente, foi\u00a0desenvolvido o dimensionamento manual de alguns elementos estruturais,\u00a0julgados cr\u00edticos. Como resultado da realiza\u00e7\u00e3o deste projeto, foi apresentado\u00a0um memorial descritivo, um memorial de c\u00e1lculo e as plantas de detalhamento\u00a0dos elementos estruturais: vigas, lajes, pilares e escada.<\/p>\n<p style=\"text-align: justify\">\u00a0<a href=\"http:\/\/uenf.br\/cct\/leciv\/files\/2015\/11\/Ana-Paula-Ribeiro-Sarmet-Smiderle-e-Laura-Rebel-Moreira-Alves.pdf\">Download aqui!<\/a><\/p>\n","protected":false},"excerpt":{"rendered":"<p>Dimensionamento Estrutural de um Edif\u00edcio Multifamiliar em\u00a0Concreto Armado Orientador: Prof. Sergio Luis Gonz\u00e1lez Garcia Comiss\u00e3o Examinadora: Eng.\u00b0 Jos\u00e9 Renato de&#8230;<\/p>\n","protected":false},"author":15,"featured_media":0,"parent":350,"menu_order":36,"comment_status":"closed","ping_status":"closed","template":"","meta":{"footnotes":""},"class_list":["post-1463","page","type-page","status-publish","hentry"],"_links":{"self":[{"href":"https:\/\/uenf.br\/cct\/leciv\/wp-json\/wp\/v2\/pages\/1463","targetHints":{"allow":["GET"]}}],"collection":[{"href":"https:\/\/uenf.br\/cct\/leciv\/wp-json\/wp\/v2\/pages"}],"about":[{"href":"https:\/\/uenf.br\/cct\/leciv\/wp-json\/wp\/v2\/types\/page"}],"author":[{"embeddable":true,"href":"https:\/\/uenf.br\/cct\/leciv\/wp-json\/wp\/v2\/users\/15"}],"replies":[{"embeddable":true,"href":"https:\/\/uenf.br\/cct\/leciv\/wp-json\/wp\/v2\/comments?post=1463"}],"version-history":[{"count":0,"href":"https:\/\/uenf.br\/cct\/leciv\/wp-json\/wp\/v2\/pages\/1463\/revisions"}],"up":[{"embeddable":true,"href":"https:\/\/uenf.br\/cct\/leciv\/wp-json\/wp\/v2\/pages\/350"}],"wp:attachment":[{"href":"https:\/\/uenf.br\/cct\/leciv\/wp-json\/wp\/v2\/media?parent=1463"}],"curies":[{"name":"wp","href":"https:\/\/api.w.org\/{rel}","templated":true}]}}