{"id":1486,"date":"2015-11-17T19:52:28","date_gmt":"2015-11-17T19:52:28","guid":{"rendered":"http:\/\/uenf.br\/cct\/leciv\/?page_id=1486"},"modified":"2015-11-18T00:54:11","modified_gmt":"2015-11-18T00:54:11","slug":"anderson-barreto-siqueira-2","status":"publish","type":"page","link":"https:\/\/uenf.br\/cct\/leciv\/graduacao\/projetos-finais\/anderson-barreto-siqueira-2\/","title":{"rendered":"Anderson Barreto Siqueira"},"content":{"rendered":"<p><strong>Projeto de C\u00e1lculo Estrutural e Compara\u00e7\u00e3o entre dois Dimensionamentos de um Edif\u00edcio Multifamiliar <\/strong><\/p>\n<p><strong>\u00a0<\/strong><em>Orientador:<\/em><em><br \/>\n<\/em>\u00a0Prof. Sergio Luis Gonz\u00e1lez Garcia<\/p>\n<p><em>Comiss\u00e3o Examinadora:<\/em><em><br \/>\n<\/em>Eng.\u00ba Victor Augusto de Souza Crespo<br \/>\nProf. V\u00e2nia Jos\u00e9 Karam<br \/>\nEng.\u00b0 Jos\u00e9 Renato de Freitas<br \/>\nProf. Sergio Luis Gonz\u00e1lez Garcia<\/p>\n<p><em>Data\u00a0da Defesa:<\/em>\u00a0Outubro de 2011<\/p>\n<p style=\"text-align: justify\"><em>Resumo:<\/em>\u00a0Em um per\u00edodo de crescentes investimentos na regi\u00e3o de Campos dos Goytacazes, com um grande n\u00famero de edif\u00edcios sendo constru\u00eddos, surge a necessidade da otimiza\u00e7\u00e3o dos projetos estruturais.<br \/>\nCom isto, o trabalho proposto consiste em dois dimensionamentos estruturais para um mesmo projeto arquitet\u00f4nico, com loca\u00e7\u00e3o e quantidade de elementos estruturais diferentes, de um edif\u00edcio multifamiliar situado ficticiamente no bairro Flamboyant. O projeto tem por objetivo, comparar os dois dimensionamentos com o intuito de analisar os esfor\u00e7os que ocorrem em cada estrutura, avaliar qual projeto \u00e9 mais vi\u00e1vel economicamente e mostrar que para um mesmo projeto arquitet\u00f4nico existem in\u00fameras solu\u00e7\u00f5es poss\u00edveis.<br \/>\nOs dimensionamentos estruturais foram feitos com a utiliza\u00e7\u00e3o do <em>software <\/em>AltoQi Eberick V6\u00ae, considerando uma estrutura em concreto armado.<br \/>\nO edif\u00edcio possuir\u00e1 um pavimento garagem, um pavimento garagem e lazer, e tr\u00eas pavimentos tipo.<br \/>\nComo resultado deste trabalho foi desenvolvido o projeto arquitet\u00f4nico, apresentado todos os detalhamentos dos elementos estruturais, relat\u00f3rios gerados pelo <em>software <\/em>e tabelas comparativas entre os dois dimensionamentos. A compara\u00e7\u00e3o mostrou que a diferen\u00e7a entre os quantitativos de material dos dois projetos n\u00e3o foi t\u00e3o significativa a ponto de se apontar a melhor forma de loca\u00e7\u00e3o dos elementos estruturais.<\/p>\n<p style=\"text-align: justify\"><a href=\"http:\/\/uenf.br\/cct\/leciv\/files\/2015\/11\/Anderson-Barreto-Siqueira.pdf\">Donwload aqui!<\/a><\/p>\n","protected":false},"excerpt":{"rendered":"<p>Projeto de C\u00e1lculo Estrutural e Compara\u00e7\u00e3o entre dois Dimensionamentos de um Edif\u00edcio Multifamiliar \u00a0Orientador: \u00a0Prof. Sergio Luis Gonz\u00e1lez Garcia Comiss\u00e3o&#8230;<\/p>\n","protected":false},"author":15,"featured_media":0,"parent":350,"menu_order":37,"comment_status":"closed","ping_status":"closed","template":"","meta":{"footnotes":""},"class_list":["post-1486","page","type-page","status-publish","hentry"],"_links":{"self":[{"href":"https:\/\/uenf.br\/cct\/leciv\/wp-json\/wp\/v2\/pages\/1486","targetHints":{"allow":["GET"]}}],"collection":[{"href":"https:\/\/uenf.br\/cct\/leciv\/wp-json\/wp\/v2\/pages"}],"about":[{"href":"https:\/\/uenf.br\/cct\/leciv\/wp-json\/wp\/v2\/types\/page"}],"author":[{"embeddable":true,"href":"https:\/\/uenf.br\/cct\/leciv\/wp-json\/wp\/v2\/users\/15"}],"replies":[{"embeddable":true,"href":"https:\/\/uenf.br\/cct\/leciv\/wp-json\/wp\/v2\/comments?post=1486"}],"version-history":[{"count":0,"href":"https:\/\/uenf.br\/cct\/leciv\/wp-json\/wp\/v2\/pages\/1486\/revisions"}],"up":[{"embeddable":true,"href":"https:\/\/uenf.br\/cct\/leciv\/wp-json\/wp\/v2\/pages\/350"}],"wp:attachment":[{"href":"https:\/\/uenf.br\/cct\/leciv\/wp-json\/wp\/v2\/media?parent=1486"}],"curies":[{"name":"wp","href":"https:\/\/api.w.org\/{rel}","templated":true}]}}