{"id":1492,"date":"2015-11-18T01:22:35","date_gmt":"2015-11-18T01:22:35","guid":{"rendered":"http:\/\/uenf.br\/cct\/leciv\/?page_id=1492"},"modified":"2015-11-18T01:23:13","modified_gmt":"2015-11-18T01:23:13","slug":"camille-almeida-pessanha-e-luiza-artilles-de-abreu-avila","status":"publish","type":"page","link":"https:\/\/uenf.br\/cct\/leciv\/graduacao\/projetos-finais\/camille-almeida-pessanha-e-luiza-artilles-de-abreu-avila\/","title":{"rendered":"Camille Almeida Pessanha e Lu\u00edza Artilles de Abreu \u00c1vila"},"content":{"rendered":"<p><strong>Retifica\u00e7\u00e3o do Canal Coqueiros \u2013 Trecho: Rio Para\u00edba Do Sul \/ Rua Raul Abbot Escobar\u00a0 <\/strong><\/p>\n<p><strong>\u00a0<\/strong><em>Orientador:<\/em><em><br \/>\n<\/em>\u00a0Prof. Paulo C\u00e9sar de Almeida Maia<\/p>\n<p><em>Comiss\u00e3o Examinadora:<\/em><em><br \/>\n<\/em>Prof. Guilherme Soldati Ferreira<br \/>\nProf. S\u00e9rgio Tibana<br \/>\nProf. Gustavo de Castro Xavier<br \/>\nProf. Paulo C\u00e9sar de Almeida Maia<\/p>\n<p><em>Data\u00a0da Defesa:<\/em>\u00a0Outubro de 2011<\/p>\n<p style=\"text-align: justify\"><em>Resumo:<\/em>\u00a0O objetivo\u00a0 deste\u00a0 trabalho\u00a0 de\u00a0 conclus\u00e3o\u00a0 \u00e9\u00a0 a\u00a0 elabora\u00e7\u00e3o\u00a0 dos\u00a0 projetos\u00a0 para retifica\u00e7\u00e3o e estabiliza\u00e7\u00e3o do Canal Coqueiros no trecho entre o Rio Para\u00edba do Sul e\u00a0 a\u00a0 Rua\u00a0 Raul\u00a0 Abbot\u00a0 Escobar,\u00a0 aproximadamente\u00a0 1,2Km.\u00a0 O\u00a0 Canal\u00a0 \u00e9\u00a0 aberto,\u00a0 sem revestimento\u00a0 nas\u00a0 paredes\u00a0 dos\u00a0 taludes\u00a0 e\u00a0 apresenta\u00a0 uma\u00a0 se\u00e7\u00e3o\u00a0 aproximadamente trapezoidal.\u00a0 O trecho\u00a0 estudado \u00a0vem\u00a0 apresentando\u00a0 frequentes\u00a0 deslizamentos\u00a0 das margens, devido \u00e0s caracter\u00edsticas de utiliza\u00e7\u00e3o do Canal e do maci\u00e7o ao longo das margens.\u00a0 Inicialmente\u00a0 foi\u00a0 feita\u00a0 a\u00a0 estabiliza\u00e7\u00e3o\u00a0 das margens\u00a0 com gabi\u00e3o\u00a0 e\u00a0 colch\u00e3o Reno associados a\u00a0 refor\u00e7os do\u00a0 tipo grampo. Destaca-se que esta solu\u00e7\u00e3o \u00e9 pouco convencional na\u00a0 engenharia\u00a0 geot\u00e9cnica.\u00a0 No\u00a0 projeto\u00a0 faz-se\u00a0 inicialmente\u00a0 a\u00a0 revis\u00e3o bibliogr\u00e1fica sobre os diferentes assuntos que envolvem a sua elabora\u00e7\u00e3o, inclusive o levantamento hist\u00f3rico do canal buscando informa\u00e7\u00f5es a respeito da constru\u00e7\u00e3o e caracter\u00edsticas\u00a0 de\u00a0 utiliza\u00e7\u00e3o\u00a0 at\u00e9\u00a0 os\u00a0 dias\u00a0 atuais.\u00a0 Faz-se o levantamento\u00a0 dos\u00a0 dados necess\u00e1rios\u00a0 para\u00a0 o\u00a0 c\u00e1lculo\u00a0 da\u00a0 se\u00e7\u00e3o\u00a0 transversal,\u00a0 tra\u00e7ado\u00a0 e\u00a0 estabiliza\u00e7\u00e3o\u00a0 das margens. Apresenta-se a mem\u00f3ria de c\u00e1lculo de todos os elementos geom\u00e9tricos, bem como das\u00a0 an\u00e1lises\u00a0 de\u00a0 estabilidade. Faz-se a\u00a0 elabora\u00e7\u00e3o\u00a0 de\u00a0 todas\u00a0 as plantas necess\u00e1rias para a execu\u00e7\u00e3o da obra.<\/p>\n<p style=\"text-align: justify\"><a href=\"http:\/\/uenf.br\/cct\/leciv\/files\/2015\/11\/Camille-Almeida-Pessanha-e-Luiza-Artilles-de-Abreu-\u00c1vila.pdf\">Download aqui!<\/a><\/p>\n","protected":false},"excerpt":{"rendered":"<p>Retifica\u00e7\u00e3o do Canal Coqueiros \u2013 Trecho: Rio Para\u00edba Do Sul \/ Rua Raul Abbot Escobar\u00a0 \u00a0Orientador: \u00a0Prof. Paulo C\u00e9sar de&#8230;<\/p>\n","protected":false},"author":15,"featured_media":0,"parent":350,"menu_order":38,"comment_status":"closed","ping_status":"closed","template":"","meta":{"footnotes":""},"class_list":["post-1492","page","type-page","status-publish","hentry"],"_links":{"self":[{"href":"https:\/\/uenf.br\/cct\/leciv\/wp-json\/wp\/v2\/pages\/1492","targetHints":{"allow":["GET"]}}],"collection":[{"href":"https:\/\/uenf.br\/cct\/leciv\/wp-json\/wp\/v2\/pages"}],"about":[{"href":"https:\/\/uenf.br\/cct\/leciv\/wp-json\/wp\/v2\/types\/page"}],"author":[{"embeddable":true,"href":"https:\/\/uenf.br\/cct\/leciv\/wp-json\/wp\/v2\/users\/15"}],"replies":[{"embeddable":true,"href":"https:\/\/uenf.br\/cct\/leciv\/wp-json\/wp\/v2\/comments?post=1492"}],"version-history":[{"count":0,"href":"https:\/\/uenf.br\/cct\/leciv\/wp-json\/wp\/v2\/pages\/1492\/revisions"}],"up":[{"embeddable":true,"href":"https:\/\/uenf.br\/cct\/leciv\/wp-json\/wp\/v2\/pages\/350"}],"wp:attachment":[{"href":"https:\/\/uenf.br\/cct\/leciv\/wp-json\/wp\/v2\/media?parent=1492"}],"curies":[{"name":"wp","href":"https:\/\/api.w.org\/{rel}","templated":true}]}}