{"id":2161,"date":"2016-01-12T17:22:58","date_gmt":"2016-01-12T17:22:58","guid":{"rendered":"http:\/\/uenf.br\/cct\/leciv\/?page_id=2161"},"modified":"2016-01-12T17:25:44","modified_gmt":"2016-01-12T17:25:44","slug":"2015-2","status":"publish","type":"page","link":"https:\/\/uenf.br\/cct\/leciv\/graduacao\/projetos-finais\/2015-2\/","title":{"rendered":"2015"},"content":{"rendered":"<p><em>Orientador:<\/em> <strong>Prof. Sergio Luis Gonz\u00e1lez Garcia<\/strong><br \/>\n<em>\u00c1rea de atua\u00e7\u00e3o:<\/em>\u00a0Estruturas<br \/>\n<a href=\"http:\/\/uenf.br\/cct\/leciv\/graduacao\/igor-amaral-neves-de-nicolau-e-jefferson-guilherme-teixeira\/\">Igor Amaral Neves de Nicolau e Jefferson Guilherme Teixeira<\/a><\/p>\n<p><em>Orientador:<\/em> <strong>Prof. Paulo C\u00e9sar de Almeida Maia<\/strong><br \/>\n<em>\u00c1rea de atua\u00e7\u00e3o:<\/em>\u00a0Geotecnia<br \/>\n<a href=\"http:\/\/uenf.br\/cct\/leciv\/graduacao\/projetos-finais\/juliana-pessin\/\">Juliana Pessin<br \/>\n<\/a><a href=\"http:\/\/uenf.br\/cct\/leciv\/graduacao\/projetos-finais\/talytha-martins-fonte-boa-santos-e-thamara-martins-fonte-boa\/\">Talytha Martins Fonte Boa Santos e Thamara Martins Fonte Boa<\/a><\/p>\n","protected":false},"excerpt":{"rendered":"<p>Orientador: Prof. Sergio Luis Gonz\u00e1lez Garcia \u00c1rea de atua\u00e7\u00e3o:\u00a0Estruturas Igor Amaral Neves de Nicolau e Jefferson Guilherme Teixeira Orientador: Prof&#8230;.<\/p>\n","protected":false},"author":15,"featured_media":0,"parent":350,"menu_order":9,"comment_status":"closed","ping_status":"closed","template":"","meta":{"footnotes":""},"class_list":["post-2161","page","type-page","status-publish","hentry"],"_links":{"self":[{"href":"https:\/\/uenf.br\/cct\/leciv\/wp-json\/wp\/v2\/pages\/2161","targetHints":{"allow":["GET"]}}],"collection":[{"href":"https:\/\/uenf.br\/cct\/leciv\/wp-json\/wp\/v2\/pages"}],"about":[{"href":"https:\/\/uenf.br\/cct\/leciv\/wp-json\/wp\/v2\/types\/page"}],"author":[{"embeddable":true,"href":"https:\/\/uenf.br\/cct\/leciv\/wp-json\/wp\/v2\/users\/15"}],"replies":[{"embeddable":true,"href":"https:\/\/uenf.br\/cct\/leciv\/wp-json\/wp\/v2\/comments?post=2161"}],"version-history":[{"count":0,"href":"https:\/\/uenf.br\/cct\/leciv\/wp-json\/wp\/v2\/pages\/2161\/revisions"}],"up":[{"embeddable":true,"href":"https:\/\/uenf.br\/cct\/leciv\/wp-json\/wp\/v2\/pages\/350"}],"wp:attachment":[{"href":"https:\/\/uenf.br\/cct\/leciv\/wp-json\/wp\/v2\/media?parent=2161"}],"curies":[{"name":"wp","href":"https:\/\/api.w.org\/{rel}","templated":true}]}}