{"id":2188,"date":"2016-01-12T17:22:20","date_gmt":"2016-01-12T17:22:20","guid":{"rendered":"http:\/\/uenf.br\/cct\/leciv\/?page_id=2188"},"modified":"2016-01-12T17:24:50","modified_gmt":"2016-01-12T17:24:50","slug":"2012-2","status":"publish","type":"page","link":"https:\/\/uenf.br\/cct\/leciv\/graduacao\/projetos-finais\/2012-2\/","title":{"rendered":"2012"},"content":{"rendered":"<p><em>Orientador:<\/em> <strong>Prof. Paulo C\u00e9sar de Almeida Maia<\/strong><br \/>\n<em>\u00c1rea de atua\u00e7\u00e3o:<\/em>\u00a0Geotecnia<br \/>\n<a href=\"http:\/\/uenf.br\/cct\/leciv\/graduacao\/projetos-finais\/cassio-rodrigues-pinto-e-larissa-machado-altoe\/\">C\u00e1ssio Rodrigues Pinto e Larissa Machado Alto\u00e9<br \/>\n<\/a><a href=\"http:\/\/uenf.br\/cct\/leciv\/graduacao\/projetos-finais\/perene-luiz-matias-filho\/\">Perene Luiz Matias Filho<br \/>\n<\/a><a href=\"http:\/\/uenf.br\/cct\/leciv\/graduacao\/projetos-finais\/rafael-martins-de-carvalho-e-raquel-milina-de-moraes-bezerra\/\">Rafael Martins de Carvalho e Raquel Milina de Moraes Bezerra<\/a><\/p>\n<p><em>Orientador:<\/em> <strong>Prof. Fernando Saboya Albuquerque Jr.<\/strong><br \/>\n<em>\u00c1rea de atua\u00e7\u00e3o:<\/em>\u00a0Geotecnia<br \/>\n<a href=\"http:\/\/uenf.br\/cct\/leciv\/graduacao\/projetos-finais\/guilherme-mosso-de-azevedo-caldas-e-murilo-gomes-goncalves\/\">Guilherme M\u00f3sso de Azevedo Caldas e Murilo Gomes Gon\u00e7alves<br \/>\n<\/a><a href=\"http:\/\/uenf.br\/cct\/leciv\/graduacao\/projetos-finais\/greisson-peixoto-rangel\/\">Greisson Peixoto Rangel<\/a><\/p>\n<p><em>Orientador:<\/em> <strong>Prof. Sergio Luis Gonz\u00e1lez Garcia<\/strong><br \/>\n<em>\u00c1rea de atua\u00e7\u00e3o:<\/em>\u00a0Estruturas<br \/>\n<a href=\"http:\/\/uenf.br\/cct\/leciv\/graduacao\/projetos-finais\/rodolfo-goncalves-da-silva\/\">Rodolfo Gon\u00e7alves da Silva<\/a><\/p>\n<p><em>Orientador:<\/em> <strong>Prof. Dylmar Penteado Dias<\/strong><br \/>\n<em>\u00c1rea de atua\u00e7\u00e3o:<\/em>\u00a0Estruturas<br \/>\n<a href=\"http:\/\/uenf.br\/cct\/leciv\/graduacao\/projetos-finais\/percy-tavares-rangel\/\">Percy Tavares Rangel<\/a><\/p>\n","protected":false},"excerpt":{"rendered":"<p>Orientador: Prof. Paulo C\u00e9sar de Almeida Maia \u00c1rea de atua\u00e7\u00e3o:\u00a0Geotecnia C\u00e1ssio Rodrigues Pinto e Larissa Machado Alto\u00e9 Perene Luiz Matias&#8230;<\/p>\n","protected":false},"author":15,"featured_media":0,"parent":350,"menu_order":6,"comment_status":"closed","ping_status":"closed","template":"","meta":{"footnotes":""},"class_list":["post-2188","page","type-page","status-publish","hentry"],"_links":{"self":[{"href":"https:\/\/uenf.br\/cct\/leciv\/wp-json\/wp\/v2\/pages\/2188","targetHints":{"allow":["GET"]}}],"collection":[{"href":"https:\/\/uenf.br\/cct\/leciv\/wp-json\/wp\/v2\/pages"}],"about":[{"href":"https:\/\/uenf.br\/cct\/leciv\/wp-json\/wp\/v2\/types\/page"}],"author":[{"embeddable":true,"href":"https:\/\/uenf.br\/cct\/leciv\/wp-json\/wp\/v2\/users\/15"}],"replies":[{"embeddable":true,"href":"https:\/\/uenf.br\/cct\/leciv\/wp-json\/wp\/v2\/comments?post=2188"}],"version-history":[{"count":0,"href":"https:\/\/uenf.br\/cct\/leciv\/wp-json\/wp\/v2\/pages\/2188\/revisions"}],"up":[{"embeddable":true,"href":"https:\/\/uenf.br\/cct\/leciv\/wp-json\/wp\/v2\/pages\/350"}],"wp:attachment":[{"href":"https:\/\/uenf.br\/cct\/leciv\/wp-json\/wp\/v2\/media?parent=2188"}],"curies":[{"name":"wp","href":"https:\/\/api.w.org\/{rel}","templated":true}]}}