{"id":2451,"date":"2016-03-02T21:19:53","date_gmt":"2016-03-02T21:19:53","guid":{"rendered":"http:\/\/uenf.br\/cct\/leciv\/?page_id=2451"},"modified":"2016-03-02T21:42:58","modified_gmt":"2016-03-02T21:42:58","slug":"materiais-ceramicos","status":"publish","type":"page","link":"https:\/\/uenf.br\/cct\/leciv\/pos-graduacao\/oficinas-de-ensino-e-pesquisa\/oficina-de-degradacao\/pesquisas-desenvolvidas\/materiais-ceramicos\/","title":{"rendered":"Materiais Cer\u00e2micos"},"content":{"rendered":"<p style=\"text-align: justify\">A cer\u00e2mica \u00e9 tradicionalmente definida como materiais n\u00e3o met\u00e1licos, inorg\u00e2nicos, constitu\u00edda basicamente de materiais argilosos. Os materiais argilosos s\u00e3o unidades estruturais simples e se diferenciam uns dos outros pela diferente rela\u00e7\u00e3o entre s\u00edlica e alumina, pela quantidade de \u00e1gua de constitui\u00e7\u00e3o e pela sua estrutura.<br \/>\nA cer\u00e2mica, ap\u00f3s calcina\u00e7\u00e3o em altas temperaturas, apresenta-se inteira ou parcialmente cristalizada. A cristaliza\u00e7\u00e3o confere ao material cer\u00e2mico importantes propriedades, tais como: resist\u00eancia ao ataque de produtos qu\u00edmicos, resist\u00eancia \u00e0 tra\u00e7\u00e3o e a compress\u00e3o e dureza.<br \/>\nDeste modo, devido aos procedimentos de fabrica\u00e7\u00e3o e \u00e0s caracter\u00edsticas da mat\u00e9ria-prima, os materiais cer\u00e2micos podem ser afetados significativamente pelos agentes de degrada\u00e7\u00e3o o que ocasiona frequentes problemas construtivos.<br \/>\nOs materiais foco de pesquisa s\u00e3o fundamentalmente tijolo e telhas. Foco especial \u00e9 dado em produtos com incorpora\u00e7\u00e3o de res\u00edduos. As pesquisas desenvolvidas sobre aspectos de durabilidade de materiais cer\u00e2micos s\u00e3o:<\/p>\n<p><strong>Teses de Doutorado<br \/>\n<\/strong>1 &#8211; Gustavo de Castro Xavier. Resistencia, Alterabilidade e Durabilidade de Pe\u00e7as Cer\u00e2micas Incorporadas com Res\u00edduos de Granito. 2006.<\/p>\n<p><strong>Disserta\u00e7\u00f5es de Mestrado<br \/>\n<\/strong>1 &#8211; Felipe Fraga de Almeida. Avalia\u00e7\u00e3o dos Procedimentos Convencionais e N\u00e3o-convencionais de Laborat\u00f3rio para Determina\u00e7\u00e3o de Comportamento Mec\u00e2nico e de Durabilidade de Materiais Cer\u00e2micos. 2012.<br \/>\n2 &#8211; Najla de Oliveira Vicente. Avalia\u00e7\u00e3o da deformabilidade de enrocamentos devido a processos de degrada\u00e7\u00e3o. 2008.<\/p>\n<p><strong>Inicia\u00e7\u00e3o Cient\u00edfica<\/strong><br \/>\n1 &#8211; Bruno Magno Gomes Ramos. Avalia\u00e7\u00e3o da forma de part\u00edculas no slake durabiliity test para avalia\u00e7\u00e3o da durabilidade de materais cer\u00e2micos. 2005.<br \/>\n2 &#8211; Aline Dias Pinheiro. Avalia\u00e7\u00e3o da alterabilidade de materiais de cer\u00e2micos. 2003.<br \/>\n3 &#8211; Raquel Ofrante Salles. Avalia\u00e7\u00e3o da alterabilidade de rochas ornamentais. 2003.<br \/>\n4 &#8211; Mirian Torp da Silva. Avalia\u00e7\u00e3o da Durabilidade de Solo-Cimento atrav\u00e9s do Ensaio Slake Durability. 2003.<br \/>\n5 &#8211; Bruno Magno Gomes Ramos. Avalia\u00e7\u00e3o do Desgaste para Previs\u00e3o da Durabilidade de Cer\u00e2micas Vermelhas. 2002.<\/p>\n","protected":false},"excerpt":{"rendered":"<p>A cer\u00e2mica \u00e9 tradicionalmente definida como materiais n\u00e3o met\u00e1licos, inorg\u00e2nicos, constitu\u00edda basicamente de materiais argilosos. Os materiais argilosos s\u00e3o unidades&#8230;<\/p>\n","protected":false},"author":15,"featured_media":0,"parent":2436,"menu_order":3,"comment_status":"closed","ping_status":"closed","template":"","meta":{"footnotes":""},"class_list":["post-2451","page","type-page","status-publish","hentry"],"_links":{"self":[{"href":"https:\/\/uenf.br\/cct\/leciv\/wp-json\/wp\/v2\/pages\/2451","targetHints":{"allow":["GET"]}}],"collection":[{"href":"https:\/\/uenf.br\/cct\/leciv\/wp-json\/wp\/v2\/pages"}],"about":[{"href":"https:\/\/uenf.br\/cct\/leciv\/wp-json\/wp\/v2\/types\/page"}],"author":[{"embeddable":true,"href":"https:\/\/uenf.br\/cct\/leciv\/wp-json\/wp\/v2\/users\/15"}],"replies":[{"embeddable":true,"href":"https:\/\/uenf.br\/cct\/leciv\/wp-json\/wp\/v2\/comments?post=2451"}],"version-history":[{"count":0,"href":"https:\/\/uenf.br\/cct\/leciv\/wp-json\/wp\/v2\/pages\/2451\/revisions"}],"up":[{"embeddable":true,"href":"https:\/\/uenf.br\/cct\/leciv\/wp-json\/wp\/v2\/pages\/2436"}],"wp:attachment":[{"href":"https:\/\/uenf.br\/cct\/leciv\/wp-json\/wp\/v2\/media?parent=2451"}],"curies":[{"name":"wp","href":"https:\/\/api.w.org\/{rel}","templated":true}]}}