{"id":2814,"date":"2016-07-19T14:14:02","date_gmt":"2016-07-19T14:14:02","guid":{"rendered":"http:\/\/uenf.br\/cct\/leciv\/?page_id=2814"},"modified":"2016-07-22T13:00:39","modified_gmt":"2016-07-22T13:00:39","slug":"16-eenge-encontro-de-engenharias-da-uenf","status":"publish","type":"page","link":"https:\/\/uenf.br\/cct\/leciv\/graduacao\/16-eenge-encontro-de-engenharias-da-uenf\/","title":{"rendered":"16\u00b0 EENGE &#8211;  Encontro de Engenharias da UENF"},"content":{"rendered":"<p class=\"font_8\" style=\"text-align: justify\"><strong>16\u00ba EENGE &#8211; Encontro de Engenharias da UENF<\/strong><\/p>\n<p>De 03 a 06 de novembro de 2015 &#8211; Centro de Conven\u00e7\u00f5es da UENF<\/p>\n<p class=\"font_8\" style=\"text-align: justify\">O maior evento de engenharia da regi\u00e3o Norte Fluminense, marcou uma semana de palestras, minicursos e troca de conhecimentos entre estudantes de engenharia civil, arquitetura, estradas e edifica\u00e7\u00f5es, professores e engenheiros.<br \/>\nO EENGE \u00e9 um evento sem fins lucrativos, organizado pelos graduandos em engenharia civil da UENF e \u00e9 financiado exclusivamente por empresas do ramo.<\/p>\n<p class=\"font_8\" style=\"text-align: justify\">Programa\u00e7\u00e3o:<\/p>\n<ul>\n<li class=\"font_8\" style=\"text-align: justify\">Palestra Huesker &#8211; Thiago Ordonho Ara\u00fajo<\/li>\n<li class=\"font_8\" style=\"text-align: justify\">Palestra DeWalt &#8211; Sandro Santuchi Lima &#8211; Equipamentos para a Constru\u00e7\u00e3o Civil<\/li>\n<li class=\"font_8\" style=\"text-align: justify\">Paletra Keller Engenharia &#8211; Michelle Machado &#8211; DSM \u2013 Deep Soil Mixing<\/li>\n<li class=\"font_8\" style=\"text-align: justify\">Palestra &#8211; S\u00e9rgio Rafael &#8211; Produ\u00e7\u00e3o de Tijolo Ecol\u00f3gico Modular de Papel Recicl\u00e1vel<\/li>\n<li class=\"font_8\" style=\"text-align: justify\">Palestra Maccaferri &#8211; Fernando Xavier Pereira &#8211; Solu\u00e7\u00f5es Sobre Geotecnia<\/li>\n<li class=\"font_8\" style=\"text-align: justify\">Palestra &#8211; Wendell Dias e Guilherme Dumas &#8211; Constru\u00e7\u00f5es em Light Steel Frame<\/li>\n<li class=\"font_8\" style=\"text-align: justify\">Palestra &#8211; Guilherme Geaquinto &#8211; Escava\u00e7\u00e3o de T\u00faneis em Rocha<\/li>\n<li class=\"font_8\" style=\"text-align: justify\">Palestra Modulus &#8211; Reynaldo Luiz de Rosa &#8211; Ensaio de Carregamento Din\u00e2mico<\/li>\n<li class=\"font_8\" style=\"text-align: justify\">Palestra Nacional Funda\u00e7\u00f5es &#8211; Gleison H. da Silva e Jorge Omar Pinto &#8211; Funda\u00e7\u00f5es em H\u00e9lice Cont\u00ednua Monitorada<\/li>\n<li class=\"font_8\" style=\"text-align: justify\">Palestra &#8211; Guilherme Geaquinto &#8211; Constru\u00e7\u00e3o de Parque E\u00f3lico<\/li>\n<li class=\"font_8\" style=\"text-align: justify\">Visitas T\u00e9cnicas:Cer\u00e2mica Sardinha, Concresul, MRV, Ponte S\u00e3o Jo\u00e3o da Barra\/S\u00e3o Francisco, Alphaville Rio Costa do Sol<\/li>\n<li class=\"font_8\" style=\"text-align: justify\">Minicursos: Autocad, Excel, Eberick, Ftool, Revit, Sketchup<\/li>\n<li class=\"font_8\" style=\"text-align: justify\">Desafio de Engenharia<\/li>\n<li class=\"font_8\" style=\"text-align: justify\">Coffee Break Chicre Cheme<\/li>\n<\/ul>\n<p>Em n\u00fameros, este evento se resumiu em:<br \/>\n&#8211; 130 congressistas;<br \/>\n&#8211; 21 profissionais envolvidos em palestras, minicursos e mesa redonda;<br \/>\n&#8211; 7 Institui\u00e7\u00f5es de ensino: Universidade Estadual do Norte Fluminense, Instituto Federal Fluminense, Universidade Est\u00e1cio de S\u00e1, Faculdade Universo, Universidade C\u00e2ndido Mendes, ISECENSA, Faculdade Redentor;<br \/>\n&#8211; 11 empresas parceiras: Modulus Engenharia, Huesker, FCC Tarrio, Redecon, Casa do Construtor, Keller Engenharia, MSGeo, DeWalt, Queiroz Galv\u00e3o, DeColores e Maccaferri;<br \/>\n&#8211; 11 palestras;<br \/>\n&#8211; 4 horas de minicursos;<br \/>\n&#8211; 4 horas de visitas t\u00e9cnicas;<br \/>\n&#8211; 3 horas de desafio de engenharia;<br \/>\n&#8211; 2 horas de mesa redonda<\/p>\n<p>&nbsp;<\/p>\n<div id=\"attachment_1675\" style=\"width: 205px\" class=\"wp-caption alignleft\"><a href=\"http:\/\/uenf.br\/cct\/leciv\/files\/2014\/12\/DSC07904.jpg\"><img loading=\"lazy\" decoding=\"async\" aria-describedby=\"caption-attachment-1675\" class=\" wp-image-1675\" src=\"http:\/\/uenf.br\/cct\/leciv\/files\/2014\/12\/DSC07904.jpg\" alt=\"Comiss\u00e3o Organizadora\" width=\"195\" height=\"146\" \/><\/a><p id=\"caption-attachment-1675\" class=\"wp-caption-text\">Comiss\u00e3o Organizadora<\/p><\/div>\n<div id=\"attachment_1669\" style=\"width: 208px\" class=\"wp-caption alignleft\"><a href=\"http:\/\/uenf.br\/cct\/leciv\/files\/2014\/12\/DSC07770.jpg\"><img loading=\"lazy\" decoding=\"async\" aria-describedby=\"caption-attachment-1669\" class=\" wp-image-1669\" src=\"http:\/\/uenf.br\/cct\/leciv\/files\/2014\/12\/DSC07770.jpg\" alt=\"Organizadores\" width=\"198\" height=\"148\" \/><\/a><p id=\"caption-attachment-1669\" class=\"wp-caption-text\">Organizadores<\/p><\/div>\n<div id=\"attachment_1764\" style=\"width: 213px\" class=\"wp-caption alignleft\"><a href=\"http:\/\/uenf.br\/cct\/leciv\/files\/2014\/12\/DSC07686.jpg\"><img loading=\"lazy\" decoding=\"async\" aria-describedby=\"caption-attachment-1764\" class=\" wp-image-1764\" src=\"http:\/\/uenf.br\/cct\/leciv\/files\/2014\/12\/DSC07686.jpg\" alt=\"Palestrantes\" width=\"203\" height=\"152\" \/><\/a><p id=\"caption-attachment-1764\" class=\"wp-caption-text\">Palestrantes<\/p><\/div>\n<p>&nbsp;<\/p>\n<p>&nbsp;<\/p>\n<p>&nbsp;<\/p>\n<p>&nbsp;<\/p>\n<p>&nbsp;<\/p>\n<div id=\"attachment_1670\" style=\"width: 207px\" class=\"wp-caption alignleft\"><a href=\"http:\/\/uenf.br\/cct\/leciv\/files\/2014\/12\/DSC07641.jpg\"><img loading=\"lazy\" decoding=\"async\" aria-describedby=\"caption-attachment-1670\" class=\" wp-image-1670\" src=\"http:\/\/uenf.br\/cct\/leciv\/files\/2014\/12\/DSC07641.jpg\" alt=\"Mesa Redonda\" width=\"197\" height=\"148\" \/><\/a><p id=\"caption-attachment-1670\" class=\"wp-caption-text\">Mesa Redonda<\/p><\/div>\n<div id=\"attachment_1671\" style=\"width: 208px\" class=\"wp-caption alignleft\"><a href=\"http:\/\/uenf.br\/cct\/leciv\/files\/2014\/12\/DSC08003.jpg\"><img loading=\"lazy\" decoding=\"async\" aria-describedby=\"caption-attachment-1671\" class=\" wp-image-1671\" src=\"http:\/\/uenf.br\/cct\/leciv\/files\/2014\/12\/DSC08003.jpg\" alt=\"Desafio\" width=\"198\" height=\"149\" \/><\/a><p id=\"caption-attachment-1671\" class=\"wp-caption-text\">Desafio<\/p><\/div>\n<div id=\"attachment_1776\" style=\"width: 211px\" class=\"wp-caption alignleft\"><a href=\"http:\/\/uenf.br\/cct\/leciv\/files\/2014\/12\/DSC07529.jpg\"><img loading=\"lazy\" decoding=\"async\" aria-describedby=\"caption-attachment-1776\" class=\" wp-image-1776\" src=\"http:\/\/uenf.br\/cct\/leciv\/files\/2014\/12\/DSC07529.jpg\" alt=\"Professores e alunos prestigiando o evento.\" width=\"201\" height=\"151\" \/><\/a><p id=\"caption-attachment-1776\" class=\"wp-caption-text\">Professores e alunos prestigiando o evento.<\/p><\/div>\n<p>&nbsp;<\/p>\n<p>&nbsp;<\/p>\n<p>&nbsp;<\/p>\n<p>&nbsp;<\/p>\n<p>&nbsp;<\/p>\n<p>&nbsp;<\/p>\n<div id=\"attachment_1768\" style=\"width: 208px\" class=\"wp-caption alignleft\"><a href=\"http:\/\/uenf.br\/cct\/leciv\/files\/2014\/12\/DSC07687.jpg\"><img loading=\"lazy\" decoding=\"async\" aria-describedby=\"caption-attachment-1768\" class=\" wp-image-1768\" src=\"http:\/\/uenf.br\/cct\/leciv\/files\/2014\/12\/DSC07687.jpg\" alt=\"Visita T\u00e9cnica Concresul\" width=\"198\" height=\"149\" \/><\/a><p id=\"caption-attachment-1768\" class=\"wp-caption-text\">Visita T\u00e9cnica Concresul<\/p><\/div>\n<div id=\"attachment_1761\" style=\"width: 207px\" class=\"wp-caption alignleft\"><a href=\"http:\/\/uenf.br\/cct\/leciv\/files\/2014\/12\/DSC07672.jpg\"><img loading=\"lazy\" decoding=\"async\" aria-describedby=\"caption-attachment-1761\" class=\" wp-image-1761\" src=\"http:\/\/uenf.br\/cct\/leciv\/files\/2014\/12\/DSC07672.jpg\" alt=\"Int\u00e9rprete em Libras\" width=\"197\" height=\"148\" \/><\/a><p id=\"caption-attachment-1761\" class=\"wp-caption-text\">Int\u00e9rprete em Libras<\/p><\/div>\n<div id=\"attachment_1766\" style=\"width: 207px\" class=\"wp-caption alignleft\"><a href=\"http:\/\/uenf.br\/cct\/leciv\/files\/2014\/12\/DSC07587.jpg\"><img loading=\"lazy\" decoding=\"async\" aria-describedby=\"caption-attachment-1766\" class=\" wp-image-1766\" src=\"http:\/\/uenf.br\/cct\/leciv\/files\/2014\/12\/DSC07587.jpg\" alt=\"Coffee Break\" width=\"197\" height=\"148\" \/><\/a><p id=\"caption-attachment-1766\" class=\"wp-caption-text\">Coffee Break<\/p><\/div>\n<p>&nbsp;<\/p>\n<p>&nbsp;<\/p>\n<p>&nbsp;<\/p>\n<p>&nbsp;<\/p>\n<div class=\"mceTemp\"><\/div>\n","protected":false},"excerpt":{"rendered":"<p>16\u00ba EENGE &#8211; Encontro de Engenharias da UENF De 03 a 06 de novembro de 2015 &#8211; Centro de Conven\u00e7\u00f5es&#8230;<\/p>\n","protected":false},"author":15,"featured_media":0,"parent":33,"menu_order":7,"comment_status":"closed","ping_status":"closed","template":"","meta":{"footnotes":""},"class_list":["post-2814","page","type-page","status-publish","hentry"],"_links":{"self":[{"href":"https:\/\/uenf.br\/cct\/leciv\/wp-json\/wp\/v2\/pages\/2814","targetHints":{"allow":["GET"]}}],"collection":[{"href":"https:\/\/uenf.br\/cct\/leciv\/wp-json\/wp\/v2\/pages"}],"about":[{"href":"https:\/\/uenf.br\/cct\/leciv\/wp-json\/wp\/v2\/types\/page"}],"author":[{"embeddable":true,"href":"https:\/\/uenf.br\/cct\/leciv\/wp-json\/wp\/v2\/users\/15"}],"replies":[{"embeddable":true,"href":"https:\/\/uenf.br\/cct\/leciv\/wp-json\/wp\/v2\/comments?post=2814"}],"version-history":[{"count":0,"href":"https:\/\/uenf.br\/cct\/leciv\/wp-json\/wp\/v2\/pages\/2814\/revisions"}],"up":[{"embeddable":true,"href":"https:\/\/uenf.br\/cct\/leciv\/wp-json\/wp\/v2\/pages\/33"}],"wp:attachment":[{"href":"https:\/\/uenf.br\/cct\/leciv\/wp-json\/wp\/v2\/media?parent=2814"}],"curies":[{"name":"wp","href":"https:\/\/api.w.org\/{rel}","templated":true}]}}