{"id":304,"date":"2014-12-15T11:43:49","date_gmt":"2014-12-15T11:43:49","guid":{"rendered":"http:\/\/uenf.br\/cct\/leciv\/?page_id=304"},"modified":"2015-11-13T19:31:52","modified_gmt":"2015-11-13T19:31:52","slug":"augusto-antunes-dos-santos-2","status":"publish","type":"page","link":"https:\/\/uenf.br\/cct\/leciv\/graduacao\/projetos-de-iniciacao-cientifica\/augusto-antunes-dos-santos-2\/","title":{"rendered":"Augusto Antunes dos Santos"},"content":{"rendered":"<p><strong>Analise Estrutural utilizando: modelos est\u00e1tico e din\u00e2mico<\/strong><\/p>\n<p><em>Professor:<\/em> Gines Arturo Santos Falcon<br \/>\n<em>Resumo:<\/em> Este projeto se insere no Projeto de desenvolvimento de um Ambiente Computacional para Otimiza\u00e7\u00e3o Estrutural no LECIV\/Estruturas. O mesmo consiste no desenvolvimento de tr\u00eas m\u00f3dulos computacionais independentes entre si: An\u00e1lise Estrutural, An\u00e1lise de Sensibilidade e Algoritmo de Otimiza\u00e7\u00e3o.<br \/>\nNeste contexto, o presente projeto dedica-se ao m\u00f3dulo de An\u00e1lise Estrutural dada sua import\u00e2ncia e relev\u00e2ncia no projeto \u00f3timo, uma vez que a efici\u00eancia e precis\u00e3o deste m\u00f3dulo influenciam fortemente nos resultados finais obtidos.<br \/>\nCom o avan\u00e7o crescente da tecnologia dos computadores pessoais \u2013 cada vez mais r\u00e1pidos e de maior capacidade de armazenamento de dados \u2013 e dos softwares comerciais dispon\u00edveis no mercado \u00e9 de enorme import\u00e2ncia o conhecimento e dom\u00ednio destes, obtendo-se solu\u00e7\u00f5es cada vez mais precisas e mais pr\u00f3ximas das situa\u00e7\u00f5es reais.<br \/>\nAssim, no projeto v\u00eam sendo realizados estudos te\u00f3ricos sobre fundamentos e t\u00e9cnicas de an\u00e1lise estrutural mediante uma abordagem introdut\u00f3ria ao M\u00e9todo dos Elementos Finitos. Paralelamente s\u00e3o realizadas aplica\u00e7\u00f5es destas t\u00e9cnicas utilizando-se o software para An\u00e1lise e Projeto Estrutural ANSYS e o ambiente computacional MATLAB.<br \/>\nCom particular \u00eanfase s\u00e3o estudadas as t\u00e9cnicas de an\u00e1lise estrutural est\u00e1tica e din\u00e2mica. A an\u00e1lise estrutural est\u00e1tica destina-se ao estudo das estruturas sem levar em considera\u00e7\u00f5es as mudan\u00e7as ao longo do tempo, ou seja, \u00e9 um modelo simplificado para os casos reais, por\u00e9m com grande aplica\u00e7\u00e3o pr\u00e1tica, podendo ser obtidos resultados como deforma\u00e7\u00f5es e esfor\u00e7os nos elementos. De outra forma, a an\u00e1lise din\u00e2mica aproxima-se mais da realidade, pois s\u00e3o consideradas as varia\u00e7\u00f5es sofridas pela estrutura ao longo do tempo, como cargas c\u00edclicas, vibra\u00e7\u00f5es, fadiga do material, etc.<br \/>\nA an\u00e1lise computacional em ambos os casos se d\u00e1 de forma parecida. Para a an\u00e1lise de estruturas no ANSYS, deve-se gerar um arquivo de entrada de dados contendo as informa\u00e7\u00f5es geom\u00e9tricas da estrutura, propriedades dos elementos, condi\u00e7\u00f5es de contorno e o tipo de an\u00e1lise a ser feita (est\u00e1tica ou din\u00e2mica) e em seguida obt\u00e9m-se as solu\u00e7\u00f5es. Adicionalmente, na an\u00e1lise din\u00e2mica utilizam-se dados como densidade do material e a freq\u00fc\u00eancia e amplitude das solicita\u00e7\u00f5es.<br \/>\nA etapa final do projeto consiste numa compara\u00e7\u00e3o qualitativa e quantitativa entre os modelos de an\u00e1lise estrutural est\u00e1tica e din\u00e2mica.<\/p>\n","protected":false},"excerpt":{"rendered":"<p>Analise Estrutural utilizando: modelos est\u00e1tico e din\u00e2mico Professor: Gines Arturo Santos Falcon Resumo: Este projeto se insere no Projeto de&#8230;<\/p>\n","protected":false},"author":8,"featured_media":0,"parent":274,"menu_order":14,"comment_status":"open","ping_status":"open","template":"","meta":{"footnotes":""},"class_list":["post-304","page","type-page","status-publish","hentry"],"_links":{"self":[{"href":"https:\/\/uenf.br\/cct\/leciv\/wp-json\/wp\/v2\/pages\/304","targetHints":{"allow":["GET"]}}],"collection":[{"href":"https:\/\/uenf.br\/cct\/leciv\/wp-json\/wp\/v2\/pages"}],"about":[{"href":"https:\/\/uenf.br\/cct\/leciv\/wp-json\/wp\/v2\/types\/page"}],"author":[{"embeddable":true,"href":"https:\/\/uenf.br\/cct\/leciv\/wp-json\/wp\/v2\/users\/8"}],"replies":[{"embeddable":true,"href":"https:\/\/uenf.br\/cct\/leciv\/wp-json\/wp\/v2\/comments?post=304"}],"version-history":[{"count":0,"href":"https:\/\/uenf.br\/cct\/leciv\/wp-json\/wp\/v2\/pages\/304\/revisions"}],"up":[{"embeddable":true,"href":"https:\/\/uenf.br\/cct\/leciv\/wp-json\/wp\/v2\/pages\/274"}],"wp:attachment":[{"href":"https:\/\/uenf.br\/cct\/leciv\/wp-json\/wp\/v2\/media?parent=304"}],"curies":[{"name":"wp","href":"https:\/\/api.w.org\/{rel}","templated":true}]}}