{"id":310,"date":"2014-12-15T11:46:33","date_gmt":"2014-12-15T11:46:33","guid":{"rendered":"http:\/\/uenf.br\/cct\/leciv\/?page_id=310"},"modified":"2015-11-13T19:33:36","modified_gmt":"2015-11-13T19:33:36","slug":"maikon-caetano-ramos-pessanha","status":"publish","type":"page","link":"https:\/\/uenf.br\/cct\/leciv\/graduacao\/projetos-de-iniciacao-cientifica\/maikon-caetano-ramos-pessanha\/","title":{"rendered":"Maikon Caetano Ramos Pessanha"},"content":{"rendered":"<div id=\"materiaPrincipal\">\n<p align=\"justify\"><strong>Ativa\u00e7\u00e3o Alcalina de Res\u00edduos Industriais para a Obten\u00e7\u00e3o de Aglomerantes para a Constru\u00e7\u00e3o Civil<br \/>\n<\/strong><br \/>\n<em>Professor:<\/em> Dylmar Penteado Dias<br \/>\n<em>Resumo:<\/em> O principal objetivo deste projeto de pesquisa \u00e9 o desenvolvimento e a forma\u00e7\u00e3o uma rede de conhecimento sobre a obten\u00e7\u00e3o de aglomerantes a partir da ativa\u00e7\u00e3o alcalina de res\u00edduos industriais (esc\u00f3rias \u00e1cidas das usinas sider\u00fargicas, cinzas de termel\u00e9tricas e rejeitos do craqueamento do petr\u00f3leo). Para tanto ser\u00e1 realizado um programa experimental para a caracteriza\u00e7\u00e3o de certas propriedades mec\u00e2nicas (resist\u00eancias \u00e0 compress\u00e3o axial e \u00e0 tra\u00e7\u00e3o por compress\u00e3o diametral) de argamassas fabricadas a partir de res\u00edduos industriais \u00e1lcali-ativados.<\/p>\n<\/div>\n","protected":false},"excerpt":{"rendered":"<p>Ativa\u00e7\u00e3o Alcalina de Res\u00edduos Industriais para a Obten\u00e7\u00e3o de Aglomerantes para a Constru\u00e7\u00e3o Civil Professor: Dylmar Penteado Dias Resumo: O&#8230;<\/p>\n","protected":false},"author":8,"featured_media":0,"parent":274,"menu_order":17,"comment_status":"open","ping_status":"open","template":"","meta":{"footnotes":""},"class_list":["post-310","page","type-page","status-publish","hentry"],"_links":{"self":[{"href":"https:\/\/uenf.br\/cct\/leciv\/wp-json\/wp\/v2\/pages\/310","targetHints":{"allow":["GET"]}}],"collection":[{"href":"https:\/\/uenf.br\/cct\/leciv\/wp-json\/wp\/v2\/pages"}],"about":[{"href":"https:\/\/uenf.br\/cct\/leciv\/wp-json\/wp\/v2\/types\/page"}],"author":[{"embeddable":true,"href":"https:\/\/uenf.br\/cct\/leciv\/wp-json\/wp\/v2\/users\/8"}],"replies":[{"embeddable":true,"href":"https:\/\/uenf.br\/cct\/leciv\/wp-json\/wp\/v2\/comments?post=310"}],"version-history":[{"count":0,"href":"https:\/\/uenf.br\/cct\/leciv\/wp-json\/wp\/v2\/pages\/310\/revisions"}],"up":[{"embeddable":true,"href":"https:\/\/uenf.br\/cct\/leciv\/wp-json\/wp\/v2\/pages\/274"}],"wp:attachment":[{"href":"https:\/\/uenf.br\/cct\/leciv\/wp-json\/wp\/v2\/media?parent=310"}],"curies":[{"name":"wp","href":"https:\/\/api.w.org\/{rel}","templated":true}]}}