{"id":320,"date":"2014-12-15T11:48:42","date_gmt":"2014-12-15T11:48:42","guid":{"rendered":"http:\/\/uenf.br\/cct\/leciv\/?page_id=320"},"modified":"2015-11-13T19:40:46","modified_gmt":"2015-11-13T19:40:46","slug":"leandro-rosa-barbosa","status":"publish","type":"page","link":"https:\/\/uenf.br\/cct\/leciv\/graduacao\/projetos-de-iniciacao-cientifica\/leandro-rosa-barbosa\/","title":{"rendered":"Leandro Rosa Barbosa"},"content":{"rendered":"<p><strong>Estudo da Adi\u00e7\u00e3o de Agalmatolito em Concretos de Cimentos Portland e Geopolim\u00e9rico<br \/>\n<\/strong><br \/>\n<em>Professor: <\/em>Dylmar Penteado Dias<br \/>\n<em>Resumo: <\/em>A utiliza\u00e7\u00e3o do concreto \u00e9 uma pr\u00e1tica bastante empregada na execu\u00e7\u00e3o de estruturas no setor da constru\u00e7\u00e3o civil, tornando-se imprescind\u00edveis estudos que possam melhorar o desempenho desse material.<br \/>\nCom isso, a presente pesquisa visa estudar a adi\u00e7\u00e3o de carga mineral inerte (agalmatolito) em diferentes fra\u00e7\u00f5es volum\u00e9tricas em matrizes \u00e0 base de cimentos Portland e geopolim\u00e9rico, na tentativa de reduzir a porosidade de pe\u00e7as estruturais de concreto e, conseq\u00fcentemente, proporcionar aumento de resist\u00eancia mec\u00e2nica. Assim, est\u00e1 sendo realizado um programa experimental para a determina\u00e7\u00e3o de tr\u00eas propriedades mec\u00e2nicas principais: resist\u00eancia \u00e0 compress\u00e3o axial, resist\u00eancia \u00e0 tra\u00e7\u00e3o por compress\u00e3o diametral e resist\u00eancia \u00e0 tra\u00e7\u00e3o na flex\u00e3o<\/p>\n","protected":false},"excerpt":{"rendered":"<p>Estudo da Adi\u00e7\u00e3o de Agalmatolito em Concretos de Cimentos Portland e Geopolim\u00e9rico Professor: Dylmar Penteado Dias Resumo: A utiliza\u00e7\u00e3o do&#8230;<\/p>\n","protected":false},"author":8,"featured_media":0,"parent":274,"menu_order":22,"comment_status":"open","ping_status":"open","template":"","meta":{"footnotes":""},"class_list":["post-320","page","type-page","status-publish","hentry"],"_links":{"self":[{"href":"https:\/\/uenf.br\/cct\/leciv\/wp-json\/wp\/v2\/pages\/320","targetHints":{"allow":["GET"]}}],"collection":[{"href":"https:\/\/uenf.br\/cct\/leciv\/wp-json\/wp\/v2\/pages"}],"about":[{"href":"https:\/\/uenf.br\/cct\/leciv\/wp-json\/wp\/v2\/types\/page"}],"author":[{"embeddable":true,"href":"https:\/\/uenf.br\/cct\/leciv\/wp-json\/wp\/v2\/users\/8"}],"replies":[{"embeddable":true,"href":"https:\/\/uenf.br\/cct\/leciv\/wp-json\/wp\/v2\/comments?post=320"}],"version-history":[{"count":0,"href":"https:\/\/uenf.br\/cct\/leciv\/wp-json\/wp\/v2\/pages\/320\/revisions"}],"up":[{"embeddable":true,"href":"https:\/\/uenf.br\/cct\/leciv\/wp-json\/wp\/v2\/pages\/274"}],"wp:attachment":[{"href":"https:\/\/uenf.br\/cct\/leciv\/wp-json\/wp\/v2\/media?parent=320"}],"curies":[{"name":"wp","href":"https:\/\/api.w.org\/{rel}","templated":true}]}}