{"id":334,"date":"2014-12-15T11:52:21","date_gmt":"2014-12-15T11:52:21","guid":{"rendered":"http:\/\/uenf.br\/cct\/leciv\/?page_id=334"},"modified":"2015-11-16T19:21:29","modified_gmt":"2015-11-16T19:21:29","slug":"aline-de-azevedo-dias","status":"publish","type":"page","link":"https:\/\/uenf.br\/cct\/leciv\/graduacao\/projetos-de-iniciacao-cientifica\/aline-de-azevedo-dias\/","title":{"rendered":"Aline de Azevedo Dias"},"content":{"rendered":"<p><strong>Ativa\u00e7\u00e3o Alcalina de Res\u00edduos Industriais para a Obten\u00e7\u00e3o de Aglomerantes para a Constru\u00e7\u00e3o Civil.<br \/>\n<\/strong><br \/>\n<em>Professor:<\/em> Dylmar Penteado Dias<br \/>\n<em>Resumo:<\/em> A ativa\u00e7\u00e3o alcalina de materiais \u00e0 base de cimento Portland, esc\u00f3rias de alto-forno e pozolanas (naturais e\/ou artificiais) vem sendo realizada desde a d\u00e9cada de 30 em v\u00e1rios pa\u00edses do mundo. A potencialidade do uso dos \u00e1lcalis abre novas oportunidades para a obten\u00e7\u00e3o dos chamados cimentos especiais, com propriedades distintas daquelas apresentadas pelo cimento Portland convencional. Assim, o principal objetivo deste projeto de pesquisa \u00e9 a determina\u00e7\u00e3o da resist\u00eancia \u00e0 compress\u00e3o axial de argamassas \u00e1lcali-ativadas com 100% de metacaulinita e com substitui\u00e7\u00f5es parciais desta por esc\u00f3ria de alto-forno nas seguintes propor\u00e7\u00f5es: 30%, 50% e 70%. Ser\u00e3o utilizados dois tipos de ativadores (silicato de s\u00f3dio alcalino &#8211; Na2SiO3 e hidr\u00f3xido de pot\u00e1ssio &#8211; KOH) em diferentes propor\u00e7\u00f5es (0 a 20%, a cada 5%), em massa, do aglomerante seco. Em analogia ao cimento Portland, ser\u00e3o adotados os principais procedimentos prescritos por normas t\u00e9cnicas nacionais e\/ou internacionais, para que os resultados obtidos possam ser comparados com aqueles apresentados na literatura.<\/p>\n","protected":false},"excerpt":{"rendered":"<p>Ativa\u00e7\u00e3o Alcalina de Res\u00edduos Industriais para a Obten\u00e7\u00e3o de Aglomerantes para a Constru\u00e7\u00e3o Civil. Professor: Dylmar Penteado Dias Resumo: A&#8230;<\/p>\n","protected":false},"author":8,"featured_media":0,"parent":274,"menu_order":29,"comment_status":"open","ping_status":"open","template":"","meta":{"footnotes":""},"class_list":["post-334","page","type-page","status-publish","hentry"],"_links":{"self":[{"href":"https:\/\/uenf.br\/cct\/leciv\/wp-json\/wp\/v2\/pages\/334","targetHints":{"allow":["GET"]}}],"collection":[{"href":"https:\/\/uenf.br\/cct\/leciv\/wp-json\/wp\/v2\/pages"}],"about":[{"href":"https:\/\/uenf.br\/cct\/leciv\/wp-json\/wp\/v2\/types\/page"}],"author":[{"embeddable":true,"href":"https:\/\/uenf.br\/cct\/leciv\/wp-json\/wp\/v2\/users\/8"}],"replies":[{"embeddable":true,"href":"https:\/\/uenf.br\/cct\/leciv\/wp-json\/wp\/v2\/comments?post=334"}],"version-history":[{"count":0,"href":"https:\/\/uenf.br\/cct\/leciv\/wp-json\/wp\/v2\/pages\/334\/revisions"}],"up":[{"embeddable":true,"href":"https:\/\/uenf.br\/cct\/leciv\/wp-json\/wp\/v2\/pages\/274"}],"wp:attachment":[{"href":"https:\/\/uenf.br\/cct\/leciv\/wp-json\/wp\/v2\/media?parent=334"}],"curies":[{"name":"wp","href":"https:\/\/api.w.org\/{rel}","templated":true}]}}