{"id":344,"date":"2014-12-15T12:00:24","date_gmt":"2014-12-15T12:00:24","guid":{"rendered":"http:\/\/uenf.br\/cct\/leciv\/?page_id=344"},"modified":"2017-01-04T18:48:11","modified_gmt":"2017-01-04T18:48:11","slug":"normas-para-projeto-final","status":"publish","type":"page","link":"https:\/\/uenf.br\/cct\/leciv\/graduacao\/normas-para-projeto-final\/","title":{"rendered":"Normas para Projeto Final"},"content":{"rendered":"<p>No link abaixo, voc\u00ea poder\u00e1\u00a0obter as normas para elabora\u00e7\u00e3o\u00a0do Projeto Final de Conclus\u00e3o do Curso de Gradua\u00e7\u00e3o em Engenharia Civil.<\/p>\n<p>&nbsp;<\/p>\n<p>&nbsp;<\/p>\n<p><a href=\"http:\/\/uenf.br\/cct\/leciv\/files\/2014\/12\/norma_projeto_final.pdf\">Download aqui!<\/a><\/p>\n","protected":false},"excerpt":{"rendered":"<p>No link abaixo, voc\u00ea poder\u00e1\u00a0obter as normas para elabora\u00e7\u00e3o\u00a0do Projeto Final de Conclus\u00e3o do Curso de Gradua\u00e7\u00e3o em Engenharia Civil&#8230;.<\/p>\n","protected":false},"author":8,"featured_media":0,"parent":33,"menu_order":12,"comment_status":"open","ping_status":"open","template":"","meta":{"footnotes":""},"class_list":["post-344","page","type-page","status-publish","hentry"],"_links":{"self":[{"href":"https:\/\/uenf.br\/cct\/leciv\/wp-json\/wp\/v2\/pages\/344","targetHints":{"allow":["GET"]}}],"collection":[{"href":"https:\/\/uenf.br\/cct\/leciv\/wp-json\/wp\/v2\/pages"}],"about":[{"href":"https:\/\/uenf.br\/cct\/leciv\/wp-json\/wp\/v2\/types\/page"}],"author":[{"embeddable":true,"href":"https:\/\/uenf.br\/cct\/leciv\/wp-json\/wp\/v2\/users\/8"}],"replies":[{"embeddable":true,"href":"https:\/\/uenf.br\/cct\/leciv\/wp-json\/wp\/v2\/comments?post=344"}],"version-history":[{"count":0,"href":"https:\/\/uenf.br\/cct\/leciv\/wp-json\/wp\/v2\/pages\/344\/revisions"}],"up":[{"embeddable":true,"href":"https:\/\/uenf.br\/cct\/leciv\/wp-json\/wp\/v2\/pages\/33"}],"wp:attachment":[{"href":"https:\/\/uenf.br\/cct\/leciv\/wp-json\/wp\/v2\/media?parent=344"}],"curies":[{"name":"wp","href":"https:\/\/api.w.org\/{rel}","templated":true}]}}