{"id":347,"date":"2014-12-15T12:03:30","date_gmt":"2014-12-15T12:03:30","guid":{"rendered":"http:\/\/uenf.br\/cct\/leciv\/?page_id=347"},"modified":"2017-01-04T18:50:01","modified_gmt":"2017-01-04T18:50:01","slug":"projeto-final-formularios-para-proposta-e-avaliacao","status":"publish","type":"page","link":"https:\/\/uenf.br\/cct\/leciv\/graduacao\/projeto-final-formularios-para-proposta-e-avaliacao\/","title":{"rendered":"Projeto Final &#8211; Formul\u00e1rios para proposta e avalia\u00e7\u00e3o"},"content":{"rendered":"<p>Documentos para Proposta e Avalia\u00e7\u00e3o de Projeto Final do Curso<\/p>\n<p>&nbsp;<\/p>\n<p>&nbsp;<\/p>\n<p><a href=\"http:\/\/uenf.br\/cct\/leciv\/files\/2014\/12\/form_proposta_avaliacao.doc\">Download aqui!<\/a><\/p>\n","protected":false},"excerpt":{"rendered":"<p>Documentos para Proposta e Avalia\u00e7\u00e3o de Projeto Final do Curso &nbsp; &nbsp; Download aqui!<\/p>\n","protected":false},"author":8,"featured_media":0,"parent":33,"menu_order":13,"comment_status":"open","ping_status":"open","template":"","meta":{"footnotes":""},"class_list":["post-347","page","type-page","status-publish","hentry"],"_links":{"self":[{"href":"https:\/\/uenf.br\/cct\/leciv\/wp-json\/wp\/v2\/pages\/347","targetHints":{"allow":["GET"]}}],"collection":[{"href":"https:\/\/uenf.br\/cct\/leciv\/wp-json\/wp\/v2\/pages"}],"about":[{"href":"https:\/\/uenf.br\/cct\/leciv\/wp-json\/wp\/v2\/types\/page"}],"author":[{"embeddable":true,"href":"https:\/\/uenf.br\/cct\/leciv\/wp-json\/wp\/v2\/users\/8"}],"replies":[{"embeddable":true,"href":"https:\/\/uenf.br\/cct\/leciv\/wp-json\/wp\/v2\/comments?post=347"}],"version-history":[{"count":0,"href":"https:\/\/uenf.br\/cct\/leciv\/wp-json\/wp\/v2\/pages\/347\/revisions"}],"up":[{"embeddable":true,"href":"https:\/\/uenf.br\/cct\/leciv\/wp-json\/wp\/v2\/pages\/33"}],"wp:attachment":[{"href":"https:\/\/uenf.br\/cct\/leciv\/wp-json\/wp\/v2\/media?parent=347"}],"curies":[{"name":"wp","href":"https:\/\/api.w.org\/{rel}","templated":true}]}}