{"id":421,"date":"2014-12-16T11:47:58","date_gmt":"2014-12-16T11:47:58","guid":{"rendered":"http:\/\/uenf.br\/cct\/leciv\/?page_id=421"},"modified":"2015-11-16T19:53:12","modified_gmt":"2015-11-16T19:53:12","slug":"bruno-magno-gomes-ramos-e-frederico-lopes-murita","status":"publish","type":"page","link":"https:\/\/uenf.br\/cct\/leciv\/graduacao\/projetos-finais\/bruno-magno-gomes-ramos-e-frederico-lopes-murita\/","title":{"rendered":"Bruno Magno Gomes Ramos e Frederico Lopes Murita"},"content":{"rendered":"<p><strong>Dimensionamento Estrutural de uma Ponte Rodovi\u00e1ria em Concreto Armado<\/strong><\/p>\n<p><em>Orientador:<\/em><br \/>\nProf. V\u00e2nia Jos\u00e9 Karam<br \/>\n<em>Comiss\u00e3o Examinadora:<\/em><br \/>\nProf. V\u00e2nia Jos\u00e9 Karam<br \/>\nProf. S\u00e9rgio Luis Gonz\u00e1lez Garcia<br \/>\nProf. Patr\u00edcia Habib Hallak<\/p>\n<p><em>Data da Defesa:<\/em> Mar\u00e7o de 2006<\/p>\n<p><em>Resumo:<\/em> Foi escolhido para tema deste Projeto Final de Curso de Bacharelado em Engenharia Civil o projeto e o dimensionamento de uma ponte de concreto armado.<br \/>\nAqui ser\u00e3o apresentados a mem\u00f3ria de c\u00e1lculo, detalhes do projeto, desenhos contendo cortes, detalhamentos e vistas, necess\u00e1rios ao bom<br \/>\nentendimento do projeto como um todo<\/p>\n<p>&nbsp;<\/p>\n<p><a href=\"http:\/\/uenf.br\/cct\/leciv\/files\/2014\/12\/projeto_bruno_frederico.pdf\">Download aqui!<\/a><\/p>\n","protected":false},"excerpt":{"rendered":"<p>Dimensionamento Estrutural de uma Ponte Rodovi\u00e1ria em Concreto Armado Orientador: Prof. V\u00e2nia Jos\u00e9 Karam Comiss\u00e3o Examinadora: Prof. V\u00e2nia Jos\u00e9 Karam&#8230;<\/p>\n","protected":false},"author":8,"featured_media":0,"parent":350,"menu_order":11,"comment_status":"open","ping_status":"open","template":"","meta":{"footnotes":""},"class_list":["post-421","page","type-page","status-publish","hentry"],"_links":{"self":[{"href":"https:\/\/uenf.br\/cct\/leciv\/wp-json\/wp\/v2\/pages\/421","targetHints":{"allow":["GET"]}}],"collection":[{"href":"https:\/\/uenf.br\/cct\/leciv\/wp-json\/wp\/v2\/pages"}],"about":[{"href":"https:\/\/uenf.br\/cct\/leciv\/wp-json\/wp\/v2\/types\/page"}],"author":[{"embeddable":true,"href":"https:\/\/uenf.br\/cct\/leciv\/wp-json\/wp\/v2\/users\/8"}],"replies":[{"embeddable":true,"href":"https:\/\/uenf.br\/cct\/leciv\/wp-json\/wp\/v2\/comments?post=421"}],"version-history":[{"count":0,"href":"https:\/\/uenf.br\/cct\/leciv\/wp-json\/wp\/v2\/pages\/421\/revisions"}],"up":[{"embeddable":true,"href":"https:\/\/uenf.br\/cct\/leciv\/wp-json\/wp\/v2\/pages\/350"}],"wp:attachment":[{"href":"https:\/\/uenf.br\/cct\/leciv\/wp-json\/wp\/v2\/media?parent=421"}],"curies":[{"name":"wp","href":"https:\/\/api.w.org\/{rel}","templated":true}]}}