{"id":4280,"date":"2021-12-06T22:18:06","date_gmt":"2021-12-06T22:18:06","guid":{"rendered":"https:\/\/uenf.br\/cct\/leciv\/?page_id=4280"},"modified":"2022-05-31T13:10:52","modified_gmt":"2022-05-31T13:10:52","slug":"prof-afonso-rangel-garcez-azevedo","status":"publish","type":"page","link":"https:\/\/uenf.br\/cct\/leciv\/apresentacao\/corpo-docente-2\/prof-afonso-rangel-garcez-azevedo\/","title":{"rendered":"Prof. Afonso Rangel Garcez de Azevedo"},"content":{"rendered":"<p><img loading=\"lazy\" decoding=\"async\" class=\"\" src=\"http:\/\/uenf.br\/Uenf\/fotos\/LECIV_1661_1206476447.jpg\" alt=\"\" width=\"282\" height=\"212\" align=\"left\" border=\"0\" \/><\/p>\n<div id=\"materiaPrincipal\">\n<p align=\"justify\"><strong>Nome: <\/strong>Afonso Rangel Garcez de Azevedo<br \/>\nDoutor em Engenharia Civil, pela Universidade Estadual do Norte Fluminense Darcy Ribeiro (2018)<br \/>\n<strong>E-mail:\u00a0<\/strong><a href=\"mailto:afonso@uenf.br\">afonso@uenf.br<\/a><\/p>\n<p align=\"justify\"><strong>Setor:<\/strong> Geotecnia<br \/>\n<strong>\u00c1reas de Atua\u00e7\u00e3o:<br \/>\n&#8211;<\/strong> Materiais de constru\u00e7\u00e3o civil;<br \/>\n&#8211; Recursos h\u00eddricos;<br \/>\n&#8211; Engenharia ambiental;<\/p>\n<p>&nbsp;<\/p>\n<\/div>\n","protected":false},"excerpt":{"rendered":"<p>Nome: Afonso Rangel Garcez de Azevedo Doutor em Engenharia Civil, pela Universidade Estadual do Norte Fluminense Darcy Ribeiro (2018) E-mail:\u00a0afonso@uenf.br&#8230;<\/p>\n","protected":false},"author":8,"featured_media":0,"parent":66,"menu_order":10,"comment_status":"open","ping_status":"closed","template":"","meta":{"footnotes":""},"class_list":["post-4280","page","type-page","status-publish","hentry"],"_links":{"self":[{"href":"https:\/\/uenf.br\/cct\/leciv\/wp-json\/wp\/v2\/pages\/4280","targetHints":{"allow":["GET"]}}],"collection":[{"href":"https:\/\/uenf.br\/cct\/leciv\/wp-json\/wp\/v2\/pages"}],"about":[{"href":"https:\/\/uenf.br\/cct\/leciv\/wp-json\/wp\/v2\/types\/page"}],"author":[{"embeddable":true,"href":"https:\/\/uenf.br\/cct\/leciv\/wp-json\/wp\/v2\/users\/8"}],"replies":[{"embeddable":true,"href":"https:\/\/uenf.br\/cct\/leciv\/wp-json\/wp\/v2\/comments?post=4280"}],"version-history":[{"count":0,"href":"https:\/\/uenf.br\/cct\/leciv\/wp-json\/wp\/v2\/pages\/4280\/revisions"}],"up":[{"embeddable":true,"href":"https:\/\/uenf.br\/cct\/leciv\/wp-json\/wp\/v2\/pages\/66"}],"wp:attachment":[{"href":"https:\/\/uenf.br\/cct\/leciv\/wp-json\/wp\/v2\/media?parent=4280"}],"curies":[{"name":"wp","href":"https:\/\/api.w.org\/{rel}","templated":true}]}}