{"id":4293,"date":"2022-05-31T13:32:02","date_gmt":"2022-05-31T13:32:02","guid":{"rendered":"https:\/\/uenf.br\/cct\/leciv\/?page_id=4293"},"modified":"2022-05-31T13:39:51","modified_gmt":"2022-05-31T13:39:51","slug":"prof-rances-catillo-lara","status":"publish","type":"page","link":"https:\/\/uenf.br\/cct\/leciv\/apresentacao\/corpo-docente-2\/prof-rances-catillo-lara\/","title":{"rendered":"Prof. Ranc\u00e9s Castillo Lara"},"content":{"rendered":"<p align=\"justify\"><strong>Nome: <\/strong>Ranc\u00e9s Castillo Lara<br \/>\nDoutor em Engenharia Civil\u00a0 xxxxx.<\/p>\n<p><strong>E-mail:<\/strong> <a href=\"mailto:rances@uenf.br\">rances@uenf.br<\/a><\/p>\n<p align=\"justify\"><strong>Setor:<\/strong> Estruturas<br \/>\n<strong>\u00c1reas de Atua\u00e7\u00e3o:<br \/>\n<\/strong>\u2013 1;<br \/>\n\u2013 2;<br \/>\n\u2013 3;<br \/>\n\u2013 4;<\/p>\n<p>&nbsp;<\/p>\n","protected":false},"excerpt":{"rendered":"<p>Nome: Ranc\u00e9s Castillo Lara Doutor em Engenharia Civil\u00a0 xxxxx. E-mail: rances@uenf.br Setor: Estruturas \u00c1reas de Atua\u00e7\u00e3o: \u2013 1; \u2013 2;&#8230;<\/p>\n","protected":false},"author":8,"featured_media":0,"parent":66,"menu_order":1,"comment_status":"closed","ping_status":"closed","template":"","meta":{"footnotes":""},"class_list":["post-4293","page","type-page","status-publish","hentry"],"_links":{"self":[{"href":"https:\/\/uenf.br\/cct\/leciv\/wp-json\/wp\/v2\/pages\/4293","targetHints":{"allow":["GET"]}}],"collection":[{"href":"https:\/\/uenf.br\/cct\/leciv\/wp-json\/wp\/v2\/pages"}],"about":[{"href":"https:\/\/uenf.br\/cct\/leciv\/wp-json\/wp\/v2\/types\/page"}],"author":[{"embeddable":true,"href":"https:\/\/uenf.br\/cct\/leciv\/wp-json\/wp\/v2\/users\/8"}],"replies":[{"embeddable":true,"href":"https:\/\/uenf.br\/cct\/leciv\/wp-json\/wp\/v2\/comments?post=4293"}],"version-history":[{"count":0,"href":"https:\/\/uenf.br\/cct\/leciv\/wp-json\/wp\/v2\/pages\/4293\/revisions"}],"up":[{"embeddable":true,"href":"https:\/\/uenf.br\/cct\/leciv\/wp-json\/wp\/v2\/pages\/66"}],"wp:attachment":[{"href":"https:\/\/uenf.br\/cct\/leciv\/wp-json\/wp\/v2\/media?parent=4293"}],"curies":[{"name":"wp","href":"https:\/\/api.w.org\/{rel}","templated":true}]}}