{"id":459,"date":"2014-12-17T12:03:11","date_gmt":"2014-12-17T12:03:11","guid":{"rendered":"http:\/\/uenf.br\/cct\/leciv\/?page_id=459"},"modified":"2015-11-17T13:28:25","modified_gmt":"2015-11-17T13:28:25","slug":"marcelo-ribeiro-granato-vieira","status":"publish","type":"page","link":"https:\/\/uenf.br\/cct\/leciv\/graduacao\/projetos-finais\/marcelo-ribeiro-granato-vieira\/","title":{"rendered":"Marcelo Ribeiro Granato Vieira"},"content":{"rendered":"<div id=\"materiaPrincipal\">\n<p>Dimensionamento do Pavimento e da Galeria de \u00c1guas Pluviais de um Trecho da Avenida Alberto Lamego<\/p>\n<p><em>Orientador:<\/em><br \/>\nDr. Paulo C\u00e9sar de Almeida Maia<br \/>\nDr. Frederico Terra de Almeida.<\/p>\n<p><em>Data da Defesa:<\/em> Maio de 2005<\/p>\n<p><em>Resumo:<\/em> O objetivo desse Projeto Final \u00e9 o dimensionamento do pavimento e do sistema de drenagem do trecho da Avenida Alberto Lamego, que fica situado entre a Rua Felipe Uebe e o Canal dos Coqueiros.<br \/>\nA motiva\u00e7\u00e3o para elabora\u00e7\u00e3o desse projeto est\u00e1 embasada na condi\u00e7\u00e3o de eu adquirir um maior conhecimento te\u00f3rico na \u00e1rea de pavimenta\u00e7\u00e3o e drenagem e compreender todo mecanismo de funcionamento de ambas \u00e1reas, nas quais eu pretendo me aprofundar ao longo de minha carreira profissional. A constru\u00e7\u00e3o da Av. Alberto Lamego, na qual eu tive oportunidade de trabalhar durante algum tempo, como estagi\u00e1rio da Mecanorte Constru\u00e7\u00f5es e Empreendimentos Ltda foi, firma respons\u00e1vel pela execu\u00e7\u00e3o de todo o projeto, serviu de g\u00eanese para a cria\u00e7\u00e3o desse projeto.<br \/>\nSer\u00e3o considerados no projeto de drenagem a pluviometria, a vaz\u00e3o \u00e9 o tipo de tubo de concreto a ser utilizado com sua respectiva declividade. Com rela\u00e7\u00e3o ao projeto de pavimenta\u00e7\u00e3o, ser\u00e3o considerados os tipos de material de base, sub-base e revestimento de pavimento. Tamb\u00e9m ser\u00e1 dimensionado, os di\u00e2metros da tubula\u00e7\u00e3o principal, as suas vaz\u00f5es e suas declividades; o di\u00e2metro dos tubos de liga\u00e7\u00e3o (Boca de lobo \u2013 Po\u00e7o de visita) e sua respectiva declividade; o n\u00famero de bocas de lobo necess\u00e1rio e seu posicionamento perante a via; a vaz\u00e3o de transporte da sarjeta e sua declividade em rela\u00e7\u00e3o ao pavimento.<\/p>\n<p>&nbsp;<\/p>\n<p><a href=\"http:\/\/uenf.br\/cct\/leciv\/files\/2014\/12\/projeto_marcelo.pdf\">Download aqui!<\/a><\/p>\n<p>&nbsp;<\/p>\n<p>&nbsp;<\/p>\n<\/div>\n","protected":false},"excerpt":{"rendered":"<p>Dimensionamento do Pavimento e da Galeria de \u00c1guas Pluviais de um Trecho da Avenida Alberto Lamego Orientador: Dr. Paulo C\u00e9sar&#8230;<\/p>\n","protected":false},"author":8,"featured_media":0,"parent":350,"menu_order":24,"comment_status":"open","ping_status":"open","template":"","meta":{"footnotes":""},"class_list":["post-459","page","type-page","status-publish","hentry"],"_links":{"self":[{"href":"https:\/\/uenf.br\/cct\/leciv\/wp-json\/wp\/v2\/pages\/459","targetHints":{"allow":["GET"]}}],"collection":[{"href":"https:\/\/uenf.br\/cct\/leciv\/wp-json\/wp\/v2\/pages"}],"about":[{"href":"https:\/\/uenf.br\/cct\/leciv\/wp-json\/wp\/v2\/types\/page"}],"author":[{"embeddable":true,"href":"https:\/\/uenf.br\/cct\/leciv\/wp-json\/wp\/v2\/users\/8"}],"replies":[{"embeddable":true,"href":"https:\/\/uenf.br\/cct\/leciv\/wp-json\/wp\/v2\/comments?post=459"}],"version-history":[{"count":0,"href":"https:\/\/uenf.br\/cct\/leciv\/wp-json\/wp\/v2\/pages\/459\/revisions"}],"up":[{"embeddable":true,"href":"https:\/\/uenf.br\/cct\/leciv\/wp-json\/wp\/v2\/pages\/350"}],"wp:attachment":[{"href":"https:\/\/uenf.br\/cct\/leciv\/wp-json\/wp\/v2\/media?parent=459"}],"curies":[{"name":"wp","href":"https:\/\/api.w.org\/{rel}","templated":true}]}}