{"id":473,"date":"2014-12-17T12:32:37","date_gmt":"2014-12-17T12:32:37","guid":{"rendered":"http:\/\/uenf.br\/cct\/leciv\/?page_id=473"},"modified":"2015-11-17T16:52:05","modified_gmt":"2015-11-17T16:52:05","slug":"clarice-silvano-de-souza","status":"publish","type":"page","link":"https:\/\/uenf.br\/cct\/leciv\/graduacao\/projetos-finais\/clarice-silvano-de-souza\/","title":{"rendered":"Clarice Silvano de Souza"},"content":{"rendered":"<div id=\"materiaPrincipal\">\n<p align=\"justify\"><strong>Aplica\u00e7\u00e3o dos Finos Provenientes da Britagem de Pedreiras da Regi\u00e3o de Campos para Utliza\u00e7\u00e3o em Argamassas<\/strong><\/p>\n<p align=\"justify\">Orientador:<br \/>\nProf. Josu\u00e9 Alves Barroso.<br \/>\nComiss\u00e3o Examinadora:<br \/>\nProf. Jean Marie D\u00e9sir;<br \/>\nProf. Jonas Alexandre;<br \/>\nProf. Josu\u00e9 Alves Barroso.<\/p>\n<p align=\"justify\"><em>Data da Defesa:<\/em> Fevereiro de 2004<\/p>\n<p>Resumo: Apresentam-se caracter\u00edsticas tecnol\u00f3gicas de areias de duas origens e se definem algumas propriedades de argamassas produzidas com estas areias. S\u00e3o resultantes do processo de britagem\/moagem de rocha (finos de pedreira) e da calha do Rio Para\u00edba do Sul. As diferentes proced\u00eancias\/processos de obten\u00e7\u00e3o s\u00e3o fundamentais, pois determinam caracter\u00edsticas como granulometria, mineralogia, forma e textura dos gr\u00e3os e estas s\u00e3o respons\u00e1veis pelos diferentes comportamentos das argamassas utilizadas na constru\u00e7\u00e3o civil. O principal motivo deste estudo \u00e9 a substitui\u00e7\u00e3o das areias do rio, intensamente utilizadas na produ\u00e7\u00e3o de argamassas para a constru\u00e7\u00e3o civil substitu\u00eddas por areias resultantes de britagem de rocha em pedreiras, as chamadas areias artificiais. Os par\u00e2metros considerados, segundo a norma brasileira NBR 13281, foram resist\u00eancia \u00e0 compress\u00e3o, teor de ar incorporado e reten\u00e7\u00e3o de \u00e1gua. Os resultados mostram que estas argamassas com finos de pedreira atendem \u00e0s especifica\u00e7\u00f5es da norma ABNT que regulamenta a produ\u00e7\u00e3o e classifica\u00e7\u00e3o de argamassas. Assim, espera-se que outras areias, al\u00e9m da proveniente da calha do rio, venham a ser alvo de novas explora\u00e7\u00f5es e utiliza\u00e7\u00f5es.<\/p>\n<p align=\"justify\"><a href=\"http:\/\/uenf.br\/cct\/leciv\/files\/2014\/12\/projeto_clarice.pdf\">Download aqui!<\/a><\/p>\n<\/div>\n","protected":false},"excerpt":{"rendered":"<p>Aplica\u00e7\u00e3o dos Finos Provenientes da Britagem de Pedreiras da Regi\u00e3o de Campos para Utliza\u00e7\u00e3o em Argamassas Orientador: Prof. Josu\u00e9 Alves&#8230;<\/p>\n","protected":false},"author":8,"featured_media":0,"parent":350,"menu_order":28,"comment_status":"open","ping_status":"open","template":"","meta":{"footnotes":""},"class_list":["post-473","page","type-page","status-publish","hentry"],"_links":{"self":[{"href":"https:\/\/uenf.br\/cct\/leciv\/wp-json\/wp\/v2\/pages\/473","targetHints":{"allow":["GET"]}}],"collection":[{"href":"https:\/\/uenf.br\/cct\/leciv\/wp-json\/wp\/v2\/pages"}],"about":[{"href":"https:\/\/uenf.br\/cct\/leciv\/wp-json\/wp\/v2\/types\/page"}],"author":[{"embeddable":true,"href":"https:\/\/uenf.br\/cct\/leciv\/wp-json\/wp\/v2\/users\/8"}],"replies":[{"embeddable":true,"href":"https:\/\/uenf.br\/cct\/leciv\/wp-json\/wp\/v2\/comments?post=473"}],"version-history":[{"count":0,"href":"https:\/\/uenf.br\/cct\/leciv\/wp-json\/wp\/v2\/pages\/473\/revisions"}],"up":[{"embeddable":true,"href":"https:\/\/uenf.br\/cct\/leciv\/wp-json\/wp\/v2\/pages\/350"}],"wp:attachment":[{"href":"https:\/\/uenf.br\/cct\/leciv\/wp-json\/wp\/v2\/media?parent=473"}],"curies":[{"name":"wp","href":"https:\/\/api.w.org\/{rel}","templated":true}]}}