{"id":476,"date":"2014-12-17T12:42:28","date_gmt":"2014-12-17T12:42:28","guid":{"rendered":"http:\/\/uenf.br\/cct\/leciv\/?page_id=476"},"modified":"2015-11-17T16:52:52","modified_gmt":"2015-11-17T16:52:52","slug":"igor-azeredo-trindade-joadelio-chagas-cordeiro-e-liege-de-aleida-pacheco","status":"publish","type":"page","link":"https:\/\/uenf.br\/cct\/leciv\/graduacao\/projetos-finais\/igor-azeredo-trindade-joadelio-chagas-cordeiro-e-liege-de-aleida-pacheco\/","title":{"rendered":"Igor Azeredo Trindade, Joadelio Chagas Cordeiro e Liege de Aleida Pacheco"},"content":{"rendered":"<p align=\"justify\"><strong>Constru\u00e7\u00e3o Projeto de um Conjunto Habitacional para a Comunidade do Matadouro<br \/>\n<\/strong><br \/>\n<em>Orientador:<\/em><br \/>\nProf.\u00a0S\u00e9rgio Tibana<br \/>\nProf. Frederico Terra ( Co-orientador )<br \/>\n<em>Comiss\u00e3o Examinadora:<\/em><br \/>\nProf. Frederico Terra<br \/>\nProf. Ot\u00e1vio Costa Fernandes<br \/>\nProf. Ana Paula Oliveira Paiva<\/p>\n<p align=\"justify\"><em>Data da Desfesa:<\/em>\u00a0Fevereiro de 2004<\/p>\n<p align=\"justify\"><em>Resumo:<\/em> O trabalho em quest\u00e3o apresenta sua \u00e1rea de atua\u00e7\u00e3o na cidade de Campos dos Goytacazes, que apesar de n\u00e3o ser uma cidade de elevado n\u00famero populacional comparada as grandes capitais do pa\u00eds, j\u00e1 revela graves problemas de planejamento urbano, principalmente no que diz respeito \u00e0s habita\u00e7\u00f5es das comunidades de baixa renda. Quando somados a ocorr\u00eancia de eventos naturais, como inunda\u00e7\u00f5es provocadas pelas chuvas que elevam o n\u00edvel do Rio Para\u00edba do Sul e alagam as edifica\u00e7\u00f5es ribeirinhas, ficamos diante de um quadro de enormes preju\u00edzos sociais, onde al\u00e9m das perdas materiais s\u00e3o acrescentados os riscos \u00e0 sa\u00fade e a incolumidade da popula\u00e7\u00e3o. Diante de tais justificativas ser\u00e1 proposto nas p\u00e1ginas subseq\u00fcentes um projeto multidisciplinar de um Conjunto Habitacional visando deslocar a Comunidade do Matadouro, que vive em m\u00e1s condi\u00e7\u00f5es ambientais, para um ambiente mais salutar.<\/p>\n<p align=\"justify\"><a href=\"http:\/\/uenf.br\/cct\/leciv\/files\/2014\/12\/projeto_igor_joadelio_liege.pdf\">Download aqui!<\/a><\/p>\n","protected":false},"excerpt":{"rendered":"<p>Constru\u00e7\u00e3o Projeto de um Conjunto Habitacional para a Comunidade do Matadouro Orientador: Prof.\u00a0S\u00e9rgio Tibana Prof. Frederico Terra ( Co-orientador )&#8230;<\/p>\n","protected":false},"author":8,"featured_media":0,"parent":350,"menu_order":29,"comment_status":"open","ping_status":"open","template":"","meta":{"footnotes":""},"class_list":["post-476","page","type-page","status-publish","hentry"],"_links":{"self":[{"href":"https:\/\/uenf.br\/cct\/leciv\/wp-json\/wp\/v2\/pages\/476","targetHints":{"allow":["GET"]}}],"collection":[{"href":"https:\/\/uenf.br\/cct\/leciv\/wp-json\/wp\/v2\/pages"}],"about":[{"href":"https:\/\/uenf.br\/cct\/leciv\/wp-json\/wp\/v2\/types\/page"}],"author":[{"embeddable":true,"href":"https:\/\/uenf.br\/cct\/leciv\/wp-json\/wp\/v2\/users\/8"}],"replies":[{"embeddable":true,"href":"https:\/\/uenf.br\/cct\/leciv\/wp-json\/wp\/v2\/comments?post=476"}],"version-history":[{"count":0,"href":"https:\/\/uenf.br\/cct\/leciv\/wp-json\/wp\/v2\/pages\/476\/revisions"}],"up":[{"embeddable":true,"href":"https:\/\/uenf.br\/cct\/leciv\/wp-json\/wp\/v2\/pages\/350"}],"wp:attachment":[{"href":"https:\/\/uenf.br\/cct\/leciv\/wp-json\/wp\/v2\/media?parent=476"}],"curies":[{"name":"wp","href":"https:\/\/api.w.org\/{rel}","templated":true}]}}