{"id":479,"date":"2014-12-17T12:44:01","date_gmt":"2014-12-17T12:44:01","guid":{"rendered":"http:\/\/uenf.br\/cct\/leciv\/?page_id=479"},"modified":"2016-01-12T12:00:45","modified_gmt":"2016-01-12T12:00:45","slug":"adriano-do-nazareth-pessanha","status":"publish","type":"page","link":"https:\/\/uenf.br\/cct\/leciv\/graduacao\/projetos-finais\/adriano-do-nazareth-pessanha\/","title":{"rendered":"Adriano do Nazareth Pessanha"},"content":{"rendered":"<p align=\"justify\"><strong>An\u00e1lise de Custo e Desenvolvimento de Projeto de Funda\u00e7\u00f5es de um Edif\u00edcio Residencial<\/strong><\/p>\n<p><em>Orientador:<\/em><br \/>\nProf. Paulo C\u00e9sar de Almeida Maia.<br \/>\n<em>Comiss\u00e3o Examinadora:<br \/>\n<\/em>Prof. Paulo C\u00e9sar de Almeida Maia;<br \/>\nDr. Sebasti\u00e3o Jos\u00e9 Petrucci Rangel ;<br \/>\nProf. Aldo Duran Farf\u00e1n.<\/p>\n<p align=\"justify\"><em>Data da Defesa:<\/em> Fevereiro de 2004<\/p>\n<p align=\"justify\"><em>Resumo:<\/em> Este projeto final de Engenharia teve por objetivo desenvolver o Projeto Executivo da funda\u00e7\u00e3o do edif\u00edcio residencial Spazio Trianon. Em um estudo preliminar foi feito o pr\u00e9-dimensionamento das funda\u00e7\u00f5es profundas do edif\u00edcio para diferentes op\u00e7\u00f5es de estacas para se determinar a viabilidade de execu\u00e7\u00e3o.<br \/>\nEm uma primeira an\u00e1lise foram consideradas funda\u00e7\u00f5es em estacas Pr\u00e9moldada de concreto, H\u00e9lice Cont\u00ednua e Franki para o corpo do edif\u00edcio e funda\u00e7\u00f5es em sapatas para as garagens.<br \/>\nNo c\u00e1lculo da capacidade de carga das estacas, foram utilizados m\u00e9todos que utilizam o SPT, o Aoki-Velloso proposto em 1975 e D\u00e9court-Quaresma proposto em 1978.<br \/>\nFoi feita uma an\u00e1lise de custo dos diferentes tipos de funda\u00e7\u00f5es. Para o or\u00e7amento foi considerado o custo das estacas, materiais para a execu\u00e7\u00e3o dos blocos e mobiliza\u00e7\u00e3o do equipamento de execu\u00e7\u00e3o das estacas. A alternativa em estacas pode apresentar menor custo global se considerarmos o menor volume dos blocos de coroamento. Da\u00ed a import\u00e2ncia de obter o or\u00e7amento dos blocos. Uma alternativa de estaca pode apresentar menor custo, no entanto, \u00e9 necess\u00e1rio se avaliar mais de uma alternativa para comparar suas vantagens e desvantagens.<br \/>\nAp\u00f3s se avaliar as caracter\u00edsticas das estacas, percebemos que a H\u00e9lice cont\u00ednua foi a que melhor atenderia \u00e0s necessidades, pois al\u00e9m de ser a mais econ\u00f4mica \u00e9 a \u00fanica que n\u00e3o provoca dist\u00farbios, vibra\u00e7\u00f5es e ru\u00eddos sonoros em alta intensidade.<br \/>\nAp\u00f3s a an\u00e1lise dos diferentes tipos de estacas e a escolha pela estaca H\u00e9lice cont\u00ednua foi desenvolvido o Projeto Executivo. Este projeto consta de planta de loca\u00e7\u00e3o e carga dos pilares, especifica\u00e7\u00f5es e detalhamentos das estacas, blocos e sapatas, e processo executivo das funda\u00e7\u00f5es.<\/p>\n<p align=\"justify\"><a href=\"http:\/\/uenf.br\/cct\/leciv\/files\/2014\/12\/projeto_adriano.pdf\">Download aqui!<\/a><\/p>\n","protected":false},"excerpt":{"rendered":"<p>An\u00e1lise de Custo e Desenvolvimento de Projeto de Funda\u00e7\u00f5es de um Edif\u00edcio Residencial Orientador: Prof. Paulo C\u00e9sar de Almeida Maia&#8230;.<\/p>\n","protected":false},"author":8,"featured_media":0,"parent":350,"menu_order":30,"comment_status":"open","ping_status":"open","template":"","meta":{"footnotes":""},"class_list":["post-479","page","type-page","status-publish","hentry"],"_links":{"self":[{"href":"https:\/\/uenf.br\/cct\/leciv\/wp-json\/wp\/v2\/pages\/479","targetHints":{"allow":["GET"]}}],"collection":[{"href":"https:\/\/uenf.br\/cct\/leciv\/wp-json\/wp\/v2\/pages"}],"about":[{"href":"https:\/\/uenf.br\/cct\/leciv\/wp-json\/wp\/v2\/types\/page"}],"author":[{"embeddable":true,"href":"https:\/\/uenf.br\/cct\/leciv\/wp-json\/wp\/v2\/users\/8"}],"replies":[{"embeddable":true,"href":"https:\/\/uenf.br\/cct\/leciv\/wp-json\/wp\/v2\/comments?post=479"}],"version-history":[{"count":0,"href":"https:\/\/uenf.br\/cct\/leciv\/wp-json\/wp\/v2\/pages\/479\/revisions"}],"up":[{"embeddable":true,"href":"https:\/\/uenf.br\/cct\/leciv\/wp-json\/wp\/v2\/pages\/350"}],"wp:attachment":[{"href":"https:\/\/uenf.br\/cct\/leciv\/wp-json\/wp\/v2\/media?parent=479"}],"curies":[{"name":"wp","href":"https:\/\/api.w.org\/{rel}","templated":true}]}}