{"id":488,"date":"2014-12-17T12:48:23","date_gmt":"2014-12-17T12:48:23","guid":{"rendered":"http:\/\/uenf.br\/cct\/leciv\/?page_id=488"},"modified":"2015-11-17T16:54:51","modified_gmt":"2015-11-17T16:54:51","slug":"priscila-de-almeida-cardoso","status":"publish","type":"page","link":"https:\/\/uenf.br\/cct\/leciv\/graduacao\/projetos-finais\/priscila-de-almeida-cardoso\/","title":{"rendered":"Priscila de Almeida Cardoso"},"content":{"rendered":"<p align=\"justify\"><b>Projeto de um Aterro sobre Solo Mole<\/b><\/p>\n<p>Orientador:<br \/>\nProf. Fernando Saboya<br \/>\nComiss\u00e3o Examinadora:<br \/>\nProf. S\u00e9rgio Tibana;<br \/>\nProf. Paulo C\u00e9sar de Almeida Maia;<br \/>\nProf. Aldo Durand Farf\u00e1n.<\/p>\n<p align=\"justify\"><em>Data da Defesa:<\/em> Fevereiro de 2004<\/p>\n<p>Resumo: Este projeto tem como objetivo apresentar uma alternativa de solu\u00e7\u00e3o para os problemas de instabilidade da funda\u00e7\u00e3o em solo mole ocorridos na Linha Verde, que liga a regi\u00e3o norte \u00e0 regi\u00e3o sul de Maca\u00e9. Os estudos foram realizados com base nos resultados dos ensaios in situ (CPTU) executados nos locais em que a instabilidade se apresentou com maior gravidade. Com os resultados (2 ensaios de CPTU) das investiga\u00e7\u00f5es geot\u00e9cnicas foi calculado um perfil de resist\u00eancia n\u00e3o drenada (Su). Adotou-se a resist\u00eancia (Su) m\u00ednima e m\u00e1xima para a an\u00e1lise de estabilidade realizada com o programa Slope-W da GEO-SLOPE. Na an\u00e1lise de estabilidade da funda\u00e7\u00e3o do aterro foi considerada como sobrecarga duas sec\u00e7\u00f5es t\u00edpicas. A primeira se\u00e7\u00e3o t\u00edpica do pavimento adotada tem forma trapezoidal, e foi definida conforme o manual do DNER, classificado como rodovia de classe III. A outra sec\u00e7\u00e3o t\u00edpica considerada possui bermas de equil\u00edbrio. O peso espec\u00edfico adotado para o aterro foi de 18kN\/m3. O coeficiente de seguran\u00e7a escolhido como padr\u00e3o, na an\u00e1lise de estabilidade pelo m\u00e9todo de Bishop Simplificado foi de 1,5, onde variou-se a dimens\u00e3o L da se\u00e7\u00e3o t\u00edpica com bermas e da se\u00e7\u00e3o t\u00edpica trapezoidal. Atrav\u00e9s destas an\u00e1lises escolheu-se a se\u00e7\u00e3o que forneceu o menor volume de aterro. Conclu\u00ed-se no trabalho que do ponto de vista de estabilidade o solo tem capacidade suporte para suportar a carga transmitida pelo aterro.<\/p>\n<p align=\"justify\"><a href=\"http:\/\/uenf.br\/cct\/leciv\/files\/2014\/12\/projeto_priscila.pdf\">Download aqui!<\/a><\/p>\n","protected":false},"excerpt":{"rendered":"<p>Projeto de um Aterro sobre Solo Mole Orientador: Prof. Fernando Saboya Comiss\u00e3o Examinadora: Prof. S\u00e9rgio Tibana; Prof. Paulo C\u00e9sar de&#8230;<\/p>\n","protected":false},"author":8,"featured_media":0,"parent":350,"menu_order":32,"comment_status":"open","ping_status":"open","template":"","meta":{"footnotes":""},"class_list":["post-488","page","type-page","status-publish","hentry"],"_links":{"self":[{"href":"https:\/\/uenf.br\/cct\/leciv\/wp-json\/wp\/v2\/pages\/488","targetHints":{"allow":["GET"]}}],"collection":[{"href":"https:\/\/uenf.br\/cct\/leciv\/wp-json\/wp\/v2\/pages"}],"about":[{"href":"https:\/\/uenf.br\/cct\/leciv\/wp-json\/wp\/v2\/types\/page"}],"author":[{"embeddable":true,"href":"https:\/\/uenf.br\/cct\/leciv\/wp-json\/wp\/v2\/users\/8"}],"replies":[{"embeddable":true,"href":"https:\/\/uenf.br\/cct\/leciv\/wp-json\/wp\/v2\/comments?post=488"}],"version-history":[{"count":0,"href":"https:\/\/uenf.br\/cct\/leciv\/wp-json\/wp\/v2\/pages\/488\/revisions"}],"up":[{"embeddable":true,"href":"https:\/\/uenf.br\/cct\/leciv\/wp-json\/wp\/v2\/pages\/350"}],"wp:attachment":[{"href":"https:\/\/uenf.br\/cct\/leciv\/wp-json\/wp\/v2\/media?parent=488"}],"curies":[{"name":"wp","href":"https:\/\/api.w.org\/{rel}","templated":true}]}}