{"id":502,"date":"2014-12-17T13:03:32","date_gmt":"2014-12-17T13:03:32","guid":{"rendered":"http:\/\/uenf.br\/cct\/leciv\/?page_id=502"},"modified":"2017-01-04T18:25:05","modified_gmt":"2017-01-04T18:25:05","slug":"pos-graduacao","status":"publish","type":"page","link":"https:\/\/uenf.br\/cct\/leciv\/pos-graduacao\/","title":{"rendered":"P\u00f3s-Gradua\u00e7\u00e3o-Antigo"},"content":{"rendered":"<p>&nbsp;<\/p>\n<ul>\n<li class=\"page_item page-item-504\"><a href=\"http:\/\/uenf.br\/cct\/leciv\/pos-graduacao\/apresentacao\/\">Apresenta\u00e7\u00e3o<\/a><\/li>\n<li class=\"page_item page-item-506\"><a href=\"http:\/\/uenf.br\/cct\/leciv\/pos-graduacao\/exame-de-proficiencia\/\">Exame de Profici\u00eancia<\/a><\/li>\n<li class=\"page_item page-item-510\"><a href=\"http:\/\/uenf.br\/cct\/leciv\/pos-graduacao\/coordenacao\/\">Coordena\u00e7\u00e3o<\/a><\/li>\n<li class=\"page_item page-item-513\"><a href=\"http:\/\/uenf.br\/cct\/leciv\/pos-graduacao\/corpo-docente\/\">Corpo Docente<\/a><\/li>\n<li class=\"page_item page-item-515\"><a href=\"http:\/\/uenf.br\/cct\/leciv\/pos-graduacao\/area-de-estruturas\/\">\u00c1rea de Estruturas<\/a><\/li>\n<li class=\"page_item page-item-517\"><a href=\"http:\/\/uenf.br\/cct\/leciv\/pos-graduacao\/area-de-geotecnia\/\">\u00c1rea de Geotecnia<\/a><\/li>\n<li class=\"page_item page-item-519 page_item_has_children\"><a href=\"http:\/\/uenf.br\/cct\/leciv\/pos-graduacao\/oficinas-de-ensino-e-pesquisa\/\">Oficinas de Ensino e Pesquis<\/a><\/li>\n<li class=\"page_item page-item-560\"><a href=\"http:\/\/uenf.br\/cct\/leciv\/pos-graduacao\/linhas-de-pesquisa\/\">Linhas de Pesquisa<\/a><\/li>\n<li class=\"page_item page-item-562 page_item_has_children\"><a href=\"http:\/\/uenf.br\/cct\/leciv\/pos-graduacao\/disciplinas-ementas\/\">Disciplinas &amp; Ementas<\/a><\/li>\n<li class=\"page_item page-item-701\"><a href=\"http:\/\/uenf.br\/cct\/leciv\/pos-graduacao\/regimento-geral-da-pos-graduacao\/\">Regimento Geral da P\u00f3s-Gradua\u00e7\u00e3o<\/a><\/li>\n<li class=\"page_item page-item-705 page_item_has_children\"><a href=\"http:\/\/uenf.br\/cct\/leciv\/pos-graduacao\/normas-e-resolucoes\/\">Normas e Resolu\u00e7\u00f5es<\/a><\/li>\n<li class=\"page_item page-item-743\"><a href=\"http:\/\/uenf.br\/cct\/leciv\/pos-graduacao\/alunos-especiais\/\">Alunos Especiais<\/a><\/li>\n<li class=\"page_item page-item-746\"><a href=\"http:\/\/uenf.br\/cct\/leciv\/pos-graduacao\/calendario-academico\/\">Calend\u00e1rio Acad\u00eamico<\/a><\/li>\n<li class=\"page_item page-item-751\"><a href=\"http:\/\/uenf.br\/cct\/leciv\/pos-graduacao\/portaria-64-capes-proap\/\">PORTARIA 64 \u2013 CAPES-PROAP<\/a><\/li>\n<li class=\"page_item page-item-754 page_item_has_children\"><a href=\"http:\/\/uenf.br\/cct\/leciv\/pos-graduacao\/modelos-de-solicitacoes\/\">Modelos de Solicita\u00e7\u00f5es<\/a><\/li>\n<li class=\"page_item page-item-788\"><a href=\"http:\/\/uenf.br\/cct\/leciv\/pos-graduacao\/formularios\/\">Formul\u00e1rios<\/a><\/li>\n<li class=\"page_item page-item-796\"><a href=\"http:\/\/uenf.br\/cct\/leciv\/pos-graduacao\/linkes-uteis\/\">Linkes \u00dateis<\/a><\/li>\n<li class=\"page_item page-item-798\"><a href=\"http:\/\/uenf.br\/cct\/leciv\/pos-graduacao\/material-pos-defesa\/\">Material P\u00f3s-Defesa<\/a><\/li>\n<li class=\"page_item page-item-801 current_page_item\"><a href=\"http:\/\/uenf.br\/cct\/leciv\/pos-graduacao\/publicacoes\/\">Publica\u00e7\u00f5es<\/a><\/li>\n<li class=\"page_item page-item-807 page_item_has_children\"><a href=\"http:\/\/uenf.br\/cct\/leciv\/pos-graduacao\/dissertacoes-de-mestrado\/\">Disserta\u00e7\u00f5es de Mestrado<\/a><\/li>\n<li class=\"page_item page-item-807 page_item_has_children\"><a href=\"http:\/\/uenf.br\/cct\/leciv\/pos-graduacao\/contato\/\">Contato<\/a><\/li>\n<\/ul>\n<p>&nbsp;<\/p>\n","protected":false},"excerpt":{"rendered":"<p>&nbsp; Apresenta\u00e7\u00e3o Exame de Profici\u00eancia Coordena\u00e7\u00e3o Corpo Docente \u00c1rea de Estruturas \u00c1rea de Geotecnia Oficinas de Ensino e Pesquis Linhas&#8230;<\/p>\n","protected":false},"author":8,"featured_media":0,"parent":0,"menu_order":3,"comment_status":"open","ping_status":"open","template":"","meta":{"footnotes":""},"class_list":["post-502","page","type-page","status-publish","hentry"],"_links":{"self":[{"href":"https:\/\/uenf.br\/cct\/leciv\/wp-json\/wp\/v2\/pages\/502","targetHints":{"allow":["GET"]}}],"collection":[{"href":"https:\/\/uenf.br\/cct\/leciv\/wp-json\/wp\/v2\/pages"}],"about":[{"href":"https:\/\/uenf.br\/cct\/leciv\/wp-json\/wp\/v2\/types\/page"}],"author":[{"embeddable":true,"href":"https:\/\/uenf.br\/cct\/leciv\/wp-json\/wp\/v2\/users\/8"}],"replies":[{"embeddable":true,"href":"https:\/\/uenf.br\/cct\/leciv\/wp-json\/wp\/v2\/comments?post=502"}],"version-history":[{"count":0,"href":"https:\/\/uenf.br\/cct\/leciv\/wp-json\/wp\/v2\/pages\/502\/revisions"}],"wp:attachment":[{"href":"https:\/\/uenf.br\/cct\/leciv\/wp-json\/wp\/v2\/media?parent=502"}],"curies":[{"name":"wp","href":"https:\/\/api.w.org\/{rel}","templated":true}]}}