{"id":506,"date":"2014-12-17T13:06:58","date_gmt":"2014-12-17T13:06:58","guid":{"rendered":"http:\/\/uenf.br\/cct\/leciv\/?page_id=506"},"modified":"2016-03-23T11:40:34","modified_gmt":"2016-03-23T11:40:34","slug":"exame-de-proficiencia","status":"publish","type":"page","link":"https:\/\/uenf.br\/cct\/leciv\/pos-graduacao\/exame-de-proficiencia\/","title":{"rendered":"Exame de Profici\u00eancia"},"content":{"rendered":"<p>Exame de Profici\u00eancia 2016-I<\/p>\n<p>&nbsp;<\/p>\n<h3 style=\"text-align: center\">EXAME DE PROFICI\u00caNCIA SEMESTRE 2016-I<\/h3>\n<div style=\"text-align: center\">DATA: 08\/04\/2016 \u00a0(Sexta-feira)<\/div>\n<div style=\"text-align: center\">HORARIO: \u00a014:00 horas<\/div>\n<div style=\"text-align: center\">LOCAL: Sala de Semin\u00e1rios<\/div>\n<div style=\"text-align: center\"><\/div>\n<div style=\"text-align: center\"><\/div>\n<div style=\"text-align: center\"><\/div>\n<div style=\"text-align: center\"><strong>Nota<\/strong>: Os candidatos ao Exame de Profici\u00eancia devem enviar seu pedido de inscri\u00e7\u00e3o com 48 horas de anteced\u00eancia para o e-mail do Programa: ppgec@uenf.br<\/div>\n","protected":false},"excerpt":{"rendered":"<p>Exame de Profici\u00eancia 2016-I &nbsp; EXAME DE PROFICI\u00caNCIA SEMESTRE 2016-I DATA: 08\/04\/2016 \u00a0(Sexta-feira) HORARIO: \u00a014:00 horas LOCAL: Sala de Semin\u00e1rios&#8230;<\/p>\n","protected":false},"author":8,"featured_media":0,"parent":502,"menu_order":2,"comment_status":"open","ping_status":"open","template":"","meta":{"footnotes":""},"class_list":["post-506","page","type-page","status-publish","hentry"],"_links":{"self":[{"href":"https:\/\/uenf.br\/cct\/leciv\/wp-json\/wp\/v2\/pages\/506","targetHints":{"allow":["GET"]}}],"collection":[{"href":"https:\/\/uenf.br\/cct\/leciv\/wp-json\/wp\/v2\/pages"}],"about":[{"href":"https:\/\/uenf.br\/cct\/leciv\/wp-json\/wp\/v2\/types\/page"}],"author":[{"embeddable":true,"href":"https:\/\/uenf.br\/cct\/leciv\/wp-json\/wp\/v2\/users\/8"}],"replies":[{"embeddable":true,"href":"https:\/\/uenf.br\/cct\/leciv\/wp-json\/wp\/v2\/comments?post=506"}],"version-history":[{"count":0,"href":"https:\/\/uenf.br\/cct\/leciv\/wp-json\/wp\/v2\/pages\/506\/revisions"}],"up":[{"embeddable":true,"href":"https:\/\/uenf.br\/cct\/leciv\/wp-json\/wp\/v2\/pages\/502"}],"wp:attachment":[{"href":"https:\/\/uenf.br\/cct\/leciv\/wp-json\/wp\/v2\/media?parent=506"}],"curies":[{"name":"wp","href":"https:\/\/api.w.org\/{rel}","templated":true}]}}