{"id":515,"date":"2014-12-17T13:20:13","date_gmt":"2014-12-17T13:20:13","guid":{"rendered":"http:\/\/uenf.br\/cct\/leciv\/?page_id=515"},"modified":"2014-12-17T13:20:13","modified_gmt":"2014-12-17T13:20:13","slug":"area-de-estruturas","status":"publish","type":"page","link":"https:\/\/uenf.br\/cct\/leciv\/pos-graduacao\/area-de-estruturas\/","title":{"rendered":"\u00c1rea de Estruturas"},"content":{"rendered":"<p><strong>Descri\u00e7\u00e3o da \u00c1rea de Concentra\u00e7\u00e3o de Estruturas<\/strong><\/p>\n<p>&nbsp;<\/p>\n<p>A \u00e1rea de Estruturas abrange estudos sobre o comportamento de estruturas de concreto armado, concreto protendido, materiais met\u00e1licos e polim\u00e9ricos, al\u00e9m das propriedades f\u00edsico-qu\u00edmicas de materiais de constru\u00e7\u00e3o. As pesquisas sobre o comportamento das estruturas concentram-se em experimenta\u00e7\u00e3o e modelagem num\u00e9rica com base em m\u00e9todos de an\u00e1lise est\u00e1ticos e din\u00e2micos de prot\u00f3tipos e de estruturas reais. S\u00e3o desenvolvidos m\u00e9todos de projeto e an\u00e1lise de estruturas de concreto, a\u00e7o e comp\u00f3sitos polim\u00e9ricos.<br \/>\nCom rela\u00e7\u00e3o \u00e0s pesquisas sobre materiais de constru\u00e7\u00e3o, a produ\u00e7\u00e3o e caracteriza\u00e7\u00e3o de materiais convencionais de constru\u00e7\u00e3o s\u00e3o estudadas, com base em t\u00e9cnicas laboratoriais e computacionais. Al\u00e9m disso, pesquisas sobre produ\u00e7\u00e3o e caracteriza\u00e7\u00e3o de novos materiais s\u00e3o desenvolvidas, principalmente sobre pozolanas, geopol\u00edmeros, comp\u00f3sitos polim\u00e9ricos, concretos de elevado desempenho e cer\u00e2micas, no sentido de conferir maior resist\u00eancia e durabilidade \u00e0s estruturas, com a interrela\u00e7\u00e3o entre as propriedades dos materiais e apectos relacionados \u00e0 sustentabilidade das constru\u00e7\u00f5es, como emiss\u00e3o de gases intensificadores de efeito estufa, uso racional de mat\u00e9ria-prima e reaproveitamento de res\u00edduos.<\/p>\n","protected":false},"excerpt":{"rendered":"<p>Descri\u00e7\u00e3o da \u00c1rea de Concentra\u00e7\u00e3o de Estruturas &nbsp; A \u00e1rea de Estruturas abrange estudos sobre o comportamento de estruturas de&#8230;<\/p>\n","protected":false},"author":8,"featured_media":0,"parent":502,"menu_order":6,"comment_status":"open","ping_status":"open","template":"","meta":{"footnotes":""},"class_list":["post-515","page","type-page","status-publish","hentry"],"_links":{"self":[{"href":"https:\/\/uenf.br\/cct\/leciv\/wp-json\/wp\/v2\/pages\/515","targetHints":{"allow":["GET"]}}],"collection":[{"href":"https:\/\/uenf.br\/cct\/leciv\/wp-json\/wp\/v2\/pages"}],"about":[{"href":"https:\/\/uenf.br\/cct\/leciv\/wp-json\/wp\/v2\/types\/page"}],"author":[{"embeddable":true,"href":"https:\/\/uenf.br\/cct\/leciv\/wp-json\/wp\/v2\/users\/8"}],"replies":[{"embeddable":true,"href":"https:\/\/uenf.br\/cct\/leciv\/wp-json\/wp\/v2\/comments?post=515"}],"version-history":[{"count":0,"href":"https:\/\/uenf.br\/cct\/leciv\/wp-json\/wp\/v2\/pages\/515\/revisions"}],"up":[{"embeddable":true,"href":"https:\/\/uenf.br\/cct\/leciv\/wp-json\/wp\/v2\/pages\/502"}],"wp:attachment":[{"href":"https:\/\/uenf.br\/cct\/leciv\/wp-json\/wp\/v2\/media?parent=515"}],"curies":[{"name":"wp","href":"https:\/\/api.w.org\/{rel}","templated":true}]}}