{"id":517,"date":"2014-12-17T13:21:01","date_gmt":"2014-12-17T13:21:01","guid":{"rendered":"http:\/\/uenf.br\/cct\/leciv\/?page_id=517"},"modified":"2014-12-17T13:21:01","modified_gmt":"2014-12-17T13:21:01","slug":"area-de-geotecnia","status":"publish","type":"page","link":"https:\/\/uenf.br\/cct\/leciv\/pos-graduacao\/area-de-geotecnia\/","title":{"rendered":"\u00c1rea de Geotecnia"},"content":{"rendered":"<div id=\"tituloPrincipal\"><strong>Descri\u00e7\u00e3o da \u00c1rea de Concentra\u00e7\u00e3o de Geotecnia<\/strong><\/div>\n<p>&nbsp;<\/p>\n<div id=\"materiaPrincipal\">\n<div>\u00a0\u00a0 A \u00e1rea de Geotecnia Objetiva o estudo de problemas geot\u00e9cnicos b\u00e1sicos e avan\u00e7ados, este mais relacionado ao contexto regional voltado primordialmente a pesquisas direcionadas a atividades do setor extrativista de petr\u00f3leo e g\u00e1s (produ\u00e7\u00e3o e transporte), de rochas ornamentais, cer\u00e2micos e problemas ambientais.<br \/>\nPara caracterizar esta \u00e1rea de concentra\u00e7\u00e3o, contamos com um conjunto de linhas de pesquisa que proporcione o entendimento desses setores e que permitam inter-relacionar atividades com a \u00e1rea de concentra\u00e7\u00e3o de estruturas,uma vez que os problemas levantados apresentam um consider\u00e1vel interface entre as duas \u00e1reas propostas, tanto na \u00e1rea num\u00e9rica como experimental.<\/p>\n<div>\u00a0\u00a0 Assim, destacamos como importantes o estudo geot\u00e9cnico para embasar pesquisa em:<br \/>\na) Estruturas Assentes em Leito Marinho (Ancoragens, dutos enterrados, raisers, Taludes Submersos);<br \/>\nb) Incorpora\u00e7\u00e3o de res\u00edduos (cer\u00e2mica,Rochas Ornamentais, problemas ambientais);<br \/>\nc) Materiais n\u00e3o convencionais em Obras Geot\u00e9cnicas (Barragens com n\u00facleo asfalt ico, degrada\u00e7\u00e3o).<\/div>\n<\/div>\n<\/div>\n","protected":false},"excerpt":{"rendered":"<p>Descri\u00e7\u00e3o da \u00c1rea de Concentra\u00e7\u00e3o de Geotecnia &nbsp; \u00a0\u00a0 A \u00e1rea de Geotecnia Objetiva o estudo de problemas geot\u00e9cnicos b\u00e1sicos&#8230;<\/p>\n","protected":false},"author":8,"featured_media":0,"parent":502,"menu_order":7,"comment_status":"open","ping_status":"open","template":"","meta":{"footnotes":""},"class_list":["post-517","page","type-page","status-publish","hentry"],"_links":{"self":[{"href":"https:\/\/uenf.br\/cct\/leciv\/wp-json\/wp\/v2\/pages\/517","targetHints":{"allow":["GET"]}}],"collection":[{"href":"https:\/\/uenf.br\/cct\/leciv\/wp-json\/wp\/v2\/pages"}],"about":[{"href":"https:\/\/uenf.br\/cct\/leciv\/wp-json\/wp\/v2\/types\/page"}],"author":[{"embeddable":true,"href":"https:\/\/uenf.br\/cct\/leciv\/wp-json\/wp\/v2\/users\/8"}],"replies":[{"embeddable":true,"href":"https:\/\/uenf.br\/cct\/leciv\/wp-json\/wp\/v2\/comments?post=517"}],"version-history":[{"count":0,"href":"https:\/\/uenf.br\/cct\/leciv\/wp-json\/wp\/v2\/pages\/517\/revisions"}],"up":[{"embeddable":true,"href":"https:\/\/uenf.br\/cct\/leciv\/wp-json\/wp\/v2\/pages\/502"}],"wp:attachment":[{"href":"https:\/\/uenf.br\/cct\/leciv\/wp-json\/wp\/v2\/media?parent=517"}],"curies":[{"name":"wp","href":"https:\/\/api.w.org\/{rel}","templated":true}]}}