{"id":529,"date":"2014-12-17T13:39:19","date_gmt":"2014-12-17T13:39:19","guid":{"rendered":"http:\/\/uenf.br\/cct\/leciv\/?page_id=529"},"modified":"2016-04-07T12:39:18","modified_gmt":"2016-04-07T12:39:18","slug":"oficina-de-ensaios-de-caracterizacao","status":"publish","type":"page","link":"https:\/\/uenf.br\/cct\/leciv\/pos-graduacao\/oficinas-de-ensino-e-pesquisa\/oficina-de-ensaios-de-caracterizacao\/","title":{"rendered":"Oficina de Ensaios de Caracteriza\u00e7\u00e3o"},"content":{"rendered":"<p><a href=\"http:\/\/uenf.br\/cct\/leciv\/files\/2014\/12\/oficina-de-ensaio-e-caracteriza\u00e7\u00e3o.jpg\"><img loading=\"lazy\" decoding=\"async\" class=\"alignleft wp-image-530\" src=\"http:\/\/uenf.br\/cct\/leciv\/files\/2014\/12\/oficina-de-ensaio-e-caracteriza\u00e7\u00e3o.jpg\" alt=\"oficina de ensaio e caracteriza\u00e7\u00e3o\" width=\"277\" height=\"208\" srcset=\"https:\/\/uenf.br\/cct\/leciv\/files\/2014\/12\/oficina-de-ensaio-e-caracteriza\u00e7\u00e3o.jpg 640w, https:\/\/uenf.br\/cct\/leciv\/files\/2014\/12\/oficina-de-ensaio-e-caracteriza\u00e7\u00e3o-300x225.jpg 300w, https:\/\/uenf.br\/cct\/leciv\/files\/2014\/12\/oficina-de-ensaio-e-caracteriza\u00e7\u00e3o-150x112.jpg 150w, https:\/\/uenf.br\/cct\/leciv\/files\/2014\/12\/oficina-de-ensaio-e-caracteriza\u00e7\u00e3o-400x300.jpg 400w\" sizes=\"auto, (max-width: 277px) 100vw, 277px\" \/><\/a><span style=\"font-family: Arial\">As oficinas de caracteriza\u00e7\u00e3o v\u00eam desenvolvendo estudos geot\u00e9cnicos desde 1994, e \u00e9 composta de equipamentos devidamente capacitados para as realiza\u00e7\u00f5es dos seguintes ensaios:<br \/>\n<\/span><em><br \/>\nEnsaio de An\u00e1lise Granulom\u00e9trica, por Peneiramento e Sedimenta\u00e7\u00e3o;<br \/>\nDetermina\u00e7\u00e3o do Limite de Liquidez;<br \/>\nDetermina\u00e7\u00e3o do Limite de Plasticidade;<br \/>\nDetermina\u00e7\u00e3o do Limite de Contra\u00e7\u00e3o;<br \/>\nDetermina\u00e7\u00e3o da Densidade Real dos Gr\u00e3os;<br \/>\n<\/em><em>Ensaio de Compacta\u00e7\u00e3o nas Energias do Proctor Normal, Intermedi\u00e1rio e Modificado<\/em><\/p>\n<p>\u00c9 composto ainda de prensa para prepara\u00e7\u00e3o de corpos de prova cer\u00e2micos, estufas, balan\u00e7a anal\u00edtica e aparelhos diversos.<\/p>\n<p>&nbsp;<\/p>\n<p>&nbsp;<\/p>\n","protected":false},"excerpt":{"rendered":"<p>As oficinas de caracteriza\u00e7\u00e3o v\u00eam desenvolvendo estudos geot\u00e9cnicos desde 1994, e \u00e9 composta de equipamentos devidamente capacitados para as realiza\u00e7\u00f5es&#8230;<\/p>\n","protected":false},"author":8,"featured_media":0,"parent":519,"menu_order":5,"comment_status":"open","ping_status":"open","template":"","meta":{"footnotes":""},"class_list":["post-529","page","type-page","status-publish","hentry"],"_links":{"self":[{"href":"https:\/\/uenf.br\/cct\/leciv\/wp-json\/wp\/v2\/pages\/529","targetHints":{"allow":["GET"]}}],"collection":[{"href":"https:\/\/uenf.br\/cct\/leciv\/wp-json\/wp\/v2\/pages"}],"about":[{"href":"https:\/\/uenf.br\/cct\/leciv\/wp-json\/wp\/v2\/types\/page"}],"author":[{"embeddable":true,"href":"https:\/\/uenf.br\/cct\/leciv\/wp-json\/wp\/v2\/users\/8"}],"replies":[{"embeddable":true,"href":"https:\/\/uenf.br\/cct\/leciv\/wp-json\/wp\/v2\/comments?post=529"}],"version-history":[{"count":0,"href":"https:\/\/uenf.br\/cct\/leciv\/wp-json\/wp\/v2\/pages\/529\/revisions"}],"up":[{"embeddable":true,"href":"https:\/\/uenf.br\/cct\/leciv\/wp-json\/wp\/v2\/pages\/519"}],"wp:attachment":[{"href":"https:\/\/uenf.br\/cct\/leciv\/wp-json\/wp\/v2\/media?parent=529"}],"curies":[{"name":"wp","href":"https:\/\/api.w.org\/{rel}","templated":true}]}}