{"id":532,"date":"2014-12-17T13:45:11","date_gmt":"2014-12-17T13:45:11","guid":{"rendered":"http:\/\/uenf.br\/cct\/leciv\/?page_id=532"},"modified":"2016-04-07T12:38:31","modified_gmt":"2016-04-07T12:38:31","slug":"oficina-de-ensaios-especiais-em-geotecnia","status":"publish","type":"page","link":"https:\/\/uenf.br\/cct\/leciv\/pos-graduacao\/oficinas-de-ensino-e-pesquisa\/oficina-de-ensaios-especiais-em-geotecnia\/","title":{"rendered":"Oficina de Ensaios Especiais em Geotecnia"},"content":{"rendered":"<p><img decoding=\"async\" src=\"http:\/\/uenf.br\/Uenf\/fotos\/LECIV_7364_1258462362.jpg\" alt=\"\" width=\"240\" align=\"left\" border=\"0\" \/><\/p>\n<div id=\"materiaPrincipal\">\n<p class=\"NormalWeb1\">\u00a0\u00a0\u00a0\u00a0\u00a0\u00a0\u00a0\u00a0\u00a0 A oficina de pesquisa e ensino de ensaios especiais em geotecnia \u00e9 aparelhada com diversos equipamentos destinados ao estudo de diversas propriedades dos solos, rochas e cer\u00e2micas. Nesta Oficina s\u00e3o desenvolvidos estudos de investiga\u00e7\u00e3o em diversas obras e engenharia, tais como: estabilidade de taludes e conten\u00e7\u00f5es, funda\u00e7\u00f5es, capacidade de carga de maci\u00e7os, recalques, barragens de terra e fluxos, dentre outras. Esta Oficina v\u00eam desenvolvendo estudos geot\u00e9cnicos desde 1994 e \u00e9 composta de equipamentos devidamente capacitados para realiza\u00e7\u00e3o dos seguintes ensaios:<\/p>\n<p class=\"NormalWeb1\"><i>\u00a0\u00a0\u00a0\u00a0\u00a0\u00a0\u00a0\u00a0\u00a0\u00a0\u00a0\u00a0<\/i><em>\u00a0\u00a0\u00a0\u00a0\u00a0\u00a0\u00a0\u00a0\u00a0 <\/em><\/p>\n<p class=\"NormalWeb1\" style=\"text-align: left\"><em>Cisalhamento Direto Adensado, R\u00e1pido e Lento;<br \/>\nCisalhamento de Tor\u00e7\u00e3o (Ring Shear);<br \/>\nPermeabilidade \u00e0 Carga Constante;<br \/>\nPermeabilidade \u00e0 Carga Vari\u00e1vel;<br \/>\nAdensamento Unidimensional (Oedom\u00e9trico);<br \/>\nCompress\u00e3o Triaxial do Tipo UU &#8211; R\u00e1pido \u2013 N\u00e3o Consolidado, N\u00e3o Drenado;<br \/>\nCompress\u00e3o Triaxial do Tipo CIU \u2013 Adensado R\u00e1pido \u2013Consolidado, Isotropicamente, N\u00e3o Drenado; Compress\u00e3o Triaxial do Tipo CID &#8211; Adensado Lento &#8211; Consolidado, Isotropicamente, Drenado; dentre outros.<br \/>\n<\/em><em><br \/>\n<\/em>\u00a0\u00a0\u00a0\u00a0\u00a0\u00a0\u00a0\u00a0\u00a0\u00a0\u00a0 A oficina de ensaios especiais possui tamb\u00e9m tanques para o desenvolvimento de modelos reduzidos de obras de engenharia geot\u00e9cnica.<br \/>\nA Oficina possui sistema de produ\u00e7\u00e3o de \u00e1gua destilada e deaerada que permite o transporte da \u00e1gua para diversos reservat\u00f3rios do LECIV utilizando-se se sistema por ar-comprimido.<br \/>\nTodos os equipamentos de ensaios possuem sistema de aquisi\u00e7\u00e3o de dados autom\u00e1tico. Este sistema, ainda em fase experimental vai permitir\u00a0 a execu\u00e7\u00e3o dos ensaios de forma din\u00e2mica e confi\u00e1vel. Destaca-se que os dados provenientes dos ensaios ser\u00e3o disponibilizados em p\u00e1gina da Internet para monitora\u00e7\u00e3o a longa dist\u00e2ncia da evolu\u00e7\u00e3o dos ensaios.<br \/>\nPara visualizar os resultados obtidos, dos ensaios feitos no programa LabView, clique no link abaixo. Mas antes, fa\u00e7a o download do pluggin (20 Mb) no link <span style=\"text-decoration: underline\">Download<\/span>.<\/p>\n<\/div>\n","protected":false},"excerpt":{"rendered":"<p>\u00a0\u00a0\u00a0\u00a0\u00a0\u00a0\u00a0\u00a0\u00a0 A oficina de pesquisa e ensino de ensaios especiais em geotecnia \u00e9 aparelhada com diversos equipamentos destinados ao estudo&#8230;<\/p>\n","protected":false},"author":8,"featured_media":0,"parent":519,"menu_order":6,"comment_status":"open","ping_status":"open","template":"","meta":{"footnotes":""},"class_list":["post-532","page","type-page","status-publish","hentry"],"_links":{"self":[{"href":"https:\/\/uenf.br\/cct\/leciv\/wp-json\/wp\/v2\/pages\/532","targetHints":{"allow":["GET"]}}],"collection":[{"href":"https:\/\/uenf.br\/cct\/leciv\/wp-json\/wp\/v2\/pages"}],"about":[{"href":"https:\/\/uenf.br\/cct\/leciv\/wp-json\/wp\/v2\/types\/page"}],"author":[{"embeddable":true,"href":"https:\/\/uenf.br\/cct\/leciv\/wp-json\/wp\/v2\/users\/8"}],"replies":[{"embeddable":true,"href":"https:\/\/uenf.br\/cct\/leciv\/wp-json\/wp\/v2\/comments?post=532"}],"version-history":[{"count":0,"href":"https:\/\/uenf.br\/cct\/leciv\/wp-json\/wp\/v2\/pages\/532\/revisions"}],"up":[{"embeddable":true,"href":"https:\/\/uenf.br\/cct\/leciv\/wp-json\/wp\/v2\/pages\/519"}],"wp:attachment":[{"href":"https:\/\/uenf.br\/cct\/leciv\/wp-json\/wp\/v2\/media?parent=532"}],"curies":[{"name":"wp","href":"https:\/\/api.w.org\/{rel}","templated":true}]}}