{"id":553,"date":"2014-12-17T13:55:58","date_gmt":"2014-12-17T13:55:58","guid":{"rendered":"http:\/\/uenf.br\/cct\/leciv\/?page_id=553"},"modified":"2016-04-07T12:32:17","modified_gmt":"2016-04-07T12:32:17","slug":"sala-de-computacao","status":"publish","type":"page","link":"https:\/\/uenf.br\/cct\/leciv\/pos-graduacao\/oficinas-de-ensino-e-pesquisa\/sala-de-computacao\/","title":{"rendered":"Sala de Computa\u00e7\u00e3o"},"content":{"rendered":"<p><a href=\"http:\/\/uenf.br\/cct\/leciv\/files\/2014\/12\/sala-computa\u00e7\u00e3o.jpg\"><img loading=\"lazy\" decoding=\"async\" class=\"alignleft  wp-image-554\" src=\"http:\/\/uenf.br\/cct\/leciv\/files\/2014\/12\/sala-computa\u00e7\u00e3o.jpg\" alt=\"sala computa\u00e7\u00e3o\" width=\"254\" height=\"190\" srcset=\"https:\/\/uenf.br\/cct\/leciv\/files\/2014\/12\/sala-computa\u00e7\u00e3o.jpg 640w, https:\/\/uenf.br\/cct\/leciv\/files\/2014\/12\/sala-computa\u00e7\u00e3o-300x225.jpg 300w, https:\/\/uenf.br\/cct\/leciv\/files\/2014\/12\/sala-computa\u00e7\u00e3o-150x112.jpg 150w, https:\/\/uenf.br\/cct\/leciv\/files\/2014\/12\/sala-computa\u00e7\u00e3o-400x300.jpg 400w\" sizes=\"auto, (max-width: 254px) 100vw, 254px\" \/><\/a>O Laborat\u00f3rio de Engenharia Civil da UENF possui duas salas computa\u00e7\u00e3o. Estas sala \u00e9 aparelhada com computadores modernos, impressora e scaner, dispon\u00edveis aos usu\u00e1rios de computadores da Engenharia Civil\u00a0em n\u00edvel de gradua\u00e7\u00e3o, inicia\u00e7\u00e3o cient\u00edfica e tecl\u00f3gica, extens\u00e3o e p\u00f3s-gradua\u00e7\u00e3o.<\/p>\n","protected":false},"excerpt":{"rendered":"<p>O Laborat\u00f3rio de Engenharia Civil da UENF possui duas salas computa\u00e7\u00e3o. Estas sala \u00e9 aparelhada com computadores modernos, impressora e&#8230;<\/p>\n","protected":false},"author":8,"featured_media":0,"parent":519,"menu_order":14,"comment_status":"open","ping_status":"open","template":"","meta":{"footnotes":""},"class_list":["post-553","page","type-page","status-publish","hentry"],"_links":{"self":[{"href":"https:\/\/uenf.br\/cct\/leciv\/wp-json\/wp\/v2\/pages\/553","targetHints":{"allow":["GET"]}}],"collection":[{"href":"https:\/\/uenf.br\/cct\/leciv\/wp-json\/wp\/v2\/pages"}],"about":[{"href":"https:\/\/uenf.br\/cct\/leciv\/wp-json\/wp\/v2\/types\/page"}],"author":[{"embeddable":true,"href":"https:\/\/uenf.br\/cct\/leciv\/wp-json\/wp\/v2\/users\/8"}],"replies":[{"embeddable":true,"href":"https:\/\/uenf.br\/cct\/leciv\/wp-json\/wp\/v2\/comments?post=553"}],"version-history":[{"count":0,"href":"https:\/\/uenf.br\/cct\/leciv\/wp-json\/wp\/v2\/pages\/553\/revisions"}],"up":[{"embeddable":true,"href":"https:\/\/uenf.br\/cct\/leciv\/wp-json\/wp\/v2\/pages\/519"}],"wp:attachment":[{"href":"https:\/\/uenf.br\/cct\/leciv\/wp-json\/wp\/v2\/media?parent=553"}],"curies":[{"name":"wp","href":"https:\/\/api.w.org\/{rel}","templated":true}]}}