{"id":567,"date":"2015-01-05T12:04:59","date_gmt":"2015-01-05T12:04:59","guid":{"rendered":"http:\/\/uenf.br\/cct\/leciv\/?page_id=567"},"modified":"2016-11-29T11:24:07","modified_gmt":"2016-11-29T11:24:07","slug":"567-2","status":"publish","type":"page","link":"https:\/\/uenf.br\/cct\/leciv\/pos-graduacao\/disciplinas-ementas\/567-2\/","title":{"rendered":"An\u00e1lise Estrutural Avan\u00e7ada"},"content":{"rendered":"<p><strong>Ementa:<\/strong> Introdu\u00e7\u00e3o. No\u00e7\u00f5es b\u00e1sicas sobre tensores. Cinem\u00e1tica: an\u00e1lise de deforma\u00e7\u00f5es. Tens\u00f5es. Rela\u00e7\u00f5es tens\u00e3o-deforma\u00e7\u00e3o. Conceitos de energia e trabalho. Problemas diversos. Estados particulares de tens\u00f5es e deforma\u00e7\u00f5es. Fun\u00e7\u00f5es de Airy. Solu\u00e7\u00f5es polinomiais. Solu\u00e7\u00f5es em s\u00e9rie de Fourier. Problemas em coordenadas polares-cil\u00edndricas. Tor\u00e7\u00e3o.<\/p>\n<p>&nbsp;<\/p>\n<p><a href=\"http:\/\/uenf.br\/cct\/leciv\/files\/2015\/01\/An\u00e1lise-estrutura-avan\u00e7ada.pdf\">Download!<\/a><\/p>\n","protected":false},"excerpt":{"rendered":"<p>Ementa: Introdu\u00e7\u00e3o. No\u00e7\u00f5es b\u00e1sicas sobre tensores. Cinem\u00e1tica: an\u00e1lise de deforma\u00e7\u00f5es. Tens\u00f5es. Rela\u00e7\u00f5es tens\u00e3o-deforma\u00e7\u00e3o. Conceitos de energia e trabalho. Problemas diversos&#8230;.<\/p>\n","protected":false},"author":8,"featured_media":0,"parent":562,"menu_order":1,"comment_status":"open","ping_status":"open","template":"","meta":{"footnotes":""},"class_list":["post-567","page","type-page","status-publish","hentry"],"_links":{"self":[{"href":"https:\/\/uenf.br\/cct\/leciv\/wp-json\/wp\/v2\/pages\/567","targetHints":{"allow":["GET"]}}],"collection":[{"href":"https:\/\/uenf.br\/cct\/leciv\/wp-json\/wp\/v2\/pages"}],"about":[{"href":"https:\/\/uenf.br\/cct\/leciv\/wp-json\/wp\/v2\/types\/page"}],"author":[{"embeddable":true,"href":"https:\/\/uenf.br\/cct\/leciv\/wp-json\/wp\/v2\/users\/8"}],"replies":[{"embeddable":true,"href":"https:\/\/uenf.br\/cct\/leciv\/wp-json\/wp\/v2\/comments?post=567"}],"version-history":[{"count":0,"href":"https:\/\/uenf.br\/cct\/leciv\/wp-json\/wp\/v2\/pages\/567\/revisions"}],"up":[{"embeddable":true,"href":"https:\/\/uenf.br\/cct\/leciv\/wp-json\/wp\/v2\/pages\/562"}],"wp:attachment":[{"href":"https:\/\/uenf.br\/cct\/leciv\/wp-json\/wp\/v2\/media?parent=567"}],"curies":[{"name":"wp","href":"https:\/\/api.w.org\/{rel}","templated":true}]}}