{"id":572,"date":"2015-01-05T12:10:27","date_gmt":"2015-01-05T12:10:27","guid":{"rendered":"http:\/\/uenf.br\/cct\/leciv\/?page_id=572"},"modified":"2016-12-20T13:57:19","modified_gmt":"2016-12-20T13:57:19","slug":"analise-matricial-das-estruturas","status":"publish","type":"page","link":"https:\/\/uenf.br\/cct\/leciv\/pos-graduacao\/disciplinas-ementas\/analise-matricial-das-estruturas\/","title":{"rendered":"An\u00e1lise Matricial das Estruturas"},"content":{"rendered":"<p><strong>Ementa:<\/strong> Ao concluir o curso, o aluno de p\u00f3s-gradua\u00e7\u00e3o deve ser capaz de compreender sobre a an\u00e1lise linear e n\u00e3o linear de estruturas planas constitu\u00eddas de elementos de barra via formula\u00e7\u00e3o matricial do m\u00e9todo dos deslocamentos.\u00a0 Alem disso, saber\u00e1 tamb\u00e9m desenvolver programa de p\u00f3rtico plano e de treli\u00e7a plana.<\/p>\n<p>&nbsp;<\/p>\n<p><a href=\"http:\/\/uenf.br\/cct\/leciv\/files\/2015\/01\/an\u00e1lise-matricial-das-estruturas.pdf\">Download aqui!<\/a><\/p>\n","protected":false},"excerpt":{"rendered":"<p>Ementa: Ao concluir o curso, o aluno de p\u00f3s-gradua\u00e7\u00e3o deve ser capaz de compreender sobre a an\u00e1lise linear e n\u00e3o&#8230;<\/p>\n","protected":false},"author":8,"featured_media":0,"parent":562,"menu_order":2,"comment_status":"open","ping_status":"open","template":"","meta":{"footnotes":""},"class_list":["post-572","page","type-page","status-publish","hentry"],"_links":{"self":[{"href":"https:\/\/uenf.br\/cct\/leciv\/wp-json\/wp\/v2\/pages\/572","targetHints":{"allow":["GET"]}}],"collection":[{"href":"https:\/\/uenf.br\/cct\/leciv\/wp-json\/wp\/v2\/pages"}],"about":[{"href":"https:\/\/uenf.br\/cct\/leciv\/wp-json\/wp\/v2\/types\/page"}],"author":[{"embeddable":true,"href":"https:\/\/uenf.br\/cct\/leciv\/wp-json\/wp\/v2\/users\/8"}],"replies":[{"embeddable":true,"href":"https:\/\/uenf.br\/cct\/leciv\/wp-json\/wp\/v2\/comments?post=572"}],"version-history":[{"count":0,"href":"https:\/\/uenf.br\/cct\/leciv\/wp-json\/wp\/v2\/pages\/572\/revisions"}],"up":[{"embeddable":true,"href":"https:\/\/uenf.br\/cct\/leciv\/wp-json\/wp\/v2\/pages\/562"}],"wp:attachment":[{"href":"https:\/\/uenf.br\/cct\/leciv\/wp-json\/wp\/v2\/media?parent=572"}],"curies":[{"name":"wp","href":"https:\/\/api.w.org\/{rel}","templated":true}]}}