{"id":639,"date":"2015-01-06T12:51:44","date_gmt":"2015-01-06T12:51:44","guid":{"rendered":"http:\/\/uenf.br\/cct\/leciv\/?page_id=639"},"modified":"2016-11-29T12:04:02","modified_gmt":"2016-11-29T12:04:02","slug":"mecanismos-de-interacao-solo-estrutura","status":"publish","type":"page","link":"https:\/\/uenf.br\/cct\/leciv\/pos-graduacao\/disciplinas-ementas\/mecanismos-de-interacao-solo-estrutura\/","title":{"rendered":"Mecanismos de Intera\u00e7\u00e3o Solo Estrutura"},"content":{"rendered":"<p><strong>Ementa:<\/strong> Nesta disciplina faz-se inicialmente a introdu\u00e7\u00e3o ao assunto apresentando-se algumas defini\u00e7\u00f5es e conceitos iniciais importantes para a compreens\u00e3o do assunto. S\u00e3o discutidos aspectos relativos aos recalques em funda\u00e7\u00f5es rasas e profundas de edif\u00edcios, abordando-se o c\u00e1lculo, os mecanismos de transfer\u00eancia de carga e a medi\u00e7\u00e3o das deforma\u00e7\u00f5es dos maci\u00e7os de funda\u00e7\u00e3o. Descrevem-se os principais efeitos das deforma\u00e7\u00f5es dos elementos de deforma\u00e7\u00f5es na estrutura de edifica\u00e7\u00f5es. S\u00e3o discutidos os modeles estruturais utilizados na determina\u00e7\u00e3o dos esfor\u00e7os na estrutura e na funda\u00e7\u00e3o, dando-se \u00eanfase nos tipos e aplica\u00e7\u00f5es de cada tipo de elemento constituinte do edif\u00edcio e na forma de modelagem. Apresentam-se aspectos referentes \u00e0 influ\u00eancia da modelagem num\u00e9rica na determina\u00e7\u00e3o dos esfor\u00e7os na estrutura e na funda\u00e7\u00e3o. Discutem-se os efeitos da intera\u00e7\u00e3o solo-funda\u00e7\u00e3o-estrutura avaliando-se a redistribui\u00e7\u00e3o das tens\u00f5es e deforma\u00e7\u00f5es na estrutura do edif\u00edcio e a influencia do tipo e da rigidez estrutural no comportamento da edifica\u00e7\u00e3o.<\/p>\n<p>&nbsp;<\/p>\n<p><a href=\"http:\/\/uenf.br\/cct\/leciv\/files\/2015\/01\/Mecanismos-de-Intera\u00e7\u00e3o.pdf\">Download aqui!<\/a><\/p>\n","protected":false},"excerpt":{"rendered":"<p>Ementa: Nesta disciplina faz-se inicialmente a introdu\u00e7\u00e3o ao assunto apresentando-se algumas defini\u00e7\u00f5es e conceitos iniciais importantes para a compreens\u00e3o do&#8230;<\/p>\n","protected":false},"author":8,"featured_media":0,"parent":562,"menu_order":22,"comment_status":"open","ping_status":"open","template":"","meta":{"footnotes":""},"class_list":["post-639","page","type-page","status-publish","hentry"],"_links":{"self":[{"href":"https:\/\/uenf.br\/cct\/leciv\/wp-json\/wp\/v2\/pages\/639","targetHints":{"allow":["GET"]}}],"collection":[{"href":"https:\/\/uenf.br\/cct\/leciv\/wp-json\/wp\/v2\/pages"}],"about":[{"href":"https:\/\/uenf.br\/cct\/leciv\/wp-json\/wp\/v2\/types\/page"}],"author":[{"embeddable":true,"href":"https:\/\/uenf.br\/cct\/leciv\/wp-json\/wp\/v2\/users\/8"}],"replies":[{"embeddable":true,"href":"https:\/\/uenf.br\/cct\/leciv\/wp-json\/wp\/v2\/comments?post=639"}],"version-history":[{"count":0,"href":"https:\/\/uenf.br\/cct\/leciv\/wp-json\/wp\/v2\/pages\/639\/revisions"}],"up":[{"embeddable":true,"href":"https:\/\/uenf.br\/cct\/leciv\/wp-json\/wp\/v2\/pages\/562"}],"wp:attachment":[{"href":"https:\/\/uenf.br\/cct\/leciv\/wp-json\/wp\/v2\/media?parent=639"}],"curies":[{"name":"wp","href":"https:\/\/api.w.org\/{rel}","templated":true}]}}