{"id":705,"date":"2015-01-07T13:27:44","date_gmt":"2015-01-07T13:27:44","guid":{"rendered":"http:\/\/uenf.br\/cct\/leciv\/?page_id=705"},"modified":"2016-03-04T13:19:58","modified_gmt":"2016-03-04T13:19:58","slug":"normas-e-resolucoes","status":"publish","type":"page","link":"https:\/\/uenf.br\/cct\/leciv\/pos-graduacao\/normas-e-resolucoes\/","title":{"rendered":"Normas e Resolu\u00e7\u00f5es"},"content":{"rendered":"<p>Normas e Resolu\u00e7\u00f5es de Engenharia Civil<\/p>\n<p><a href=\"http:\/\/uenf.br\/cct\/leciv\/files\/2015\/01\/NormasEC_2012.pdf\" rel=\"\">Resolu\u00e7\u00e3o CPPGEC n\u00ba 02\/2012<\/a><\/p>\n<p><a href=\"http:\/\/uenf.br\/cct\/leciv\/files\/2015\/01\/Qualifica\u00e7\u00e3oEC_resolu\u00e7\u00e3o.pdf\" rel=\"\">Resolu\u00e7\u00e3o n\u00ba08\/2012<\/a><\/p>\n<p>&nbsp;<\/p>\n","protected":false},"excerpt":{"rendered":"<p>Normas e Resolu\u00e7\u00f5es de Engenharia Civil Resolu\u00e7\u00e3o CPPGEC n\u00ba 02\/2012 Resolu\u00e7\u00e3o n\u00ba08\/2012 &nbsp;<\/p>\n","protected":false},"author":8,"featured_media":0,"parent":502,"menu_order":12,"comment_status":"open","ping_status":"open","template":"","meta":{"footnotes":""},"class_list":["post-705","page","type-page","status-publish","hentry"],"_links":{"self":[{"href":"https:\/\/uenf.br\/cct\/leciv\/wp-json\/wp\/v2\/pages\/705","targetHints":{"allow":["GET"]}}],"collection":[{"href":"https:\/\/uenf.br\/cct\/leciv\/wp-json\/wp\/v2\/pages"}],"about":[{"href":"https:\/\/uenf.br\/cct\/leciv\/wp-json\/wp\/v2\/types\/page"}],"author":[{"embeddable":true,"href":"https:\/\/uenf.br\/cct\/leciv\/wp-json\/wp\/v2\/users\/8"}],"replies":[{"embeddable":true,"href":"https:\/\/uenf.br\/cct\/leciv\/wp-json\/wp\/v2\/comments?post=705"}],"version-history":[{"count":0,"href":"https:\/\/uenf.br\/cct\/leciv\/wp-json\/wp\/v2\/pages\/705\/revisions"}],"up":[{"embeddable":true,"href":"https:\/\/uenf.br\/cct\/leciv\/wp-json\/wp\/v2\/pages\/502"}],"wp:attachment":[{"href":"https:\/\/uenf.br\/cct\/leciv\/wp-json\/wp\/v2\/media?parent=705"}],"curies":[{"name":"wp","href":"https:\/\/api.w.org\/{rel}","templated":true}]}}