{"id":754,"date":"2015-01-09T11:04:40","date_gmt":"2015-01-09T11:04:40","guid":{"rendered":"http:\/\/uenf.br\/cct\/leciv\/?page_id=754"},"modified":"2016-08-30T17:37:33","modified_gmt":"2016-08-30T17:37:33","slug":"modelos-de-solicitacoes","status":"publish","type":"page","link":"https:\/\/uenf.br\/cct\/leciv\/pos-graduacao\/modelos-de-solicitacoes\/","title":{"rendered":"Modelos de Solicita\u00e7\u00f5es"},"content":{"rendered":"<p><a href=\"http:\/\/uenf.br\/cct\/leciv\/files\/2015\/01\/Formul\u00e1rio-para-pedido-de-defesa-1.doc\" rel=\"\">Aprova\u00e7\u00e3o de Banca para Mestrado e Doutorado<\/a><\/p>\n<p><a href=\"http:\/\/uenf.br\/cct\/leciv\/pos-graduacao\/modelos-de-solicitacoes\/diarias\/\">Di\u00e1rias<\/a><\/p>\n<p><a href=\"http:\/\/uenf.br\/cct\/leciv\/pos-graduacao\/modelos-de-solicitacoes\/prorrogacao-de-defesa-de-dissertacao-e-tese\/\">Prorroga\u00e7\u00e3o de Defesa de Disserta\u00e7\u00e3o e Tese<\/a><\/p>\n<p><a href=\"http:\/\/uenf.br\/cct\/leciv\/pos-graduacao\/modelos-de-solicitacoes\/reembolsos-em-geral\/\">Reembolsos em Geral<\/a><\/p>\n<p><a href=\"http:\/\/uenf.br\/cct\/leciv\/pos-graduacao\/modelos-de-solicitacoes\/material-de-consumo-ou-prestacao-de-servico\/\">Material de Consumo ou Presta\u00e7\u00e3o de Servi\u00e7o<\/a><\/p>\n<p><a href=\"http:\/\/uenf.br\/cct\/leciv\/pos-graduacao\/modelos-de-solicitacoes\/inscricao-em-eventos\/\">Inscri\u00e7\u00e3o em Eventos<\/a><\/p>\n<p><a href=\"http:\/\/uenf.br\/cct\/leciv\/pos-graduacao\/modelos-de-solicitacoes\/hospedagem\/\">Hospedagem<\/a><\/p>\n<p><a href=\"http:\/\/uenf.br\/cct\/leciv\/pos-graduacao\/modelos-de-solicitacoes\/passagem-aerea\/\">Passagem A\u00e9rea<\/a><\/p>\n<p><a href=\"http:\/\/uenf.br\/cct\/leciv\/pos-graduacao\/modelos-de-solicitacoes\/curso\/\">Curso<\/a><\/p>\n<p>&nbsp;<\/p>\n","protected":false},"excerpt":{"rendered":"<p>Aprova\u00e7\u00e3o de Banca para Mestrado e Doutorado Di\u00e1rias Prorroga\u00e7\u00e3o de Defesa de Disserta\u00e7\u00e3o e Tese Reembolsos em Geral Material de&#8230;<\/p>\n","protected":false},"author":8,"featured_media":0,"parent":502,"menu_order":17,"comment_status":"open","ping_status":"open","template":"","meta":{"footnotes":""},"class_list":["post-754","page","type-page","status-publish","hentry"],"_links":{"self":[{"href":"https:\/\/uenf.br\/cct\/leciv\/wp-json\/wp\/v2\/pages\/754","targetHints":{"allow":["GET"]}}],"collection":[{"href":"https:\/\/uenf.br\/cct\/leciv\/wp-json\/wp\/v2\/pages"}],"about":[{"href":"https:\/\/uenf.br\/cct\/leciv\/wp-json\/wp\/v2\/types\/page"}],"author":[{"embeddable":true,"href":"https:\/\/uenf.br\/cct\/leciv\/wp-json\/wp\/v2\/users\/8"}],"replies":[{"embeddable":true,"href":"https:\/\/uenf.br\/cct\/leciv\/wp-json\/wp\/v2\/comments?post=754"}],"version-history":[{"count":0,"href":"https:\/\/uenf.br\/cct\/leciv\/wp-json\/wp\/v2\/pages\/754\/revisions"}],"up":[{"embeddable":true,"href":"https:\/\/uenf.br\/cct\/leciv\/wp-json\/wp\/v2\/pages\/502"}],"wp:attachment":[{"href":"https:\/\/uenf.br\/cct\/leciv\/wp-json\/wp\/v2\/media?parent=754"}],"curies":[{"name":"wp","href":"https:\/\/api.w.org\/{rel}","templated":true}]}}