{"id":830,"date":"2015-01-12T11:46:21","date_gmt":"2015-01-12T11:46:21","guid":{"rendered":"http:\/\/uenf.br\/cct\/leciv\/?page_id=830"},"modified":"2016-12-01T19:54:00","modified_gmt":"2016-12-01T19:54:00","slug":"alex-mota-soares-geotecnia","status":"publish","type":"page","link":"https:\/\/uenf.br\/cct\/leciv\/pos-graduacao\/dissertacoes-de-mestrado\/alex-mota-soares-geotecnia\/","title":{"rendered":"Alex Mota Soares-Geotecnia"},"content":{"rendered":"<div id=\"materiaPrincipal\">\n<p><strong>Fluxo de Gases e Avalia\u00e7\u00e3o dos Par\u00e2metros Geot\u00e9cnicos do Solo Usado como Camada de Cobertura do Aterro de Res\u00edduos S\u00f3lidos Urbanos da<\/strong><\/p>\n<p>Codin em Campos dos Goytacazes\/RJ<br \/>\nOrientador: S\u00e9rgio Tibana<br \/>\nCo-orientador: Roberto da Trindade Faria J\u00fanior<br \/>\nN\u00edvel: Mestrado<br \/>\n\u00c1rea de Concentra\u00e7\u00e3o: Geotecnia<br \/>\nSitua\u00e7\u00e3o: Conclu\u00edda \u2013 julho\/2008<\/p>\n<p align=\"justify\">Resumo: Os processos de decomposi\u00e7\u00e3o da mat\u00e9ria org\u00e2nica em aterros de res\u00edduos s\u00f3lidos urbanos resultam na gera\u00e7\u00e3o de gases que podem vir a afetar diretamente a qualidade do ar e diretamente contribuir para o efeito estufa na atmosfera. Por este motivo, os aterros sanit\u00e1rios devem ser projetados com crit\u00e9rios de engenharia. Nas \u00faltimas d\u00e9cadas, a camada de cobertura passou a ter uma outra fun\u00e7\u00e3o: a de minimizar a difus\u00e3o de gases produzidos na decomposi\u00e7\u00e3o de mat\u00e9ria org\u00e2nica para a atmosfera. Materiais argilosos compactados s\u00e3o freq\u00fcentemente usados nas camadas de cobertura de aterros sanit\u00e1rios. Estes materiais, al\u00e9m de possu\u00edrem baixa condutividade hidr\u00e1ulica, minimizam a emiss\u00e3o do metano e di\u00f3xido de carbono para a atmosfera. O objetivo principal desta pesquisa foi a utiliza\u00e7\u00e3o de t\u00e9cnicas de laborat\u00f3rio que permitam avaliar o comportamento geot\u00e9cnico da camada de cobertura do Aterro de res\u00edduos s\u00f3lidos urbanos da CODIN, na cidade de Campos dos Goytacazes\/RJ, no que se refere \u00e0 percola\u00e7\u00e3o e emiss\u00e3o do biog\u00e1s por meio de investiga\u00e7\u00f5es experimentais. Todos os ensaios foram executados em amostras de solo compactado em tr\u00eas diferentes umidades: 13%, 15% (umidade \u00f3tima) e 17%. A pesquisa foi concentrada na realiza\u00e7\u00e3o de ensaios de permeabilidade ao ar por meio de um perme\u00e2metro de parede flex\u00edvel e determina\u00e7\u00e3o do coeficiente de difus\u00e3o do solo aos gases O2, CO2 e CH4. Para este, utilizou-se a t\u00e9cnica fotoac\u00fastica atrav\u00e9s do analisador de gases URAS-14. Os resultados mostram que o equipamento utilizado no ensaio de permeabilidade do solo ao ar mostrou ser um equipamento simples,<br \/>\nr\u00e1pido e satisfat\u00f3rio para obten\u00e7\u00e3o dos par\u00e2metros de permeabilidade. A utiliza\u00e7\u00e3o da t\u00e9cnica fotoac\u00fastica, atrav\u00e9s do analisador URAS-14, foi satisfat\u00f3ria na medi\u00e7\u00e3o da varia\u00e7\u00e3o da concentra\u00e7\u00e3o de todos os gases em fun\u00e7\u00e3o do tempo. Os coeficientes de difus\u00e3o obtidos para o oxig\u00eanio indicam maior dificuldade \u00e0 passagem deste g\u00e1s para camadas compactadas em umidades do ramo \u00famido da curva Proctor Normal. J\u00e1 o CO2 manteve seus coeficientes de difus\u00e3o na mesma ordem de magnitude, n\u00e3o evidenciando influ\u00eancia da umidade e estrutura o solo durante os ensaios.<\/p>\n<\/div>\n","protected":false},"excerpt":{"rendered":"<p>Fluxo de Gases e Avalia\u00e7\u00e3o dos Par\u00e2metros Geot\u00e9cnicos do Solo Usado como Camada de Cobertura do Aterro de Res\u00edduos S\u00f3lidos&#8230;<\/p>\n","protected":false},"author":8,"featured_media":0,"parent":807,"menu_order":4,"comment_status":"open","ping_status":"open","template":"","meta":{"footnotes":""},"class_list":["post-830","page","type-page","status-publish","hentry"],"_links":{"self":[{"href":"https:\/\/uenf.br\/cct\/leciv\/wp-json\/wp\/v2\/pages\/830","targetHints":{"allow":["GET"]}}],"collection":[{"href":"https:\/\/uenf.br\/cct\/leciv\/wp-json\/wp\/v2\/pages"}],"about":[{"href":"https:\/\/uenf.br\/cct\/leciv\/wp-json\/wp\/v2\/types\/page"}],"author":[{"embeddable":true,"href":"https:\/\/uenf.br\/cct\/leciv\/wp-json\/wp\/v2\/users\/8"}],"replies":[{"embeddable":true,"href":"https:\/\/uenf.br\/cct\/leciv\/wp-json\/wp\/v2\/comments?post=830"}],"version-history":[{"count":0,"href":"https:\/\/uenf.br\/cct\/leciv\/wp-json\/wp\/v2\/pages\/830\/revisions"}],"up":[{"embeddable":true,"href":"https:\/\/uenf.br\/cct\/leciv\/wp-json\/wp\/v2\/pages\/807"}],"wp:attachment":[{"href":"https:\/\/uenf.br\/cct\/leciv\/wp-json\/wp\/v2\/media?parent=830"}],"curies":[{"name":"wp","href":"https:\/\/api.w.org\/{rel}","templated":true}]}}