{"id":855,"date":"2015-01-12T12:14:29","date_gmt":"2015-01-12T12:14:29","guid":{"rendered":"http:\/\/uenf.br\/cct\/leciv\/?page_id=855"},"modified":"2016-12-01T20:04:09","modified_gmt":"2016-12-01T20:04:09","slug":"bruno-cordeiro-costa-estruturas","status":"publish","type":"page","link":"https:\/\/uenf.br\/cct\/leciv\/pos-graduacao\/dissertacoes-de-mestrado\/bruno-cordeiro-costa-estruturas\/","title":{"rendered":"Bruno Cordeiro Costa-Estruturas"},"content":{"rendered":"<p>&nbsp;<\/p>\n<div id=\"materiaPrincipal\">\n<p align=\"justify\"><strong>Estudo da Viabilidade T\u00e9cnica de Incorpora\u00e7\u00e3o de Res\u00edduo Cer\u00e2mico em Argamassas<\/strong><\/p>\n<p align=\"justify\"><em>Orientador:<\/em> Jonas Alexandre<br \/>\n<em>N\u00edvel:<\/em> Mestrado<br \/>\n<em>\u00c1rea de Concentra\u00e7\u00e3o:<\/em> Estruturas<br \/>\n<em>Situa\u00e7\u00e3o:<\/em> Conclu\u00eddo &#8211; Outubro\/2006<\/p>\n<p><em>Resumo: <\/em>No Munic\u00edpio de Campos dos Goytacazes, existe um p\u00f3lo cer\u00e2mico constitu\u00eddo atualmente mais de 150 ind\u00fastrias cer\u00e2micas, produzindo cerca de 90 milh\u00f5es de pe\u00e7as por m\u00eas, estima-se que 10% do total produzido por estas Ind\u00fastrias Cer\u00e2micas transformam-se em res\u00edduo durante o processo de fabrica\u00e7\u00e3o, este desperd\u00edcio gera aproximadamente 19 mil toneladas\/m\u00eas de res\u00edduo. Res\u00edduos estes que ainda n\u00e3o possuem destina\u00e7\u00e3o final adequada e<br \/>\nnenhum valor agregado. Pelo fato destas pe\u00e7as serem produzidas com solo que possui composi\u00e7\u00e3o mineral\u00f3gica predominantemente caulin\u00edtica, com propriedades pozol\u00e2nicas quando calcinado, lhe confere potencial de uso em outros materiais. A argamassa, devido a sua abrang\u00eancia de uso na constru\u00e7\u00e3o civil e o fato de ser consumida em grandes volumes, configura-se como um produto prop\u00edcio para incorpora\u00e7\u00e3o dos res\u00edduos cer\u00e2micos. Dentro deste contexto, o<br \/>\npresente trabalho tem por objetivo caracterizar o res\u00edduo e avaliar o desempenho das argamassas produzidas com este res\u00edduo, por meio dos seguintes par\u00e2metros: evolu\u00e7\u00e3o da resist\u00eancia \u00e0 compress\u00e3o, densidade de massa, teor de ar incorporado, reten\u00e7\u00e3o de \u00e1gua, \u00edndice de consist\u00eancia padr\u00e3o, de acordo com normas nacionais e internacionais para argamassas industrializadas de m\u00faltiplo uso. P\u00f4de se confirmar por meio dos dados e resultados obtidos durante a elabora\u00e7\u00e3o deste trabalho a potencialidade do Res\u00edduo cer\u00e2mico, bem como sua viabilidade de emprego em argamassas, visto que, em todos os ensaios sua pozolanicidade foi confirmada, bem como resultaram em argamassas com bom desempenho mec\u00e2nico e com menor consumo de cimento e menor custo.<\/p>\n<p align=\"justify\"><a href=\"http:\/\/uenf.br\/busca.php\">Download aqui!<\/a><\/p>\n<\/div>\n","protected":false},"excerpt":{"rendered":"<p>&nbsp; Estudo da Viabilidade T\u00e9cnica de Incorpora\u00e7\u00e3o de Res\u00edduo Cer\u00e2mico em Argamassas Orientador: Jonas Alexandre N\u00edvel: Mestrado \u00c1rea de Concentra\u00e7\u00e3o:&#8230;<\/p>\n","protected":false},"author":8,"featured_media":0,"parent":807,"menu_order":14,"comment_status":"open","ping_status":"open","template":"","meta":{"footnotes":""},"class_list":["post-855","page","type-page","status-publish","hentry"],"_links":{"self":[{"href":"https:\/\/uenf.br\/cct\/leciv\/wp-json\/wp\/v2\/pages\/855","targetHints":{"allow":["GET"]}}],"collection":[{"href":"https:\/\/uenf.br\/cct\/leciv\/wp-json\/wp\/v2\/pages"}],"about":[{"href":"https:\/\/uenf.br\/cct\/leciv\/wp-json\/wp\/v2\/types\/page"}],"author":[{"embeddable":true,"href":"https:\/\/uenf.br\/cct\/leciv\/wp-json\/wp\/v2\/users\/8"}],"replies":[{"embeddable":true,"href":"https:\/\/uenf.br\/cct\/leciv\/wp-json\/wp\/v2\/comments?post=855"}],"version-history":[{"count":0,"href":"https:\/\/uenf.br\/cct\/leciv\/wp-json\/wp\/v2\/pages\/855\/revisions"}],"up":[{"embeddable":true,"href":"https:\/\/uenf.br\/cct\/leciv\/wp-json\/wp\/v2\/pages\/807"}],"wp:attachment":[{"href":"https:\/\/uenf.br\/cct\/leciv\/wp-json\/wp\/v2\/media?parent=855"}],"curies":[{"name":"wp","href":"https:\/\/api.w.org\/{rel}","templated":true}]}}