{"id":862,"date":"2015-01-12T12:19:35","date_gmt":"2015-01-12T12:19:35","guid":{"rendered":"http:\/\/uenf.br\/cct\/leciv\/?page_id=862"},"modified":"2016-12-01T20:08:24","modified_gmt":"2016-12-01T20:08:24","slug":"caroline-espinosa-viana-estruturas","status":"publish","type":"page","link":"https:\/\/uenf.br\/cct\/leciv\/pos-graduacao\/dissertacoes-de-mestrado\/caroline-espinosa-viana-estruturas\/","title":{"rendered":"Caroline Espinosa Viana- Estruturas"},"content":{"rendered":"<p><strong>Esc\u00f3rias\u00a0de\u00a0Fluxo\u00a0e\u00a0Soldagem\u00a0como\u00a0Agregado\u00a0Mi\u00fado\u00a0para\u00a0a\u00a0\u00a0Produ\u00e7\u00e3o\u00a0de\u00a0Argamassas de M\u00faltiplo Uso.<\/strong><\/p>\n<p><em><strong>\u00a0<\/strong>Orientador:<\/em> Dylmar Penteado Dias<br \/>\n<em><strong>\u00a0<\/strong>N\u00edvel: <\/em>Mestrado<strong><br \/>\n<\/strong><em><strong>\u00a0<\/strong>\u00c1rea de Concentra\u00e7\u00e3o:<\/em> Estrutura<em><strong><br \/>\n<\/strong>Situa\u00e7\u00e3o:<\/em> Conclu\u00edda &#8211; Fevereiro\/2007<\/p>\n<p><em>\u00a0Resumo:<strong>\u00a0<\/strong><\/em> Essa disserta\u00e7\u00e3o teve como objetivo estudar a viabilidade da utiliza\u00e7\u00e3o dos tr\u00eas tipos (\u00c1cida, Semi-B\u00e1sica e B\u00e1sica) de EFS na produ\u00e7\u00e3o de argamassas de m\u00faltiplo uso, substituindo totalmente o agregado mi\u00fado (areia). A reciclagem da EFS na constru\u00e7\u00e3o civil visa \u00e0 diminui\u00e7\u00e3o do impacto ambiental causado pela extra\u00e7\u00e3o indiscriminada da areia, sendo tamb\u00e9m uma alternativa econ\u00f4mica e ecologicamente vi\u00e1vel para regi\u00f5es com d\u00e9ficit de areia natural; objetiva tamb\u00e9m a diminui\u00e7\u00e3o da disposi\u00e7\u00e3o sem controle da EFS em aterros sanit\u00e1rios.<br \/>\nDe tal modo, o trabalho de reciclagem das EFS consistiu em sua adequa\u00e7\u00e3o \u00e0s dimens\u00f5es de um agregado mi\u00fado (areia), seguida da caracteriza\u00e7\u00e3o f\u00edsica, qu\u00edmica, mineral\u00f3gica e ambiental do res\u00edduo; e caracteriza\u00e7\u00e3o das diferentes propriedades f\u00edsicas e mec\u00e2nicas das argamassas de m\u00faltiplo uso produzidas com este; e estudo do comportamento destas argamassas perante condi\u00e7\u00f5es adversas a fim de avaliar sua durabilidade.<br \/>\nOs resultados obtidos no programa experimental mostraram que os tr\u00eas tipos de EFS alcan\u00e7aram resultados bastante significativos e podem substituir o agregado mi\u00fado na produ\u00e7\u00e3o de argamassas de m\u00faltiplo uso, aquelas empregadas no assentamento de alvenaria de veda\u00e7\u00e3o e de revestimento de paredes e tetos, e ainda para revestimento de pisos e contra-pisos.<\/p>\n<p>&nbsp;<\/p>\n<p><a href=\"http:\/\/uenf.br\/cct\/leciv\/files\/2015\/01\/6.pdf\">Download aqui!<\/a><\/p>\n","protected":false},"excerpt":{"rendered":"<p>Esc\u00f3rias\u00a0de\u00a0Fluxo\u00a0e\u00a0Soldagem\u00a0como\u00a0Agregado\u00a0Mi\u00fado\u00a0para\u00a0a\u00a0\u00a0Produ\u00e7\u00e3o\u00a0de\u00a0Argamassas de M\u00faltiplo Uso. \u00a0Orientador: Dylmar Penteado Dias \u00a0N\u00edvel: Mestrado \u00a0\u00c1rea de Concentra\u00e7\u00e3o: Estrutura Situa\u00e7\u00e3o: Conclu\u00edda &#8211; Fevereiro\/2007 \u00a0Resumo:\u00a0 Essa&#8230;<\/p>\n","protected":false},"author":8,"featured_media":0,"parent":807,"menu_order":17,"comment_status":"open","ping_status":"open","template":"","meta":{"footnotes":""},"class_list":["post-862","page","type-page","status-publish","hentry"],"_links":{"self":[{"href":"https:\/\/uenf.br\/cct\/leciv\/wp-json\/wp\/v2\/pages\/862","targetHints":{"allow":["GET"]}}],"collection":[{"href":"https:\/\/uenf.br\/cct\/leciv\/wp-json\/wp\/v2\/pages"}],"about":[{"href":"https:\/\/uenf.br\/cct\/leciv\/wp-json\/wp\/v2\/types\/page"}],"author":[{"embeddable":true,"href":"https:\/\/uenf.br\/cct\/leciv\/wp-json\/wp\/v2\/users\/8"}],"replies":[{"embeddable":true,"href":"https:\/\/uenf.br\/cct\/leciv\/wp-json\/wp\/v2\/comments?post=862"}],"version-history":[{"count":0,"href":"https:\/\/uenf.br\/cct\/leciv\/wp-json\/wp\/v2\/pages\/862\/revisions"}],"up":[{"embeddable":true,"href":"https:\/\/uenf.br\/cct\/leciv\/wp-json\/wp\/v2\/pages\/807"}],"wp:attachment":[{"href":"https:\/\/uenf.br\/cct\/leciv\/wp-json\/wp\/v2\/media?parent=862"}],"curies":[{"name":"wp","href":"https:\/\/api.w.org\/{rel}","templated":true}]}}