{"id":868,"date":"2015-01-12T12:22:27","date_gmt":"2015-01-12T12:22:27","guid":{"rendered":"http:\/\/uenf.br\/cct\/leciv\/?page_id=868"},"modified":"2016-12-01T20:10:10","modified_gmt":"2016-12-01T20:10:10","slug":"ssia-maria-de-assis-rangel-melo-geotecnia","status":"publish","type":"page","link":"https:\/\/uenf.br\/cct\/leciv\/pos-graduacao\/dissertacoes-de-mestrado\/ssia-maria-de-assis-rangel-melo-geotecnia\/","title":{"rendered":"C\u00e1ssia Maria de Assis Rangel Melo &#8211; Geotecnia"},"content":{"rendered":"<p><strong>AVALIA\u00c7\u00c3O DE DESEMPENHO E DESENVOLVIMENTO DE METODOLOGIAS PARA ESTUDOS DE ANCORAGEM DE ESTRUTURAS FLUTUANTES COM ESTACAS DE SUC\u00c7\u00c3O<\/strong><\/p>\n<p><i>Orientador:S\u00e9rgio Tibana<\/i><i><br \/>\n<\/i><i>Co-Orientador: Fernando Saboya Albuquerque Jr.<\/i><i><br \/>\n<\/i><i>N\u00edvel: Mestrado<\/i><i><br \/>\n<\/i><i>\u00c1rea de Concentra\u00e7\u00e3o: Geotecnia<\/i><i><br \/>\n<\/i><i>Situa\u00e7\u00e3o: Conclu\u00edda \u2013 junho\/2010<\/i><i><br \/>\n<\/i><i><br \/>\n<\/i><i>Resumo<\/i>: As descobertas de novos campos de petr\u00f3leo em \u00e1guas profundas e \u201cultra profundas\u201d, ocorridas nas \u00faltimas d\u00e9cadas, levaram ao desenvolvimento de novas tecnologias para a instala\u00e7\u00e3o de uma estrutura capaz de proporcionar uma melhor adapta\u00e7\u00e3o das estruturas j\u00e1 existentes. As estacas de suc\u00e7\u00e3o s\u00e3o uma boa alternativa para fixa\u00e7\u00e3o destas estruturas flutuantes comparadas as estacas tradicionais. Este tipo de \u00e2ncora envolve incertezas tanto em rela\u00e7\u00e3o ao solo quanto tamb\u00e9m \u00e0 instala\u00e7\u00e3o da estaca e \u00e0s for\u00e7as da natureza que atuam na estrutura. Esta pesquisa \u00e9 composta de um programa experimental que tem como principal objetivo desenvolver metodologias na prepara\u00e7\u00e3o de ensaios em escala reduzida a 1 g, assim como, investigar o desempenho de estacas de suc\u00e7\u00e3o sob carregamento monot\u00f4nico simulando uma estrutura offshore ancorada com pernas tensionadas (TLP) e em sistema de ancoragem em taut-leg. Os modelos f\u00edsicos em escala reduzida foram preparados com uma mistura de 40% de caulim e 60% de metacaulim, e a amostra foi adensada pelo processo de eletro-osmose com fluxo vertical, associado \u00e0 aplica\u00e7\u00e3o de sobrecarga. Ap\u00f3s o processo de adensamento foram executados ensaios de mini palheta de laborat\u00f3rio para obter resultados da resist\u00eancia ao cisalhamento n\u00e3o drenada e assim avaliar o desempenho do adensamento da mistura desses dois materiais. Os resultados comprovam a efic\u00e1cia da t\u00e9cnica de eletro-osmose para o adensamento de modelos f\u00edsicos com solos moles, com um ganho consider\u00e1vel de resist\u00eancia. As estacas utilizadas para os ensaios de modelagem f\u00edsica simulando uma ancoragem vertical foram feitas de alum\u00ednio, sendo uma com parede externa lisa e outra com parede externa rugosa.Estes ensaios foram realizados a 1 g e, para comprova\u00e7\u00e3o da efic\u00e1cia das ranhuras, foram executados ensaios a 50 g na centr\u00edfuga geot\u00e9cnica. Para o estudo da ancoragem em taut-leg, foram utilizadas estacas com diferentes pontos de fixa\u00e7\u00e3o. Estes ensaios foram executados a 1 g e comprovaram a efici\u00eancia das estacas com ponto de ancoragem na metade inferior da estaca.<br \/>\n<strong><br \/>\n<\/strong><\/p>\n","protected":false},"excerpt":{"rendered":"<p>AVALIA\u00c7\u00c3O DE DESEMPENHO E DESENVOLVIMENTO DE METODOLOGIAS PARA ESTUDOS DE ANCORAGEM DE ESTRUTURAS FLUTUANTES COM ESTACAS DE SUC\u00c7\u00c3O Orientador:S\u00e9rgio Tibana&#8230;<\/p>\n","protected":false},"author":8,"featured_media":0,"parent":807,"menu_order":19,"comment_status":"open","ping_status":"open","template":"","meta":{"footnotes":""},"class_list":["post-868","page","type-page","status-publish","hentry"],"_links":{"self":[{"href":"https:\/\/uenf.br\/cct\/leciv\/wp-json\/wp\/v2\/pages\/868","targetHints":{"allow":["GET"]}}],"collection":[{"href":"https:\/\/uenf.br\/cct\/leciv\/wp-json\/wp\/v2\/pages"}],"about":[{"href":"https:\/\/uenf.br\/cct\/leciv\/wp-json\/wp\/v2\/types\/page"}],"author":[{"embeddable":true,"href":"https:\/\/uenf.br\/cct\/leciv\/wp-json\/wp\/v2\/users\/8"}],"replies":[{"embeddable":true,"href":"https:\/\/uenf.br\/cct\/leciv\/wp-json\/wp\/v2\/comments?post=868"}],"version-history":[{"count":0,"href":"https:\/\/uenf.br\/cct\/leciv\/wp-json\/wp\/v2\/pages\/868\/revisions"}],"up":[{"embeddable":true,"href":"https:\/\/uenf.br\/cct\/leciv\/wp-json\/wp\/v2\/pages\/807"}],"wp:attachment":[{"href":"https:\/\/uenf.br\/cct\/leciv\/wp-json\/wp\/v2\/media?parent=868"}],"curies":[{"name":"wp","href":"https:\/\/api.w.org\/{rel}","templated":true}]}}