{"id":887,"date":"2015-01-12T12:30:25","date_gmt":"2015-01-12T12:30:25","guid":{"rendered":"http:\/\/uenf.br\/cct\/leciv\/?page_id=887"},"modified":"2016-12-01T20:14:48","modified_gmt":"2016-12-01T20:14:48","slug":"elias-lira-dos-santos-junior-titulado-no-ppg-em-ciencias-de-engenharia-geotecnia","status":"publish","type":"page","link":"https:\/\/uenf.br\/cct\/leciv\/pos-graduacao\/dissertacoes-de-mestrado\/elias-lira-dos-santos-junior-titulado-no-ppg-em-ciencias-de-engenharia-geotecnia\/","title":{"rendered":"Elias Lira dos Santos J\u00fanior- Titulado no PPG em Ci\u00eancias de Engenharia-Geotecnia"},"content":{"rendered":"<p><strong>Avalia\u00e7\u00e3o da contamina\u00e7\u00e3o do solo por metais pesados na \u00e1rea de disposi\u00e7\u00e3o final de res\u00edduos s\u00f3lidos da cidade de Campos dos Goytacazes \u2013 RJ <\/strong><\/p>\n<p><em>Orientador: <\/em>S\u00e9rgio Tibana<br \/>\n<em>N\u00edvel: <\/em>Mestrado<br \/>\n<em>\u00c1rea de Concentra\u00e7\u00e3o:<\/em> Geotecnia<br \/>\n<em>Situa\u00e7\u00e3o:<\/em> Conclu\u00edda &#8211;\u00a0\u00a0Dezembro\/2002<\/p>\n<p><em>Resumo:<\/em> O gerenciamento dos res\u00edduos s\u00f3lidos passa por uma significativa problem\u00e1tica, uma vez que as solu\u00e7\u00f5es para as diversas \u00e1reas do ramo crescem diferentemente do crescimento populacional, de grande parte das cidades mundiais. Diante disso encontra-se a cidade de Campos dos Goytacazes, no norte do estado do rio de Janeiro. Com uma popula\u00e7\u00e3o de aproximadamente 400000 habitantes, Campos dos Goytacazes viv\u00eancia, hoje, a dificuldade de alternativas locacionais para a destina\u00e7\u00e3o final dos res\u00edduos s\u00f3lidos gerados em seu munic\u00edpio. Um outro tema de igual complexidade \u00e9 a degrada\u00e7\u00e3o de \u00e1reas pelos despejos de lixo. Desta forma faz-se necess\u00e1rios estudos que identifiquem o n\u00edvel de contamina\u00e7\u00e3o existente neste tipo de local para a preposi\u00e7\u00e3o de medidas mitigadoras. Baseado neste enredo surgiu este trabalho, propondo a investiga\u00e7\u00e3o da \u00e1rea de disposi\u00e7\u00e3o final de res\u00edduos s\u00f3lidos urbanos da cidade de Campos dos Goytacazes. \u00c9 sabido que em muito se correlaciona metais pesados ao percolado pelo lixo, todavia, o conhecimento do subsolo tem sido ignorado sob o ponto de vista qu\u00edmico, sendo associado somente com a contamina\u00e7\u00e3o das \u00e1guas subterr\u00e2neas. Uma outra preocupa\u00e7\u00e3o deste estudo foi a verifica\u00e7\u00e3o de diferentes m\u00e9todos de coletas de amostras e suas poss\u00edveis interfer\u00eancias nos resultados. Sendo assim, confeccionou-se 16 furos, dos quais 11 foram feitos por sondagens a trado e 5 a percuss\u00e3o. As amostras foram coletadas de acordo com o perfil geot\u00e9cnico e levadas para realiza\u00e7\u00e3o de ensaios f\u00edsicos e qu\u00edmicos. Os metais quantificados foram: alum\u00ednio, c\u00e1dmo, cromo, cobre, ferro, zinco, chumbo, mangan\u00eas e n\u00edquel, em espectrofot\u00f4metro de emiss\u00e3o at\u00f4mica acoplado (ICP-AES). As concentra\u00e7\u00f5es destes metais apresentaram-se abaixo dos sugeridos pela literatura, todavia, ressalta-se um comportamento crescente de cromo em \u00e1reas \u00e0 montante da \u00e1rea de estudo. Comenta-se, tamb\u00e9m, sobre a baixa interfer\u00eancia dos m\u00e9todos de coleta nas an\u00e1lises de resultados, uma vez que s\u00f3 interferiu significantemente, nos contaminantes alum\u00ednio e mangan\u00eas.<\/p>\n<p>&nbsp;<\/p>\n<p><a href=\"http:\/\/uenf.br\/cct\/leciv\/files\/2015\/01\/12.pdf\">Download aqui!<\/a><\/p>\n","protected":false},"excerpt":{"rendered":"<p>Avalia\u00e7\u00e3o da contamina\u00e7\u00e3o do solo por metais pesados na \u00e1rea de disposi\u00e7\u00e3o final de res\u00edduos s\u00f3lidos da cidade de Campos&#8230;<\/p>\n","protected":false},"author":8,"featured_media":0,"parent":807,"menu_order":26,"comment_status":"open","ping_status":"open","template":"","meta":{"footnotes":""},"class_list":["post-887","page","type-page","status-publish","hentry"],"_links":{"self":[{"href":"https:\/\/uenf.br\/cct\/leciv\/wp-json\/wp\/v2\/pages\/887","targetHints":{"allow":["GET"]}}],"collection":[{"href":"https:\/\/uenf.br\/cct\/leciv\/wp-json\/wp\/v2\/pages"}],"about":[{"href":"https:\/\/uenf.br\/cct\/leciv\/wp-json\/wp\/v2\/types\/page"}],"author":[{"embeddable":true,"href":"https:\/\/uenf.br\/cct\/leciv\/wp-json\/wp\/v2\/users\/8"}],"replies":[{"embeddable":true,"href":"https:\/\/uenf.br\/cct\/leciv\/wp-json\/wp\/v2\/comments?post=887"}],"version-history":[{"count":0,"href":"https:\/\/uenf.br\/cct\/leciv\/wp-json\/wp\/v2\/pages\/887\/revisions"}],"up":[{"embeddable":true,"href":"https:\/\/uenf.br\/cct\/leciv\/wp-json\/wp\/v2\/pages\/807"}],"wp:attachment":[{"href":"https:\/\/uenf.br\/cct\/leciv\/wp-json\/wp\/v2\/media?parent=887"}],"curies":[{"name":"wp","href":"https:\/\/api.w.org\/{rel}","templated":true}]}}