{"id":224,"date":"2012-05-15T18:11:23","date_gmt":"2012-05-15T18:11:23","guid":{"rendered":"http:\/\/uenf.br\/cct\/lenep-prh20anp\/?page_id=224"},"modified":"2014-09-30T17:38:32","modified_gmt":"2014-09-30T17:38:32","slug":"resultado","status":"publish","type":"page","link":"https:\/\/uenf.br\/cct\/lenep-prh20anp\/resultado\/","title":{"rendered":"Resultado do Edital do Programa de Bolsas do PRH20-ANP \u2013 2014\/1"},"content":{"rendered":"<p><a href=\"http:\/\/uenf.br\/cct\/lenep-prh20anp\/files\/2012\/05\/HOxkeN.png\"><img loading=\"lazy\" decoding=\"async\" class=\"wp-image-449 aligncenter\" src=\"http:\/\/uenf.br\/cct\/lenep-prh20anp\/files\/2012\/05\/HOxkeN-300x51.png\" alt=\"HOxkeN\" width=\"518\" height=\"88\" srcset=\"https:\/\/uenf.br\/cct\/lenep-prh20anp\/files\/2012\/05\/HOxkeN-300x51.png 300w, https:\/\/uenf.br\/cct\/lenep-prh20anp\/files\/2012\/05\/HOxkeN-150x25.png 150w, https:\/\/uenf.br\/cct\/lenep-prh20anp\/files\/2012\/05\/HOxkeN-400x69.png 400w, https:\/\/uenf.br\/cct\/lenep-prh20anp\/files\/2012\/05\/HOxkeN.png 921w\" sizes=\"auto, (max-width: 518px) 100vw, 518px\" \/><\/a><\/p>\n<p class=\"western\" align=\"CENTER\">PRH-ANP: Programa de Recursos Humanos da ANP Para o Setor de Petr\u00f3leo e G\u00e1s<br \/>\nPRH 20-ANP: Programa de Engenharia de Explora\u00e7\u00e3o e Produ\u00e7\u00e3o de Petr\u00f3leo<\/p>\n<p class=\"western\" align=\"CENTER\">\u201c<b>Resultado do Edital do Programa de Bolsas do PRH20-ANP \u2013 2014\/1\u201d<\/b><\/p>\n<table style=\"height: 279px\" width=\"627\" cellspacing=\"0\" cellpadding=\"4\">\n<tbody>\n<tr valign=\"TOP\">\n<td style=\"border-top: 1px solid #000000;border-bottom: 1px solid #000000;border-left: 1px solid #000000;border-right: none;padding: 0.1cm 0cm 0.1cm 0.1cm\" width=\"205\">\n<p style=\"text-align: center\" align=\"CENTER\">Aluno<\/p>\n<\/td>\n<td style=\"border-top: 1px solid #000000;border-bottom: 1px solid #000000;border-left: 1px solid #000000;border-right: none;padding: 0.1cm 0cm 0.1cm 0.1cm\" width=\"92\">\n<p align=\"CENTER\">Orientador<\/p>\n<\/td>\n<td style=\"border: 1px solid #000000;padding: 0.1cm\" width=\"320\">\n<p align=\"CENTER\">Classifica\u00e7\u00e3o Aluno<\/p>\n<\/td>\n<\/tr>\n<tr valign=\"TOP\">\n<td style=\"border-top: none;border-bottom: 1px solid #000000;border-left: 1px solid #000000;border-right: none;padding: 0cm 0cm 0.1cm 0.1cm\" width=\"205\">\n<p align=\"CENTER\">Pedro Canha\u00e7o de Assis<\/p>\n<\/td>\n<td style=\"border-top: none;border-bottom: 1px solid #000000;border-left: 1px solid #000000;border-right: none;padding: 0cm 0cm 0.1cm 0.1cm\" width=\"92\">\n<p align=\"CENTER\">Fernando<\/p>\n<\/td>\n<td style=\"border-top: none;border-bottom: 1px solid #000000;border-left: 1px solid #000000;border-right: 1px solid #000000;padding: 0cm 0.1cm 0.1cm 0.1cm\" width=\"320\">\n<p align=\"CENTER\">1 \u2013 Bolsa PRH20-ANP\/CTPETRO<\/p>\n<\/td>\n<\/tr>\n<tr valign=\"TOP\">\n<td style=\"border-top: none;border-bottom: 1px solid #000000;border-left: 1px solid #000000;border-right: none;padding: 0cm 0cm 0.1cm 0.1cm\" width=\"205\">\n<p align=\"CENTER\">Raiza Gomes de Souza<\/p>\n<\/td>\n<td style=\"border-top: none;border-bottom: 1px solid #000000;border-left: 1px solid #000000;border-right: none;padding: 0cm 0cm 0.1cm 0.1cm\" width=\"92\">\n<p align=\"CENTER\">Eliane<\/p>\n<\/td>\n<td style=\"border-top: none;border-bottom: 1px solid #000000;border-left: 1px solid #000000;border-right: 1px solid #000000;padding: 0cm 0.1cm 0.1cm 0.1cm\" width=\"320\">\n<p align=\"CENTER\">2 \u2013 Bolsa PRH20-ANP\/CTPETRO<\/p>\n<\/td>\n<\/tr>\n<tr valign=\"TOP\">\n<td style=\"border-top: none;border-bottom: 1px solid #000000;border-left: 1px solid #000000;border-right: none;padding: 0cm 0cm 0.1cm 0.1cm\" width=\"205\">\n<p align=\"CENTER\">Aline Karl Ara\u00fajo<\/p>\n<\/td>\n<td style=\"border-top: none;border-bottom: 1px solid #000000;border-left: 1px solid #000000;border-right: none;padding: 0cm 0cm 0.1cm 0.1cm\" width=\"92\">\n<p align=\"CENTER\">Victor<\/p>\n<\/td>\n<td style=\"border-top: none;border-bottom: 1px solid #000000;border-left: 1px solid #000000;border-right: 1px solid #000000;padding: 0cm 0.1cm 0.1cm 0.1cm\" width=\"320\">\n<p align=\"CENTER\">3 \u2013 Bolsa PRH20-ANP\/CTPETRO<\/p>\n<\/td>\n<\/tr>\n<tr valign=\"TOP\">\n<td style=\"border-top: none;border-bottom: 1px solid #000000;border-left: 1px solid #000000;border-right: none;padding: 0cm 0cm 0.1cm 0.1cm\" width=\"205\">\n<p align=\"CENTER\">Ant\u00f4nio Jos\u00e9 dos Reis<\/p>\n<\/td>\n<td style=\"border-top: none;border-bottom: 1px solid #000000;border-left: 1px solid #000000;border-right: none;padding: 0cm 0cm 0.1cm 0.1cm\" width=\"92\">\n<p align=\"CENTER\">Adolfo<\/p>\n<\/td>\n<td style=\"border-top: none;border-bottom: 1px solid #000000;border-left: 1px solid #000000;border-right: 1px solid #000000;padding: 0cm 0.1cm 0.1cm 0.1cm\" width=\"320\">\n<p align=\"CENTER\">4 \u2013 Bolsa PRH20-ANP\/CTPETRO<\/p>\n<\/td>\n<\/tr>\n<tr valign=\"TOP\">\n<td style=\"border-top: none;border-bottom: 1px solid #000000;border-left: 1px solid #000000;border-right: none;padding: 0cm 0cm 0.1cm 0.1cm\" width=\"205\">\n<p style=\"text-align: center\" align=\"CENTER\">Ana Mara Correa de Oliveira<\/p>\n<\/td>\n<td style=\"border-top: none;border-bottom: 1px solid #000000;border-left: 1px solid #000000;border-right: none;padding: 0cm 0cm 0.1cm 0.1cm\" width=\"92\">\n<p align=\"CENTER\">Eliane<\/p>\n<\/td>\n<td style=\"border-top: none;border-bottom: 1px solid #000000;border-left: 1px solid #000000;border-right: 1px solid #000000;padding: 0cm 0.1cm 0.1cm 0.1cm\" width=\"320\">\n<p align=\"CENTER\">5 \u2013 Bolsa PRH20-ANP\/CTPETRO<\/p>\n<\/td>\n<\/tr>\n<\/tbody>\n<\/table>\n<table style=\"height: 69px\" width=\"623\" cellspacing=\"0\" cellpadding=\"0\">\n<tbody>\n<tr valign=\"TOP\">\n<td style=\"border: none;padding: 0cm\" width=\"335\">\n<p class=\"western\" align=\"LEFT\"><span style=\"color: #000000\">Prof. ROSEANE MARCHEZI MISS\u00c1GIA<br \/>\nComit\u00ea-Gestor<\/span><\/p>\n<\/td>\n<td style=\"border: none;padding: 0cm\" width=\"335\">\n<p class=\"western\" align=\"RIGHT\"><span style=\"color: #000000\">Prof. Eliane Soares de Souza<br \/>\n<\/span>Comit\u00ea-Gestor<\/p>\n<\/td>\n<\/tr>\n<\/tbody>\n<\/table>\n<table style=\"height: 60px\" width=\"623\" cellspacing=\"0\" cellpadding=\"0\">\n<tbody>\n<tr valign=\"TOP\">\n<td style=\"border: none;padding: 0cm\" width=\"335\">\n<p class=\"western\" align=\"LEFT\"><span style=\"color: #000000\">Prof. Viatcheslav I. Priimenko<br \/>\nComit\u00ea-Gestor<\/span><\/p>\n<\/td>\n<td style=\"border: none;padding: 0cm\" width=\"335\">\n<p class=\"western\" align=\"RIGHT\"><span style=\"color: #000000\">Prof. ANDR\u00c9 DUARTE BUENO<br \/>\n<\/span>Coordenador do PRH20-ANP<\/p>\n<\/td>\n<\/tr>\n<\/tbody>\n<\/table>\n<p class=\"western\" style=\"text-align: left\" align=\"RIGHT\">Nota:<br \/>\nNovo edital ser\u00e1 aberto assim que as bolsas do conv\u00eanio Petrobras 4 forem liberadas.<\/p>\n<p style=\"text-align: center\"><a href=\"http:\/\/uenf.br\/cct\/lenep-prh20anp\/files\/2012\/05\/PRH20-ANP-05-2014-Edital-IC-01-Resultado.doc\">Resultado do Edital do Programa de Bolsas do PRH20-ANP \u2013 2014\/1<\/a><\/p>\n","protected":false},"excerpt":{"rendered":"<p>PRH-ANP: Programa de Recursos Humanos da ANP Para o Setor de Petr\u00f3leo e G\u00e1s PRH 20-ANP: Programa de Engenharia de&#8230;<\/p>\n","protected":false},"author":6,"featured_media":0,"parent":0,"menu_order":0,"comment_status":"open","ping_status":"open","template":"","meta":{"footnotes":""},"class_list":["post-224","page","type-page","status-publish","hentry"],"_links":{"self":[{"href":"https:\/\/uenf.br\/cct\/lenep-prh20anp\/wp-json\/wp\/v2\/pages\/224","targetHints":{"allow":["GET"]}}],"collection":[{"href":"https:\/\/uenf.br\/cct\/lenep-prh20anp\/wp-json\/wp\/v2\/pages"}],"about":[{"href":"https:\/\/uenf.br\/cct\/lenep-prh20anp\/wp-json\/wp\/v2\/types\/page"}],"author":[{"embeddable":true,"href":"https:\/\/uenf.br\/cct\/lenep-prh20anp\/wp-json\/wp\/v2\/users\/6"}],"replies":[{"embeddable":true,"href":"https:\/\/uenf.br\/cct\/lenep-prh20anp\/wp-json\/wp\/v2\/comments?post=224"}],"version-history":[{"count":0,"href":"https:\/\/uenf.br\/cct\/lenep-prh20anp\/wp-json\/wp\/v2\/pages\/224\/revisions"}],"wp:attachment":[{"href":"https:\/\/uenf.br\/cct\/lenep-prh20anp\/wp-json\/wp\/v2\/media?parent=224"}],"curies":[{"name":"wp","href":"https:\/\/api.w.org\/{rel}","templated":true}]}}