{"id":2,"date":"2020-06-23T11:35:04","date_gmt":"2020-06-23T14:35:04","guid":{"rendered":"http:\/\/uenf.br\/cct\/lenep-prh25-anp-finep\/?page_id=2"},"modified":"2020-06-26T18:44:34","modified_gmt":"2020-06-26T21:44:34","slug":"apresentacao","status":"publish","type":"page","link":"https:\/\/uenf.br\/cct\/lenep-prh25-anp-finep\/","title":{"rendered":"Apresenta\u00e7\u00e3o"},"content":{"rendered":"<p>O PRH25-ANP\/Finep &#8211; Programa de Forma\u00e7\u00e3o de Recursos Humanos e Lideran\u00e7as em Engenharia de Explora\u00e7\u00e3o e Produ\u00e7\u00e3o de Petr\u00f3leo, voltado para \u00e1rea de explora\u00e7\u00e3o, desenvolvimento e produ\u00e7\u00e3o, foi selecionado no no \u00e2mbito do edital N\u00ba 01\/2018\/PRH-ANP para ser implementado em 2020 pelo Laborat\u00f3rio de Engenharia e Explora\u00e7\u00e3o de Petr\u00f3leo (<a href=\"http:\/\/www.uenf.br\/cct\/lenep\">LENEP<\/a>), que integra o Centro de Ci\u00eancia e Tecnologia (<a href=\"http:\/\/www.uenf.br\/cct\">CCT<\/a>) da Universidade do Norte Fluminense Darcy Ribeiro (<a href=\"http:\/\/www.uenf.br\">UENF<\/a>).<\/p>\n<p>A UENF foi implantada a partir de 1991, atrav\u00e9s de um projeto do Prof. Darcy Ribeiro, tendo como objetivo criar uma Universidade para dedicar-se aos temas de relev\u00e2ncia regional, atuando prioritariamente na \u00e1rea de pesquisa em estreita colabora\u00e7\u00e3o com o setor produtivo. Seguindo esta linha, o LENEP foi idealizado para ser implantado em 1993 para dedicar-se ao tema do petr\u00f3leo, como parte do CCT da UENF.<\/p>\n<p>O LENEP \u00e9 respons\u00e1vel pela condu\u00e7\u00e3o dos programas de Gradua\u00e7\u00e3o em Engenharia de Petr\u00f3leo e de p\u00f3s-gradua\u00e7\u00e3o em Engenharia de Reservat\u00f3rio e de Explora\u00e7\u00e3o (primeiro curso de petr\u00f3leo do Brasil).<\/p>\n<p>A primeira participa\u00e7\u00e3o direta do LENEP no Programa de Recursos Humanos da ANP para o Setor Petr\u00f3leo, G\u00e1s Natural e Biocombust\u00edveis (PRH \u2013 ANP) ocorreu com a implementa\u00e7\u00e3o do <a href=\"http:\/\/uenf.br\/cct\/lenep-prh20anp\">PRH20<\/a> em 2000 , que fomentou diretamente a participa\u00e7\u00e3o dos estudantes em congressos, forma\u00e7\u00e3o de novos doutores e mestres, desenvolvimento de pesquisas aplicadas, trabalhos de conclus\u00e3o de curso, disserta\u00e7\u00f5es, teses e visitas t\u00e9cnicas, aumentando assim a sua inser\u00e7\u00e3o regional, com uma maior intera\u00e7\u00e3o com o setor industrial na regi\u00e3o produtora da Bacia de Campos.<\/p>\n<p>O PRH25-ANP\/Finep, fruto da experi\u00eancia adquirida pelo corpo docente da Institui\u00e7\u00e3o ao longo de d\u00e9cadas de parceria com a Ind\u00fastria do petr\u00f3leo, incluindo a cria\u00e7\u00e3o de programas b\u00e1sicos de forma\u00e7\u00e3o e conv\u00eanios especiais de forma\u00e7\u00e3o atendendo \u00e0s demandas do mercado, especialmente da PETROBRAS, vem ratificar a relev\u00e2ncia e a posi\u00e7\u00e3o de destaque do LENEP na forma\u00e7\u00e3o de profissionais para o setor de petr\u00f3leo. Ao mesmo tempo, refor\u00e7a a necessidade de se manter o compromisso com a busca constante pela excel\u00eancia no cumprimento de sua principal diretriz, a associa\u00e7\u00e3o de um alto padr\u00e3o acad\u00eamico com a pesquisa aplicada e o desenvolvimento tecnol\u00f3gico.<\/p>\n<p><strong>O PRN-ANP<\/strong><\/p>\n<p>O PRH-ANP foi criado em mar\u00e7o de 1999, tendo como objetivo estimular as institui\u00e7\u00f5es de<br \/>\nensino a organizar e oferecer aos seus alunos especializa\u00e7\u00f5es profissionais consideradas<br \/>\nestrat\u00e9gicas e imprescind\u00edveis ao desenvolvimento do setor de petr\u00f3leo no Brasil. Dessa forma, o PRH-ANP se caracteriza por conceder bolsas de estudos aos alunos matriculados naquelas<br \/>\ninstitui\u00e7\u00f5es, al\u00e9m de valor equivalente a t\u00edtulo de taxa de bancada, o qual se destina a apoiar as<br \/>\natividades dos referidos bolsistas.<\/p>\n<p>Ao longo dos anos, o PRH-ANP obteve expressivos resultados no desenvolvimento da ind\u00fastria<br \/>\ndo petr\u00f3leo e na gera\u00e7\u00e3o de m\u00e3o de obra especializada. Al\u00e9m do quantitativo de 600 pr\u00eamios<br \/>\n(nacionais, internacionais e Pr\u00eamios Petrobras de Tecnologia), o levantamento dos dados de<br \/>\nprodutividade e empregabilidade revela que foram superadas 5.500 publica\u00e7\u00f5es cient\u00edficas e<br \/>\n2.000 bolsistas inseridos no mercado de trabalho.<\/p>\n<p>A fim de dar continuidade a esse importante programa de forma\u00e7\u00e3o de profissionais no setor<br \/>\npetr\u00f3leo, g\u00e1s natural e biocombust\u00edveis e de est\u00edmulo \u00e0 pesquisa e ao desenvolvimento cient\u00edfico<br \/>\ndo pa\u00eds, a ANP elaborou um novo formato para o PRH-ANP, com nova fonte de financiamento<br \/>\n(recursos da cl\u00e1usula de PD&amp;amp; I) e com os seguintes participantes:<\/p>\n<p><strong>ANP<\/strong> \u2013 Coordenadora do PRH-ANP e respons\u00e1vel pela chamada p\u00fablica de sele\u00e7\u00e3o dos<br \/>\nprogramas, pela elabora\u00e7\u00e3o das \u00eanfases (linhas de estudo que ser\u00e3o desenvolvidas na forma\u00e7\u00e3o<br \/>\ndos profissionais do setor), pela publica\u00e7\u00e3o dos indicadores do programa e pela coordena\u00e7\u00e3o dos<br \/>\nsemin\u00e1rios, f\u00f3runs e estudos prospectivos sobre o setor;<\/p>\n<p><strong>Finep<\/strong> \u2013 Gestora t\u00e9cnica e financeira do PRH-ANP, respons\u00e1vel pelo recebimento dos recursos<br \/>\naportados pelas petrol\u00edferas, pelo repasse \u00e0s institui\u00e7\u00f5es de ensino selecionadas na chamada<br \/>\np\u00fablica e pela gest\u00e3o das bolsas concedidas;<br \/>\nPetrol\u00edferas \u2013 S\u00e3o os financiadores do novo PRH-ANP, aportando no gestor financeiro os<br \/>\nrecursos que ser\u00e3o utilizados no pagamento de bolsas e taxa de bancada. Os recursos s\u00e3o<br \/>\nprovenientes da obriga\u00e7\u00e3o de investimento da cl\u00e1usula de PD&amp;amp;I;<\/p>\n<p><strong>Institui\u00e7\u00f5es de Ensino<\/strong> \u2013 As institui\u00e7\u00f5es de ensino, selecionadas por Edital P\u00fablico, s\u00e3o<br \/>\nrespons\u00e1veis pela efetiva execu\u00e7\u00e3o do programa, selecionando os bolsistas e recebendo os<br \/>\nrecursos do Gestor Financeiro (Finep) para investimento na sua forma\u00e7\u00e3o.<\/p>\n<p><a href=\"http:\/\/finep.gov.br\" target=\"_blank\" rel=\"noopener noreferrer\"><img loading=\"lazy\" decoding=\"async\" class=\"aligncenter wp-image-14\" src=\"http:\/\/uenf.br\/cct\/lenep-prh25-anp-finep\/files\/2020\/06\/FINEP.jpg\" alt=\"\" width=\"149\" height=\"99\" srcset=\"https:\/\/uenf.br\/cct\/lenep-prh25-anp-finep\/files\/2020\/06\/FINEP.jpg 750w, https:\/\/uenf.br\/cct\/lenep-prh25-anp-finep\/files\/2020\/06\/FINEP-300x200.jpg 300w, https:\/\/uenf.br\/cct\/lenep-prh25-anp-finep\/files\/2020\/06\/FINEP-150x100.jpg 150w, https:\/\/uenf.br\/cct\/lenep-prh25-anp-finep\/files\/2020\/06\/FINEP-400x267.jpg 400w\" sizes=\"auto, (max-width: 149px) 100vw, 149px\" \/><\/a><a href=\"http:\/\/www.anp.gov.br\/pesquisa-desenvolvimento-e- inovacao\/prh-anp-programa-de-formacao-de-recursos-humanos\" target=\"_blank\" rel=\"noopener noreferrer\"><img loading=\"lazy\" decoding=\"async\" class=\"aligncenter wp-image-50\" src=\"http:\/\/uenf.br\/cct\/lenep-prh25-anp-finep\/files\/2020\/06\/prh-anp.jpg\" alt=\"\" width=\"349\" height=\"100\" srcset=\"https:\/\/uenf.br\/cct\/lenep-prh25-anp-finep\/files\/2020\/06\/prh-anp.jpg 1139w, https:\/\/uenf.br\/cct\/lenep-prh25-anp-finep\/files\/2020\/06\/prh-anp-300x86.jpg 300w, https:\/\/uenf.br\/cct\/lenep-prh25-anp-finep\/files\/2020\/06\/prh-anp-1024x293.jpg 1024w, https:\/\/uenf.br\/cct\/lenep-prh25-anp-finep\/files\/2020\/06\/prh-anp-768x220.jpg 768w, https:\/\/uenf.br\/cct\/lenep-prh25-anp-finep\/files\/2020\/06\/prh-anp-150x43.jpg 150w, https:\/\/uenf.br\/cct\/lenep-prh25-anp-finep\/files\/2020\/06\/prh-anp-400x114.jpg 400w\" sizes=\"auto, (max-width: 349px) 100vw, 349px\" \/><\/a><\/p>\n","protected":false},"excerpt":{"rendered":"<p>O PRH25-ANP\/Finep &#8211; Programa de Forma\u00e7\u00e3o de Recursos Humanos e Lideran\u00e7as em Engenharia de Explora\u00e7\u00e3o e Produ\u00e7\u00e3o de Petr\u00f3leo, voltado&#8230;<\/p>\n","protected":false},"author":27,"featured_media":0,"parent":0,"menu_order":1,"comment_status":"closed","ping_status":"closed","template":"","meta":{"footnotes":""},"class_list":["post-2","page","type-page","status-publish","hentry"],"_links":{"self":[{"href":"https:\/\/uenf.br\/cct\/lenep-prh25-anp-finep\/wp-json\/wp\/v2\/pages\/2","targetHints":{"allow":["GET"]}}],"collection":[{"href":"https:\/\/uenf.br\/cct\/lenep-prh25-anp-finep\/wp-json\/wp\/v2\/pages"}],"about":[{"href":"https:\/\/uenf.br\/cct\/lenep-prh25-anp-finep\/wp-json\/wp\/v2\/types\/page"}],"author":[{"embeddable":true,"href":"https:\/\/uenf.br\/cct\/lenep-prh25-anp-finep\/wp-json\/wp\/v2\/users\/27"}],"replies":[{"embeddable":true,"href":"https:\/\/uenf.br\/cct\/lenep-prh25-anp-finep\/wp-json\/wp\/v2\/comments?post=2"}],"version-history":[{"count":0,"href":"https:\/\/uenf.br\/cct\/lenep-prh25-anp-finep\/wp-json\/wp\/v2\/pages\/2\/revisions"}],"wp:attachment":[{"href":"https:\/\/uenf.br\/cct\/lenep-prh25-anp-finep\/wp-json\/wp\/v2\/media?parent=2"}],"curies":[{"name":"wp","href":"https:\/\/api.w.org\/{rel}","templated":true}]}}