{"id":39,"date":"2020-06-25T14:54:53","date_gmt":"2020-06-25T17:54:53","guid":{"rendered":"http:\/\/uenf.br\/cct\/lenep-prh25-anp-finep\/?page_id=39"},"modified":"2020-12-08T10:53:14","modified_gmt":"2020-12-08T13:53:14","slug":"projetos","status":"publish","type":"page","link":"https:\/\/uenf.br\/cct\/lenep-prh25-anp-finep\/projetos\/","title":{"rendered":"Projetos"},"content":{"rendered":"<h2><span lang=\"pt-BR\">Projetos Desenvolvidos Pelos Bolsistas do PRH25.1<br \/>\n<\/span><\/h2>\n<ul>\n<li class=\"wp-embed-heading\"><strong>Estimativa da composi\u00e7\u00e3o mineral\u00f3gica, an\u00e1lise microsc\u00f3pica, an\u00e1lise digital de imagens e integrada<\/strong><\/li>\n<\/ul>\n<div class=\"wp-embed-excerpt\">\n<p><a href=\"http:\/\/uenf.br\/cct\/lenep-prh25-anp-finep\/projetos\/estimativa-da-composicao-mineralogica-analise-microscopica-analise-digital-de-imagens-e-integrada\/\">Caracteriza\u00e7\u00e3o Petrof\u00edsica de Amostras Carbon\u00e1ticas a partir de An\u00e1lise Digital de Imagens de L\u00e2minas Petrogr\u00e1ficas e Difra\u00e7\u00e3o de Raios-X<\/a><\/p>\n<p class=\"western\">Bolsista:\u00a0 David Henrique Lima Dias<\/p>\n<p class=\"western\">Orientador:\u00a0 Marco Ant\u00f4nio Ceia<\/p>\n<p class=\"western\">RESUMO<\/p>\n<p class=\"western\" align=\"justify\">Este trabalho tem por objetivo determinar informa\u00e7\u00f5es petrof\u00edsicas a partir de l\u00e2minas petrogr\u00e1ficas e experimentos de Difra\u00e7\u00e3o de \u2192 : <a href=\"http:\/\/uenf.br\/cct\/lenep-prh25-anp-finep\/projetos\/estimativa-da-composicao-mineralogica-analise-microscopica-analise-digital-de-imagens-e-integrada\/\">Leia mais<\/a><\/p>\n<\/div>\n<ul>\n<li class=\"wp-embed-heading\"><strong>Modelagem F\u00edsica e Petrof\u00edsica de Reservat\u00f3rios<\/strong><\/li>\n<\/ul>\n<div class=\"wp-embed-excerpt\">\n<p><a href=\"http:\/\/uenf.br\/cct\/lenep-prh25-anp-finep\/projetos\/modelagem-fisica-e-petrofisica-de-reservatorios\/\">Determina\u00e7\u00e3o de caracter\u00edsticas petrof\u00edsicas de reservat\u00f3rio, a partir da resistividade espectral de testemunhos de bacias petrol\u00edferas, de reservat\u00f3rios an\u00e1logos, de amostras sint\u00e9ticas e amostras-padr\u00e3o.<\/a><\/p>\n<p class=\"western\">Bolsista: Marcelo de Souza Bernardo<\/p>\n<p class=\"western\">Orientador:\u00a0Victor Hugo Santos<\/p>\n<p class=\"western\">RESUMO<\/p>\n<p align=\"justify\">O presente projeto tem como intuito principal conduzir a pesquisa a partir de \u2192 : <a href=\"http:\/\/uenf.br\/cct\/lenep-prh25-anp-finep\/projetos\/modelagem-fisica-e-petrofisica-de-reservatorios\/\">Leia mais<\/a><\/p>\n<\/div>\n<ul>\n<li class=\"wp-embed-heading\"><strong>Rochas reservat\u00f3rio, par\u00e2metros petrof\u00edsicos, resistividade espectral<\/strong><\/li>\n<\/ul>\n<div class=\"wp-embed-excerpt\">\n<p><a href=\"http:\/\/uenf.br\/cct\/lenep-prh25-anp-finep\/projetos\/rochas-reservatorio-parametros-petrofisicos-resistividade-espectral\/\">Determina\u00e7\u00e3o de caracter\u00edsticas petrof\u00edsicas de reservat\u00f3rio, a partir da resistividade espectral de testemunhos de bacias petrol\u00edferas, de reservat\u00f3rios an\u00e1logos, de amostras sint\u00e9ticas e amostras-padr\u00e3o.<\/a><\/p>\n<p class=\"western\">Bolsista: Marcos Vin\u00edcius de Paula Chaiben<\/p>\n<p class=\"western\">Orientador: Victor Hugo Santos<\/p>\n<p class=\"western\">RESUMO<\/p>\n<p class=\"western\" align=\"justify\">No presente Projeto, prop\u00f5e-se expandir o estudo da determina\u00e7\u00e3o \u2192 : <a href=\"http:\/\/uenf.br\/cct\/lenep-prh25-anp-finep\/projetos\/rochas-reservatorio-parametros-petrofisicos-resistividade-espectral\/\">Leia mais<\/a><\/p>\n<\/div>\n<ul>\n<li class=\"wp-embed-heading\"><strong>Simula\u00e7\u00e3o de Reservat\u00f3rio<\/strong><\/li>\n<\/ul>\n<div class=\"wp-embed-excerpt\">\n<p><a href=\"http:\/\/uenf.br\/cct\/lenep-prh25-anp-finep\/projetos\/simulacao-de-reservatorio\/\">Modelagem Matem\u00e1tica da Migra\u00e7\u00e3o de Finos Ocasionada pela Inje\u00e7\u00e3o de \u00c1gua de Baixa Salinidade <\/a><\/p>\n<p class=\"western\">Bolsista:\u00a0 \u00a0Sayori Uto Borges<\/p>\n<p class=\"western\">Orientador:\u00a0 Fernando Diogo Siqueira \u00a0\u00a0\u00a0\u00a0\u00a0\u00a0\u00a0\u00a0\u00a0\u00a0 Contato:\u00a0 siqueira@lenep.uenf.br<\/p>\n<p class=\"western\">RESUMO<\/p>\n<p class=\"western\" align=\"justify\">O movimento de part\u00edculas no meio poroso da forma\u00e7\u00e3o do reservat\u00f3rio durante a produ\u00e7\u00e3o do po\u00e7o, \u00e9 conhecido como migra\u00e7\u00e3o de finos. \u2192 : <a href=\"http:\/\/uenf.br\/cct\/lenep-prh25-anp-finep\/projetos\/simulacao-de-reservatorio\/\">Leia mais<\/a><\/p>\n<\/div>\n<p>&nbsp;<\/p>\n<p>&nbsp;<\/p>\n","protected":false},"excerpt":{"rendered":"<p>Projetos Desenvolvidos Pelos Bolsistas do PRH25.1 Estimativa da composi\u00e7\u00e3o mineral\u00f3gica, an\u00e1lise microsc\u00f3pica, an\u00e1lise digital de imagens e integrada Caracteriza\u00e7\u00e3o Petrof\u00edsica&#8230;<\/p>\n","protected":false},"author":2,"featured_media":0,"parent":0,"menu_order":6,"comment_status":"closed","ping_status":"closed","template":"","meta":{"footnotes":""},"class_list":["post-39","page","type-page","status-publish","hentry"],"_links":{"self":[{"href":"https:\/\/uenf.br\/cct\/lenep-prh25-anp-finep\/wp-json\/wp\/v2\/pages\/39","targetHints":{"allow":["GET"]}}],"collection":[{"href":"https:\/\/uenf.br\/cct\/lenep-prh25-anp-finep\/wp-json\/wp\/v2\/pages"}],"about":[{"href":"https:\/\/uenf.br\/cct\/lenep-prh25-anp-finep\/wp-json\/wp\/v2\/types\/page"}],"author":[{"embeddable":true,"href":"https:\/\/uenf.br\/cct\/lenep-prh25-anp-finep\/wp-json\/wp\/v2\/users\/2"}],"replies":[{"embeddable":true,"href":"https:\/\/uenf.br\/cct\/lenep-prh25-anp-finep\/wp-json\/wp\/v2\/comments?post=39"}],"version-history":[{"count":0,"href":"https:\/\/uenf.br\/cct\/lenep-prh25-anp-finep\/wp-json\/wp\/v2\/pages\/39\/revisions"}],"wp:attachment":[{"href":"https:\/\/uenf.br\/cct\/lenep-prh25-anp-finep\/wp-json\/wp\/v2\/media?parent=39"}],"curies":[{"name":"wp","href":"https:\/\/api.w.org\/{rel}","templated":true}]}}