{"id":45,"date":"2020-06-25T14:59:48","date_gmt":"2020-06-25T17:59:48","guid":{"rendered":"http:\/\/uenf.br\/cct\/lenep-prh25-anp-finep\/?page_id=45"},"modified":"2020-11-20T11:35:11","modified_gmt":"2020-11-20T14:35:11","slug":"modelos-documentos","status":"publish","type":"page","link":"https:\/\/uenf.br\/cct\/lenep-prh25-anp-finep\/modelos-documentos\/","title":{"rendered":"Modelos Documentos (solicita\u00e7\u00f5es)"},"content":{"rendered":"<p>Solicita\u00e7\u00f5es para uso da Taxa de Bancada PRH25-ANP-Finep<\/p>\n<p><a href=\"https:\/\/drive.google.com\/file\/d\/1rgPV0uVtqleYSqh7vwjs0BJIrTYh4pkJ\/view?usp=sharing\" target=\"_blank\" rel=\"noopener noreferrer\">Manual resumido<\/a><\/p>\n<p><a href=\"https:\/\/drive.google.com\/file\/d\/1XVy5xx5WZTMBcsKOFpmIiM5ZCUDCxYJr\/view?usp=sharing\" target=\"_blank\" rel=\"noopener noreferrer\">Solicita\u00e7\u00e3o de Equipamentos<\/a><\/p>\n<p><a href=\"https:\/\/drive.google.com\/file\/d\/1nUGAOYN3XaprX7zcV8HVdiBpEojTJ62c\/view?usp=sharing\" target=\"_blank\" rel=\"noopener noreferrer\">Solicita\u00e7\u00e3o de Material de Consumo<\/a><\/p>\n<p><a href=\"https:\/\/drive.google.com\/file\/d\/1c7V4Ej4nGtIr6MmXHYb5CAs3j7iwGVqC\/view?usp=sharing\" target=\"_blank\" rel=\"noopener noreferrer\">Solicita\u00e7\u00e3o de Inscri\u00e7\u00e3o em Eventos<\/a><\/p>\n<p><a href=\"https:\/\/drive.google.com\/file\/d\/18A0DAM2P9sE1qCqRFaJ1BTPQAF7f3N-p\/view?usp=sharing\">Relat\u00f3rio Semestral PRH-25 ANP-Finep<\/a><\/p>\n<p>&nbsp;<\/p>\n<p>&nbsp;<\/p>\n<p>&nbsp;<\/p>\n","protected":false},"excerpt":{"rendered":"<p>Solicita\u00e7\u00f5es para uso da Taxa de Bancada PRH25-ANP-Finep Manual resumido Solicita\u00e7\u00e3o de Equipamentos Solicita\u00e7\u00e3o de Material de Consumo Solicita\u00e7\u00e3o de&#8230;<\/p>\n","protected":false},"author":2,"featured_media":0,"parent":0,"menu_order":9,"comment_status":"closed","ping_status":"closed","template":"","meta":{"footnotes":""},"class_list":["post-45","page","type-page","status-publish","hentry"],"_links":{"self":[{"href":"https:\/\/uenf.br\/cct\/lenep-prh25-anp-finep\/wp-json\/wp\/v2\/pages\/45","targetHints":{"allow":["GET"]}}],"collection":[{"href":"https:\/\/uenf.br\/cct\/lenep-prh25-anp-finep\/wp-json\/wp\/v2\/pages"}],"about":[{"href":"https:\/\/uenf.br\/cct\/lenep-prh25-anp-finep\/wp-json\/wp\/v2\/types\/page"}],"author":[{"embeddable":true,"href":"https:\/\/uenf.br\/cct\/lenep-prh25-anp-finep\/wp-json\/wp\/v2\/users\/2"}],"replies":[{"embeddable":true,"href":"https:\/\/uenf.br\/cct\/lenep-prh25-anp-finep\/wp-json\/wp\/v2\/comments?post=45"}],"version-history":[{"count":0,"href":"https:\/\/uenf.br\/cct\/lenep-prh25-anp-finep\/wp-json\/wp\/v2\/pages\/45\/revisions"}],"wp:attachment":[{"href":"https:\/\/uenf.br\/cct\/lenep-prh25-anp-finep\/wp-json\/wp\/v2\/media?parent=45"}],"curies":[{"name":"wp","href":"https:\/\/api.w.org\/{rel}","templated":true}]}}