{"id":79,"date":"2020-11-18T01:18:56","date_gmt":"2020-11-18T04:18:56","guid":{"rendered":"http:\/\/uenf.br\/cct\/lenep-prh25-anp-finep\/?page_id=79"},"modified":"2020-11-25T07:51:42","modified_gmt":"2020-11-25T10:51:42","slug":"eventos","status":"publish","type":"page","link":"https:\/\/uenf.br\/cct\/lenep-prh25-anp-finep\/eventos\/","title":{"rendered":"EVENTOS"},"content":{"rendered":"<h3>(atualizado em 23\/11\/2020)<\/h3>\n<h2><strong>Webn\u00e1rios e outros Eventos<\/strong><\/h2>\n<ul>\n<li><a href=\"https:\/\/doity.com.br\/2simposiopetroleoegas\">II SIMP\u00d3SIO DE PETR\u00d3LEO E G\u00c1S DO ONSHORE BRASILEIRO<\/a><\/li>\n<\/ul>\n<p>&nbsp;<\/p>\n<ul>\n<li class=\"title style-scope ytd-video-primary-info-renderer\"><a href=\"https:\/\/www.youtube.com\/watch?v=V9Usyi9-Yts\">PRH 12.1 &#8211; Dr. Lauber Martins: C\u00e9lulas de combust\u00edvel, hidrog\u00eanio e microalgas (25 \/ 11 \/ 2020 17: 00 hs<\/a><\/li>\n<\/ul>\n<p><a href=\"https:\/\/www.youtube.com\/watch?v=V9Usyi9-Yts\"><img loading=\"lazy\" decoding=\"async\" class=\"alignnone wp-image-198 size-full\" src=\"http:\/\/uenf.br\/cct\/lenep-prh25-anp-finep\/files\/2020\/11\/f23.jpg\" alt=\"\" width=\"700\" height=\"472\" srcset=\"https:\/\/uenf.br\/cct\/lenep-prh25-anp-finep\/files\/2020\/11\/f23.jpg 700w, https:\/\/uenf.br\/cct\/lenep-prh25-anp-finep\/files\/2020\/11\/f23-300x202.jpg 300w, https:\/\/uenf.br\/cct\/lenep-prh25-anp-finep\/files\/2020\/11\/f23-150x101.jpg 150w, https:\/\/uenf.br\/cct\/lenep-prh25-anp-finep\/files\/2020\/11\/f23-400x270.jpg 400w\" sizes=\"auto, (max-width: 700px) 100vw, 700px\" \/><\/a><\/p>\n<p>&nbsp;<\/p>\n<ul>\n<li><a href=\"https:\/\/us02web.zoom.us\/j\/83822090800?pwd=aWlqdlNka2hTQmNiZ00rektveUZWZz09\">Palestra do Dr. Glaydson Lima &#8211; CEO do ESIG Group, sobre a \u201cquarta e quinta revolu\u00e7\u00e3o industrial e o poder da intelig\u00eancia artificial\u201d 01 de dezembro 2020 \u00e0s 16:00 horas (ZOOM)<\/a><\/li>\n<\/ul>\n<p>&nbsp;<\/p>\n<ul>\n<li><a href=\"https:\/\/meet.google.com\/meb-refb-bgs\">Casos de sucesso do FCP&amp;G: Inova\u00e7\u00e3o e Propriedade Intelectual 25\/11\/2020 &#8211; 10 hs<\/a><\/li>\n<\/ul>\n<p><a href=\"https:\/\/meet.google.com\/meb-refb-bgs\"><img loading=\"lazy\" decoding=\"async\" class=\"alignnone wp-image-199 size-full\" src=\"http:\/\/uenf.br\/cct\/lenep-prh25-anp-finep\/files\/2020\/11\/f24.jpg\" alt=\"\" width=\"700\" height=\"700\" srcset=\"https:\/\/uenf.br\/cct\/lenep-prh25-anp-finep\/files\/2020\/11\/f24.jpg 700w, https:\/\/uenf.br\/cct\/lenep-prh25-anp-finep\/files\/2020\/11\/f24-300x300.jpg 300w, https:\/\/uenf.br\/cct\/lenep-prh25-anp-finep\/files\/2020\/11\/f24-150x150.jpg 150w, https:\/\/uenf.br\/cct\/lenep-prh25-anp-finep\/files\/2020\/11\/f24-400x400.jpg 400w, https:\/\/uenf.br\/cct\/lenep-prh25-anp-finep\/files\/2020\/11\/f24-144x144.jpg 144w\" sizes=\"auto, (max-width: 700px) 100vw, 700px\" \/><\/a><\/p>\n<p>&nbsp;<\/p>\n<ul>\n<li><a href=\"https:\/\/youtu.be\/149RLwelkqQ\">Pilot Test for In-situ and Ex-Situ Aerobic Bioremediation of Complex Mixture of Contaminants at a NAPL-Impacted Site in Brazil 04\/12\/2020 (sexta-feira) das 16 \u00e0s 17h<\/a><\/li>\n<\/ul>\n<p>&nbsp;<\/p>\n<p><a href=\"https:\/\/youtu.be\/149RLwelkqQ\"><img loading=\"lazy\" decoding=\"async\" class=\"wp-image-202 size-full aligncenter\" src=\"http:\/\/uenf.br\/cct\/lenep-prh25-anp-finep\/files\/2020\/11\/f25.jpg\" alt=\"\" width=\"700\" height=\"394\" srcset=\"https:\/\/uenf.br\/cct\/lenep-prh25-anp-finep\/files\/2020\/11\/f25.jpg 700w, https:\/\/uenf.br\/cct\/lenep-prh25-anp-finep\/files\/2020\/11\/f25-300x169.jpg 300w, https:\/\/uenf.br\/cct\/lenep-prh25-anp-finep\/files\/2020\/11\/f25-150x84.jpg 150w, https:\/\/uenf.br\/cct\/lenep-prh25-anp-finep\/files\/2020\/11\/f25-400x225.jpg 400w\" sizes=\"auto, (max-width: 700px) 100vw, 700px\" \/><\/a><\/p>\n<p>&nbsp;<\/p>\n<p>&nbsp;<\/p>\n<ul>\n<li><a href=\"http:\/\/meet.google.com\/uqq-mmtn-apg\">Biocombust\u00edveis avan\u00e7ados e transi\u00e7\u00e3o energ\u00e9tica (26\/11\/2020 &#8211; 17:00 hs)<\/a><\/li>\n<\/ul>\n<p>&nbsp;<\/p>\n<p><a href=\"http:\/\/meet.google.com\/uqq-mmtn-apg\"><img loading=\"lazy\" decoding=\"async\" class=\"alignnone wp-image-203 size-full\" src=\"http:\/\/uenf.br\/cct\/lenep-prh25-anp-finep\/files\/2020\/11\/f26.jpg\" alt=\"\" width=\"700\" height=\"394\" srcset=\"https:\/\/uenf.br\/cct\/lenep-prh25-anp-finep\/files\/2020\/11\/f26.jpg 700w, https:\/\/uenf.br\/cct\/lenep-prh25-anp-finep\/files\/2020\/11\/f26-300x169.jpg 300w, https:\/\/uenf.br\/cct\/lenep-prh25-anp-finep\/files\/2020\/11\/f26-150x84.jpg 150w, https:\/\/uenf.br\/cct\/lenep-prh25-anp-finep\/files\/2020\/11\/f26-400x225.jpg 400w\" sizes=\"auto, (max-width: 700px) 100vw, 700px\" \/><\/a><\/p>\n<p>&nbsp;<\/p>\n<p>&nbsp;<\/p>\n<ul>\n<li><a href=\"https:\/\/www.riooilgas.com.br\/digital\/?utm_source=google&amp;utm_medium=cpc&amp;utm_campaign=search&amp;utm_content=conversao-2-lote&amp;gclid=EAIaIQobChMI_eTm16-Y7QIVlQ2RCh3oVwKpEAAYASAAEgLZ3vD_BwE\">Rio Oil&amp;Gas<\/a><\/li>\n<\/ul>\n<p><a href=\"https:\/\/www.riooilgas.com.br\/digital\/?utm_source=google&amp;utm_medium=cpc&amp;utm_campaign=search&amp;utm_content=conversao-2-lote&amp;gclid=EAIaIQobChMI_eTm16-Y7QIVlQ2RCh3oVwKpEAAYASAAEgLZ3vD_BwE\"><img loading=\"lazy\" decoding=\"async\" class=\"aligncenter wp-image-166 size-full\" src=\"http:\/\/uenf.br\/cct\/lenep-prh25-anp-finep\/files\/2020\/11\/f22-1.jpg\" alt=\"\" width=\"600\" height=\"251\" srcset=\"https:\/\/uenf.br\/cct\/lenep-prh25-anp-finep\/files\/2020\/11\/f22-1.jpg 600w, https:\/\/uenf.br\/cct\/lenep-prh25-anp-finep\/files\/2020\/11\/f22-1-300x126.jpg 300w, https:\/\/uenf.br\/cct\/lenep-prh25-anp-finep\/files\/2020\/11\/f22-1-150x63.jpg 150w, https:\/\/uenf.br\/cct\/lenep-prh25-anp-finep\/files\/2020\/11\/f22-1-400x167.jpg 400w\" sizes=\"auto, (max-width: 600px) 100vw, 600px\" \/><\/a><\/p>\n<p>&nbsp;<\/p>\n<p>&nbsp;<\/p>\n<ul>\n<li><a href=\"https:\/\/meet.google.com\/nns-vqfz-hkn\">Solu\u00e7\u00f5es de simula\u00e7\u00e3o e software cient\u00edfico na cadeia de O&amp;G&#8221; DATA: <strong>25\/11\/2020<\/strong> HOR\u00c1RIO: 11h<\/a><\/li>\n<\/ul>\n<p><a href=\"https:\/\/meet.google.com\/nns-vqfz-hkn\"><img loading=\"lazy\" decoding=\"async\" class=\"aligncenter wp-image-161 size-full\" src=\"http:\/\/uenf.br\/cct\/lenep-prh25-anp-finep\/files\/2020\/11\/f21.jpg\" alt=\"\" width=\"600\" height=\"850\" srcset=\"https:\/\/uenf.br\/cct\/lenep-prh25-anp-finep\/files\/2020\/11\/f21.jpg 600w, https:\/\/uenf.br\/cct\/lenep-prh25-anp-finep\/files\/2020\/11\/f21-212x300.jpg 212w, https:\/\/uenf.br\/cct\/lenep-prh25-anp-finep\/files\/2020\/11\/f21-106x150.jpg 106w, https:\/\/uenf.br\/cct\/lenep-prh25-anp-finep\/files\/2020\/11\/f21-400x567.jpg 400w\" sizes=\"auto, (max-width: 600px) 100vw, 600px\" \/><\/a><\/p>\n<p>&nbsp;<\/p>\n<p>&nbsp;<\/p>\n<ul>\n<li><a href=\"https:\/\/meet.google.com\/got-okcz-enu\">\u00c1gua produzida do petr\u00f3leo: transformando um problema em um bem econ\u00f4mico para as empresas (<strong>24\/11\/2020<\/strong> &#8211; 17 hs)<\/a><\/li>\n<\/ul>\n<p><a href=\"https:\/\/meet.google.com\/got-okcz-enu\"><img loading=\"lazy\" decoding=\"async\" class=\"wp-image-158 size-full aligncenter\" src=\"http:\/\/uenf.br\/cct\/lenep-prh25-anp-finep\/files\/2020\/11\/f20.jpg\" alt=\"\" width=\"600\" height=\"336\" srcset=\"https:\/\/uenf.br\/cct\/lenep-prh25-anp-finep\/files\/2020\/11\/f20.jpg 600w, https:\/\/uenf.br\/cct\/lenep-prh25-anp-finep\/files\/2020\/11\/f20-300x168.jpg 300w, https:\/\/uenf.br\/cct\/lenep-prh25-anp-finep\/files\/2020\/11\/f20-150x84.jpg 150w, https:\/\/uenf.br\/cct\/lenep-prh25-anp-finep\/files\/2020\/11\/f20-400x224.jpg 400w\" sizes=\"auto, (max-width: 600px) 100vw, 600px\" \/><\/a><\/p>\n<p>&nbsp;<\/p>\n<p>&nbsp;<\/p>\n<ul>\n<li><a href=\"http:\/\/meet.google.com\/edb-ihdo-jpp\">QUALIDADE DE COMBUST\u00cdVEIS PARA A TRANSI\u00c7\u00c3O ENERG\u00c9TICA (<strong>25\/11\/2020<\/strong> &#8211; 17 hs)<\/a><a href=\"http:\/\/meet.google.com\/edb-ihdo-jpp\"><img loading=\"lazy\" decoding=\"async\" class=\"aligncenter wp-image-116 size-full\" src=\"http:\/\/uenf.br\/cct\/lenep-prh25-anp-finep\/files\/2020\/11\/f15.jpg\" alt=\"\" width=\"600\" height=\"424\" srcset=\"https:\/\/uenf.br\/cct\/lenep-prh25-anp-finep\/files\/2020\/11\/f15.jpg 600w, https:\/\/uenf.br\/cct\/lenep-prh25-anp-finep\/files\/2020\/11\/f15-300x212.jpg 300w, https:\/\/uenf.br\/cct\/lenep-prh25-anp-finep\/files\/2020\/11\/f15-150x106.jpg 150w, https:\/\/uenf.br\/cct\/lenep-prh25-anp-finep\/files\/2020\/11\/f15-400x283.jpg 400w\" sizes=\"auto, (max-width: 600px) 100vw, 600px\" \/><\/a><\/li>\n<\/ul>\n<p>&nbsp;<\/p>\n<ul>\n<li><a href=\"https:\/\/drive.google.com\/file\/d\/1Sdd9OwDr_e2HtjBTh3SIIBnpwU7SpCUs\/view?usp=sharing\">III JOBSHOP Oil &amp; Gas FEG\/UNESP (IN\u00cdCIO <strong>18\/11\/2020<\/strong>)<\/a><\/li>\n<\/ul>\n<p>&nbsp;<\/p>\n<p>&nbsp;<\/p>\n<p>&nbsp;<\/p>\n<ul>\n<li><a href=\"https:\/\/www.youtube.com\/watch?v=L8nft-hcPDU&amp;feature=youtu.be&amp;ab_channel=PPGFEQ\">Efficient Hydrocarbon Production by Functionalized Molecules and the Stewardship of the Environment (<strong>18\/11\/2020<\/strong>) 15:00 hs<\/a><\/li>\n<\/ul>\n<p><a href=\"https:\/\/www.youtube.com\/watch?v=L8nft-hcPDU&amp;feature=youtu.be&amp;ab_channel=PPGFEQ\"><img loading=\"lazy\" decoding=\"async\" class=\"aligncenter wp-image-103 size-full\" src=\"http:\/\/uenf.br\/cct\/lenep-prh25-anp-finep\/files\/2020\/11\/f8.jpg\" alt=\"\" width=\"600\" height=\"328\" srcset=\"https:\/\/uenf.br\/cct\/lenep-prh25-anp-finep\/files\/2020\/11\/f8.jpg 600w, https:\/\/uenf.br\/cct\/lenep-prh25-anp-finep\/files\/2020\/11\/f8-300x164.jpg 300w, https:\/\/uenf.br\/cct\/lenep-prh25-anp-finep\/files\/2020\/11\/f8-150x82.jpg 150w, https:\/\/uenf.br\/cct\/lenep-prh25-anp-finep\/files\/2020\/11\/f8-400x219.jpg 400w\" sizes=\"auto, (max-width: 600px) 100vw, 600px\" \/><\/a><\/p>\n<p>&nbsp;<\/p>\n<ul>\n<li><a href=\"https:\/\/youtu.be\/FOC3_bm3CMw\">Geomec\u00e2nica aplicada a po\u00e7os e reservat\u00f3rios de petr\u00f3leo e g\u00e1s<\/a><\/li>\n<\/ul>\n<div class=\"video-container\"><iframe loading=\"lazy\" title=\"Webinar 01 - PRH 51 - Geomec\u00e2nica\" width=\"500\" height=\"281\" src=\"https:\/\/www.youtube.com\/embed\/FOC3_bm3CMw?feature=oembed\" frameborder=\"0\" allow=\"accelerometer; autoplay; clipboard-write; encrypted-media; gyroscope; picture-in-picture; web-share\" referrerpolicy=\"strict-origin-when-cross-origin\" allowfullscreen><\/iframe><\/div>\n<p>&nbsp;<\/p>\n<ul>\n<li><a href=\"https:\/\/youtu.be\/SPbfydqra28\">Metagen\u00f4mica aplicada a Microbiologia de Petr\u00f3leo<\/a><\/li>\n<\/ul>\n<p><a href=\"https:\/\/youtu.be\/SPbfydqra28\"><img loading=\"lazy\" decoding=\"async\" class=\"aligncenter wp-image-90 size-full\" src=\"http:\/\/uenf.br\/cct\/lenep-prh25-anp-finep\/files\/2020\/11\/f3.jpg\" alt=\"\" width=\"600\" height=\"336\" srcset=\"https:\/\/uenf.br\/cct\/lenep-prh25-anp-finep\/files\/2020\/11\/f3.jpg 600w, https:\/\/uenf.br\/cct\/lenep-prh25-anp-finep\/files\/2020\/11\/f3-300x168.jpg 300w, https:\/\/uenf.br\/cct\/lenep-prh25-anp-finep\/files\/2020\/11\/f3-150x84.jpg 150w, https:\/\/uenf.br\/cct\/lenep-prh25-anp-finep\/files\/2020\/11\/f3-400x224.jpg 400w\" sizes=\"auto, (max-width: 600px) 100vw, 600px\" \/><\/a><\/p>\n<p>&nbsp;<\/p>\n<p>&nbsp;<\/p>\n<ul>\n<li><a href=\"https:\/\/youtu.be\/imaglfIY3SU\">DIGITALIZA\u00c7\u00c3O DO SETOR DE \u00d3LEO E G\u00c1S: PERSPECTIVAS DA IND\u00daSTRIA E DA ACADEMIA<\/a><\/li>\n<\/ul>\n<p><a href=\"https:\/\/youtu.be\/imaglfIY3SU\"><img loading=\"lazy\" decoding=\"async\" class=\"aligncenter wp-image-93 size-full\" src=\"http:\/\/uenf.br\/cct\/lenep-prh25-anp-finep\/files\/2020\/11\/f4.jpg\" alt=\"\" width=\"600\" height=\"600\" srcset=\"https:\/\/uenf.br\/cct\/lenep-prh25-anp-finep\/files\/2020\/11\/f4.jpg 600w, https:\/\/uenf.br\/cct\/lenep-prh25-anp-finep\/files\/2020\/11\/f4-300x300.jpg 300w, https:\/\/uenf.br\/cct\/lenep-prh25-anp-finep\/files\/2020\/11\/f4-150x150.jpg 150w, https:\/\/uenf.br\/cct\/lenep-prh25-anp-finep\/files\/2020\/11\/f4-400x400.jpg 400w, https:\/\/uenf.br\/cct\/lenep-prh25-anp-finep\/files\/2020\/11\/f4-144x144.jpg 144w\" sizes=\"auto, (max-width: 600px) 100vw, 600px\" \/><\/a><\/p>\n<p>&nbsp;<\/p>\n<ul>\n<li>\n<p class=\"title style-scope ytd-video-primary-info-renderer\"><a href=\"https:\/\/www.youtube.com\/watch?v=2uNHDO9Ek0Y&amp;ab_channel=RCGIUSP\">PERCEP\u00c7\u00c3O P\u00daBLICA E COMUNICA\u00c7\u00c3O: O PROTAGONISMO DA SOCIEDADE NOS SDGS<\/a><\/p>\n<\/li>\n<\/ul>\n<p><a href=\"https:\/\/www.youtube.com\/watch?v=2uNHDO9Ek0Y&amp;ab_channel=RCGIUSP\"><img loading=\"lazy\" decoding=\"async\" class=\"wp-image-95 size-full aligncenter\" src=\"http:\/\/uenf.br\/cct\/lenep-prh25-anp-finep\/files\/2020\/11\/f5.jpg\" alt=\"\" width=\"600\" height=\"370\" srcset=\"https:\/\/uenf.br\/cct\/lenep-prh25-anp-finep\/files\/2020\/11\/f5.jpg 600w, https:\/\/uenf.br\/cct\/lenep-prh25-anp-finep\/files\/2020\/11\/f5-300x185.jpg 300w, https:\/\/uenf.br\/cct\/lenep-prh25-anp-finep\/files\/2020\/11\/f5-150x93.jpg 150w, https:\/\/uenf.br\/cct\/lenep-prh25-anp-finep\/files\/2020\/11\/f5-400x247.jpg 400w\" sizes=\"auto, (max-width: 600px) 100vw, 600px\" \/><\/a><\/p>\n<p>&nbsp;<\/p>\n<ul>\n<li>\n<p class=\"title style-scope ytd-video-primary-info-renderer\"><a href=\"https:\/\/www.youtube.com\/watch?v=YdqSiGCI83U\">NANOX &#8211; Empreendedorismo na \u00e1rea de nanotecnologia<\/a><\/p>\n<\/li>\n<\/ul>\n<p><a href=\"https:\/\/www.youtube.com\/watch?v=YdqSiGCI83U\"><img loading=\"lazy\" decoding=\"async\" class=\"aligncenter wp-image-99 size-full\" src=\"http:\/\/uenf.br\/cct\/lenep-prh25-anp-finep\/files\/2020\/11\/f6.jpg\" alt=\"\" width=\"600\" height=\"318\" srcset=\"https:\/\/uenf.br\/cct\/lenep-prh25-anp-finep\/files\/2020\/11\/f6.jpg 600w, https:\/\/uenf.br\/cct\/lenep-prh25-anp-finep\/files\/2020\/11\/f6-300x159.jpg 300w, https:\/\/uenf.br\/cct\/lenep-prh25-anp-finep\/files\/2020\/11\/f6-150x80.jpg 150w, https:\/\/uenf.br\/cct\/lenep-prh25-anp-finep\/files\/2020\/11\/f6-400x212.jpg 400w\" sizes=\"auto, (max-width: 600px) 100vw, 600px\" \/><\/a><\/p>\n<p>&nbsp;<\/p>\n<ul>\n<li><a href=\"https:\/\/www.youtube.com\/watch?v=UfBrHJnzG7k\">Tecnologias de Soldagem Aplicadas \u00e0 Ind\u00fastria do Petr\u00f3leo, G\u00e1s e Energia<\/a><\/li>\n<\/ul>\n<p><a href=\"https:\/\/www.youtube.com\/watch?v=UfBrHJnzG7k\"><img loading=\"lazy\" decoding=\"async\" class=\"aligncenter wp-image-100 size-full\" src=\"http:\/\/uenf.br\/cct\/lenep-prh25-anp-finep\/files\/2020\/11\/f7.jpg\" alt=\"\" width=\"600\" height=\"337\" srcset=\"https:\/\/uenf.br\/cct\/lenep-prh25-anp-finep\/files\/2020\/11\/f7.jpg 600w, https:\/\/uenf.br\/cct\/lenep-prh25-anp-finep\/files\/2020\/11\/f7-300x169.jpg 300w, https:\/\/uenf.br\/cct\/lenep-prh25-anp-finep\/files\/2020\/11\/f7-150x84.jpg 150w, https:\/\/uenf.br\/cct\/lenep-prh25-anp-finep\/files\/2020\/11\/f7-400x225.jpg 400w\" sizes=\"auto, (max-width: 600px) 100vw, 600px\" \/><\/a><\/p>\n<p>&nbsp;<\/p>\n<ul>\n<li><a href=\"https:\/\/www.youtube.com\/watch?v=JNXFhvaE03A\">Atua\u00e7\u00e3o do Engenheiro de Materiais na Ind\u00fastria do \u00d3leo e G\u00e1s<\/a><\/li>\n<\/ul>\n<p><a href=\"https:\/\/www.youtube.com\/watch?v=JNXFhvaE03A\"><img loading=\"lazy\" decoding=\"async\" class=\"aligncenter wp-image-105 size-full\" src=\"http:\/\/uenf.br\/cct\/lenep-prh25-anp-finep\/files\/2020\/11\/f9.jpg\" alt=\"\" width=\"600\" height=\"337\" srcset=\"https:\/\/uenf.br\/cct\/lenep-prh25-anp-finep\/files\/2020\/11\/f9.jpg 600w, https:\/\/uenf.br\/cct\/lenep-prh25-anp-finep\/files\/2020\/11\/f9-300x169.jpg 300w, https:\/\/uenf.br\/cct\/lenep-prh25-anp-finep\/files\/2020\/11\/f9-150x84.jpg 150w, https:\/\/uenf.br\/cct\/lenep-prh25-anp-finep\/files\/2020\/11\/f9-400x225.jpg 400w\" sizes=\"auto, (max-width: 600px) 100vw, 600px\" \/><\/a><\/p>\n<p>&nbsp;<\/p>\n<ul>\n<li><a href=\"https:\/\/www.youtube.com\/watch?v=_hF53bntc2M\">Sondagem Terrestre e Mar\u00edtma: Tipos de Sondas e Desafios Tecnol\u00f3gicos<\/a><\/li>\n<\/ul>\n<p><a href=\"https:\/\/www.youtube.com\/watch?v=_hF53bntc2M\"><img loading=\"lazy\" decoding=\"async\" class=\"aligncenter wp-image-106 size-full\" src=\"http:\/\/uenf.br\/cct\/lenep-prh25-anp-finep\/files\/2020\/11\/f10.jpg\" alt=\"\" width=\"600\" height=\"337\" srcset=\"https:\/\/uenf.br\/cct\/lenep-prh25-anp-finep\/files\/2020\/11\/f10.jpg 600w, https:\/\/uenf.br\/cct\/lenep-prh25-anp-finep\/files\/2020\/11\/f10-300x169.jpg 300w, https:\/\/uenf.br\/cct\/lenep-prh25-anp-finep\/files\/2020\/11\/f10-150x84.jpg 150w, https:\/\/uenf.br\/cct\/lenep-prh25-anp-finep\/files\/2020\/11\/f10-400x225.jpg 400w\" sizes=\"auto, (max-width: 600px) 100vw, 600px\" \/><\/a><\/p>\n<p>&nbsp;<\/p>\n<ul>\n<li><a href=\"https:\/\/www.youtube.com\/watch?v=Lzo_GuI7fHA\">Oportunidades para Estudantes e Jovens Profissionais do Setor de Petr\u00f3leo, G\u00e1s Natural e Biocombust\u00edveis<\/a><\/li>\n<\/ul>\n<p><a href=\"https:\/\/www.youtube.com\/watch?v=Lzo_GuI7fHA\"><img loading=\"lazy\" decoding=\"async\" class=\"aligncenter wp-image-107 size-full\" src=\"http:\/\/uenf.br\/cct\/lenep-prh25-anp-finep\/files\/2020\/11\/f12.jpg\" alt=\"\" width=\"600\" height=\"337\" srcset=\"https:\/\/uenf.br\/cct\/lenep-prh25-anp-finep\/files\/2020\/11\/f12.jpg 600w, https:\/\/uenf.br\/cct\/lenep-prh25-anp-finep\/files\/2020\/11\/f12-300x169.jpg 300w, https:\/\/uenf.br\/cct\/lenep-prh25-anp-finep\/files\/2020\/11\/f12-150x84.jpg 150w, https:\/\/uenf.br\/cct\/lenep-prh25-anp-finep\/files\/2020\/11\/f12-400x225.jpg 400w\" sizes=\"auto, (max-width: 600px) 100vw, 600px\" \/><\/a><\/p>\n<p>&nbsp;<\/p>\n<ul>\n<li><a href=\"https:\/\/youtu.be\/2YfrgaBQFz4\">Simula\u00e7\u00e3o e gerenciamento de campos de petr\u00f3leo<\/a><\/li>\n<\/ul>\n<p><a href=\"https:\/\/youtu.be\/2YfrgaBQFz4\"><img loading=\"lazy\" decoding=\"async\" class=\"aligncenter wp-image-113 size-full\" src=\"http:\/\/uenf.br\/cct\/lenep-prh25-anp-finep\/files\/2020\/11\/f13.jpg\" alt=\"\" width=\"600\" height=\"338\" srcset=\"https:\/\/uenf.br\/cct\/lenep-prh25-anp-finep\/files\/2020\/11\/f13.jpg 600w, https:\/\/uenf.br\/cct\/lenep-prh25-anp-finep\/files\/2020\/11\/f13-300x169.jpg 300w, https:\/\/uenf.br\/cct\/lenep-prh25-anp-finep\/files\/2020\/11\/f13-150x85.jpg 150w, https:\/\/uenf.br\/cct\/lenep-prh25-anp-finep\/files\/2020\/11\/f13-400x225.jpg 400w\" sizes=\"auto, (max-width: 600px) 100vw, 600px\" \/><\/a><\/p>\n<p>&nbsp;<\/p>\n<ul>\n<li><a href=\"https:\/\/youtu.be\/RfX-fdESgl4\">O ge\u00f3logo Gerson Terra conta como foi a Descoberta do Pr\u00e9-sal<\/a><\/li>\n<\/ul>\n<p><a href=\"https:\/\/youtu.be\/RfX-fdESgl4\"><img loading=\"lazy\" decoding=\"async\" class=\"aligncenter wp-image-115 size-full\" src=\"http:\/\/uenf.br\/cct\/lenep-prh25-anp-finep\/files\/2020\/11\/f14.jpg\" alt=\"\" width=\"600\" height=\"336\" srcset=\"https:\/\/uenf.br\/cct\/lenep-prh25-anp-finep\/files\/2020\/11\/f14.jpg 600w, https:\/\/uenf.br\/cct\/lenep-prh25-anp-finep\/files\/2020\/11\/f14-300x168.jpg 300w, https:\/\/uenf.br\/cct\/lenep-prh25-anp-finep\/files\/2020\/11\/f14-150x84.jpg 150w, https:\/\/uenf.br\/cct\/lenep-prh25-anp-finep\/files\/2020\/11\/f14-400x224.jpg 400w\" sizes=\"auto, (max-width: 600px) 100vw, 600px\" \/><\/a><\/p>\n<p>&nbsp;<\/p>\n<ul>\n<li><a href=\"https:\/\/www.youtube.com\/watch?v=baC6UjzYhNw\">Gasifica\u00e7\u00e3o e pir\u00f3lise de biomassa para biocombust\u00edveis<\/a><\/li>\n<\/ul>\n<p><a href=\"https:\/\/www.youtube.com\/watch?v=baC6UjzYhNw\"><img loading=\"lazy\" decoding=\"async\" class=\"aligncenter wp-image-118 size-full\" src=\"http:\/\/uenf.br\/cct\/lenep-prh25-anp-finep\/files\/2020\/11\/f16.jpg\" alt=\"\" width=\"600\" height=\"336\" srcset=\"https:\/\/uenf.br\/cct\/lenep-prh25-anp-finep\/files\/2020\/11\/f16.jpg 600w, https:\/\/uenf.br\/cct\/lenep-prh25-anp-finep\/files\/2020\/11\/f16-300x168.jpg 300w, https:\/\/uenf.br\/cct\/lenep-prh25-anp-finep\/files\/2020\/11\/f16-150x84.jpg 150w, https:\/\/uenf.br\/cct\/lenep-prh25-anp-finep\/files\/2020\/11\/f16-400x224.jpg 400w\" sizes=\"auto, (max-width: 600px) 100vw, 600px\" \/><\/a><\/p>\n<p>&nbsp;<\/p>\n<ul>\n<li><a href=\"https:\/\/www.youtube.com\/watch?v=ksta5QgyC5M\">Biocombust\u00edveis: Produ\u00e7\u00e3o e Mercado<\/a><\/li>\n<\/ul>\n<p><a href=\"https:\/\/www.youtube.com\/watch?v=ksta5QgyC5M\"><img loading=\"lazy\" decoding=\"async\" class=\"aligncenter wp-image-119 size-full\" src=\"http:\/\/uenf.br\/cct\/lenep-prh25-anp-finep\/files\/2020\/11\/f17.jpg\" alt=\"\" width=\"600\" height=\"339\" srcset=\"https:\/\/uenf.br\/cct\/lenep-prh25-anp-finep\/files\/2020\/11\/f17.jpg 600w, https:\/\/uenf.br\/cct\/lenep-prh25-anp-finep\/files\/2020\/11\/f17-300x170.jpg 300w, https:\/\/uenf.br\/cct\/lenep-prh25-anp-finep\/files\/2020\/11\/f17-150x85.jpg 150w, https:\/\/uenf.br\/cct\/lenep-prh25-anp-finep\/files\/2020\/11\/f17-400x226.jpg 400w\" sizes=\"auto, (max-width: 600px) 100vw, 600px\" \/><\/a><\/p>\n<p>&nbsp;<\/p>\n<ul>\n<li><a href=\"https:\/\/youtu.be\/6oi8_UzxB8o\">COPROCESSAMENTO DE BIOMASSA. (UFRJ)<\/a><\/li>\n<\/ul>\n<p><a href=\"https:\/\/youtu.be\/6oi8_UzxB8o\"><img loading=\"lazy\" decoding=\"async\" class=\"aligncenter wp-image-157 size-full\" src=\"http:\/\/uenf.br\/cct\/lenep-prh25-anp-finep\/files\/2020\/11\/f19.jpg\" alt=\"\" width=\"600\" height=\"421\" srcset=\"https:\/\/uenf.br\/cct\/lenep-prh25-anp-finep\/files\/2020\/11\/f19.jpg 600w, https:\/\/uenf.br\/cct\/lenep-prh25-anp-finep\/files\/2020\/11\/f19-300x211.jpg 300w, https:\/\/uenf.br\/cct\/lenep-prh25-anp-finep\/files\/2020\/11\/f19-150x105.jpg 150w, https:\/\/uenf.br\/cct\/lenep-prh25-anp-finep\/files\/2020\/11\/f19-400x281.jpg 400w\" sizes=\"auto, (max-width: 600px) 100vw, 600px\" \/><\/a><\/p>\n<p>&nbsp;<\/p>\n<ul>\n<li class=\"western\"><a href=\"https:\/\/www.youtube.com\/watch?v=NRIlFmAMhAg&amp;ab_channel=PPGFEQ\">Oportunidades em grada\u00e7\u00e3o composicional 04\/11\/2020<\/a><\/li>\n<\/ul>\n<p><a href=\"https:\/\/www.youtube.com\/watch?v=NRIlFmAMhAg&amp;ab_channel=PPGFEQ\"><img loading=\"lazy\" decoding=\"async\" class=\"aligncenter wp-image-121 size-full\" src=\"http:\/\/uenf.br\/cct\/lenep-prh25-anp-finep\/files\/2020\/11\/f18.jpg\" alt=\"\" width=\"600\" height=\"284\" srcset=\"https:\/\/uenf.br\/cct\/lenep-prh25-anp-finep\/files\/2020\/11\/f18.jpg 600w, https:\/\/uenf.br\/cct\/lenep-prh25-anp-finep\/files\/2020\/11\/f18-300x142.jpg 300w, https:\/\/uenf.br\/cct\/lenep-prh25-anp-finep\/files\/2020\/11\/f18-150x71.jpg 150w, https:\/\/uenf.br\/cct\/lenep-prh25-anp-finep\/files\/2020\/11\/f18-400x189.jpg 400w\" sizes=\"auto, (max-width: 600px) 100vw, 600px\" \/><\/a><\/p>\n<p>&nbsp;<\/p>\n<p>&nbsp;<\/p>\n<p>&nbsp;<\/p>\n<p>&nbsp;<\/p>\n<p>&nbsp;<\/p>\n<p>&nbsp;<\/p>\n<p>&nbsp;<\/p>\n<p>&nbsp;<\/p>\n<p>&nbsp;<\/p>\n","protected":false},"excerpt":{"rendered":"<p>(atualizado em 23\/11\/2020) Webn\u00e1rios e outros Eventos II SIMP\u00d3SIO DE PETR\u00d3LEO E G\u00c1S DO ONSHORE BRASILEIRO &nbsp; PRH 12.1 &#8211;&#8230;<\/p>\n","protected":false},"author":28,"featured_media":0,"parent":0,"menu_order":1,"comment_status":"closed","ping_status":"closed","template":"","meta":{"footnotes":""},"class_list":["post-79","page","type-page","status-publish","hentry"],"_links":{"self":[{"href":"https:\/\/uenf.br\/cct\/lenep-prh25-anp-finep\/wp-json\/wp\/v2\/pages\/79","targetHints":{"allow":["GET"]}}],"collection":[{"href":"https:\/\/uenf.br\/cct\/lenep-prh25-anp-finep\/wp-json\/wp\/v2\/pages"}],"about":[{"href":"https:\/\/uenf.br\/cct\/lenep-prh25-anp-finep\/wp-json\/wp\/v2\/types\/page"}],"author":[{"embeddable":true,"href":"https:\/\/uenf.br\/cct\/lenep-prh25-anp-finep\/wp-json\/wp\/v2\/users\/28"}],"replies":[{"embeddable":true,"href":"https:\/\/uenf.br\/cct\/lenep-prh25-anp-finep\/wp-json\/wp\/v2\/comments?post=79"}],"version-history":[{"count":0,"href":"https:\/\/uenf.br\/cct\/lenep-prh25-anp-finep\/wp-json\/wp\/v2\/pages\/79\/revisions"}],"wp:attachment":[{"href":"https:\/\/uenf.br\/cct\/lenep-prh25-anp-finep\/wp-json\/wp\/v2\/media?parent=79"}],"curies":[{"name":"wp","href":"https:\/\/api.w.org\/{rel}","templated":true}]}}