{"id":11,"date":"2009-11-19T15:59:39","date_gmt":"2009-11-19T15:59:39","guid":{"rendered":"http:\/\/uenf.br\/sites\/lenep\/?page_id=11"},"modified":"2026-04-09T18:01:10","modified_gmt":"2026-04-09T18:01:10","slug":"apresentacao","status":"publish","type":"page","link":"https:\/\/uenf.br\/cct\/lenep\/","title":{"rendered":"Apresenta\u00e7\u00e3o"},"content":{"rendered":"<p>A UENF foi implantada em 1993, atrav\u00e9s de um projeto do ent\u00e3o senador Prof. Darcy Ribeiro, em torno do qual se reuniram diversos cientistas experientes, tendo como objetivo principal criar uma Universidade que atuasse em estreita conex\u00e3o com o setor produtivo. Objetivou-se, com isso, contribuir para o desenvolvimento cient\u00edfico\/tecnol\u00f3gico e a forma\u00e7\u00e3o de recursos humanos, voltados para a cria\u00e7\u00e3o de condi\u00e7\u00f5es favor\u00e1veis \u00e0 atra\u00e7\u00e3o e consolida\u00e7\u00e3o de novos empreendimentos industriais na Regi\u00e3o Norte Fluminense. Quatro grandes centros integram hoje esta Universidade: o CCH (Centro de Ci\u00eancias Humanas), o CBB (Centro de Biologia e Biotecnologia), o CCTA (Centro de Ci\u00eancia e Tecnologia Agropecu\u00e1rias) e o CCT (Centro de Ci\u00eancia e Tecnologia).<\/p>\n<p style=\"text-align: justify\">Como parte integrante do CCT, visando atuar no Setor de Petr\u00f3leo e G\u00e1s (a maior riqueza da regi\u00e3o Norte Fluminense), foi implantado no Munic\u00edpio de Maca\u00e9\/RJ o Laborat\u00f3rio de Engenharia e Explora\u00e7\u00e3o de Petr\u00f3leo (LENEP). Projetado para ter o porte de um instituto, a cria\u00e7\u00e3o do LENEP em Maca\u00e9 tem alcance estrat\u00e9gico, uma vez que neste Munic\u00edpio est\u00e1 localizada a maior base operacional da PETROBRAS, al\u00e9m de 150 outras empresas nacionais e estrangeiras envolvidas com as atividades de E &amp; P (explora\u00e7\u00e3o e produ\u00e7\u00e3o) de petr\u00f3leo. Esta regi\u00e3o \u00e9 respons\u00e1vel atualmente por cerca de 82 % da produ\u00e7\u00e3o nacional deste bem mineral.<\/p>\n<ul>\n<li style=\"text-align: justify\">O LENEP completou 18 anos de exist\u00eancia e tem realizado, com \u00eaxito, a implanta\u00e7\u00e3o de um ambicioso programa de forma\u00e7\u00e3o de recursos humanos e desenvolvimento de pesquisa cient\u00edfica e tecnol\u00f3gica na \u00e1rea de E &amp; P de petr\u00f3leo. \u00c9 respons\u00e1vel pelo ciclo profissional\u00a0 do Curso de Gradua\u00e7\u00e3o em Engenharia de Explora\u00e7\u00e3o e Produ\u00e7\u00e3o de Petr\u00f3leo, bem como, pelo Curso de P\u00f3s-Gradua\u00e7\u00e3o scricto sensu, mestrado e doutorado em Engenharia de Reservat\u00f3rio e de Explora\u00e7\u00e3o. De um total de 240 engenheiros j\u00e1 formados, 100 mestres e 29 doutores, cerca de 73% dos engenheiros, 60% dos mestres e 50% dos doutores acham-se incorporados ao corpo t\u00e9cnico da PETROBRAS, o restante dos engenheiros e mestres a outras empresas, \u00a0e cerca de 50% dos doutores absorvidos por institui\u00e7\u00f5es acad\u00eamicas.<\/li>\n<\/ul>\n","protected":false},"excerpt":{"rendered":"<p>A UENF foi implantada em 1993, atrav\u00e9s de um projeto do ent\u00e3o senador Prof. Darcy Ribeiro, em torno do qual&#8230;<\/p>\n","protected":false},"author":33,"featured_media":0,"parent":111,"menu_order":0,"comment_status":"closed","ping_status":"closed","template":"","meta":{"footnotes":""},"class_list":["post-11","page","type-page","status-publish","hentry"],"_links":{"self":[{"href":"https:\/\/uenf.br\/cct\/lenep\/wp-json\/wp\/v2\/pages\/11","targetHints":{"allow":["GET"]}}],"collection":[{"href":"https:\/\/uenf.br\/cct\/lenep\/wp-json\/wp\/v2\/pages"}],"about":[{"href":"https:\/\/uenf.br\/cct\/lenep\/wp-json\/wp\/v2\/types\/page"}],"author":[{"embeddable":true,"href":"https:\/\/uenf.br\/cct\/lenep\/wp-json\/wp\/v2\/users\/33"}],"replies":[{"embeddable":true,"href":"https:\/\/uenf.br\/cct\/lenep\/wp-json\/wp\/v2\/comments?post=11"}],"version-history":[{"count":0,"href":"https:\/\/uenf.br\/cct\/lenep\/wp-json\/wp\/v2\/pages\/11\/revisions"}],"up":[{"embeddable":true,"href":"https:\/\/uenf.br\/cct\/lenep\/wp-json\/wp\/v2\/pages\/111"}],"wp:attachment":[{"href":"https:\/\/uenf.br\/cct\/lenep\/wp-json\/wp\/v2\/media?parent=11"}],"curies":[{"name":"wp","href":"https:\/\/api.w.org\/{rel}","templated":true}]}}