{"id":173,"date":"2009-12-04T08:33:05","date_gmt":"2009-12-04T08:33:05","guid":{"rendered":"http:\/\/uenf.br\/sites\/lenep\/?page_id=173"},"modified":"2024-04-03T14:34:11","modified_gmt":"2024-04-03T14:34:11","slug":"administracao","status":"publish","type":"page","link":"https:\/\/uenf.br\/cct\/lenep\/o-lenep\/administracao\/","title":{"rendered":"Administra\u00e7\u00e3o"},"content":{"rendered":"<p><strong>CHEFIA DO LABORAT\u00d3RIO:<\/strong><\/p>\n<p><strong>Chefe de Laborat\u00f3rio:<\/strong><br \/>\nProf\u00aa. Georgiana Feitosa Da Cruz<br \/>\nE-mail: <a href=\"mailto:chefia@lenep.uenf.br\">chefia@lenep.uenf.br<\/a><\/p>\n<p><strong>Secret\u00e1rio da Chefia:<\/strong><br \/>\nEli\u00e9zer Novaes Freire<br \/>\nE-mail: <a href=\"mailto:eliezer@lenep.uenf.br\">eliezer@lenep.uenf.br<\/a><\/p>\n<p>&nbsp;<\/p>\n<p><strong>SETOR ADMINISTRATIVO:<\/strong><\/p>\n<p><strong>Recursos Humanos:<\/strong><br \/>\nEli\u00e9zer Novaes Freire<br \/>\nE-mail: <a href=\"mailto:eliezer@lenep.uenf.br\">eliezer@lenep.uenf.br<\/a><\/p>\n<p><strong>Gest\u00e3o de Conv\u00eanios:<br \/>\n<\/strong>D\u00e9bora de Mendon\u00e7a Freire<br \/>\nE-mail: <a href=\"mailto:debora@lenep.uenf.br\">debora@lenep.uenf.br<\/a><\/p>\n<p><strong>Manuten\u00e7\u00e3o:<\/strong><br \/>\nAlexandre Telles de Oliveira<br \/>\nE-mail: <a href=\"mailto:ato@lenep.uenf.br\">ato@lenep.uenf.br<\/a><\/p>\n<p>&nbsp;<\/p>\n<p><strong>SETOR ACAD\u00caMICO:<\/strong><\/p>\n<p><strong>Coordenador de Gradua\u00e7\u00e3o:<\/strong><br \/>\nProf. Andr\u00e9 Duarte Bueno<br \/>\nE-mail: <a href=\"mailto:bueno@lenep.uenf.br\">bueno@lenep.uenf.br<\/a><\/p>\n<p><strong>Secret\u00e1rio:<\/strong><br \/>\nBruno Pacheco<br \/>\nE-mail: <a href=\"mailto:bruno@lenep.uenf.br\">bruno@lenep.uenf.br<\/a><\/p>\n<p><strong>Coordenador de P\u00f3s-Gradua\u00e7\u00e3o:<\/strong><br \/>\nProf\u00aa. Eliane Soares de Souza<br \/>\nE-mail: <a href=\"mailto:coord@lenep.uenf.br\">coordpg@lenep.uenf.br<\/a><\/p>\n<p><strong>Secret\u00e1rio:<\/strong><br \/>\nBruno Pacheco<br \/>\nE-mail: <a href=\"mailto:secpg@lenep.uenf.br\">secpg@lenep.uenf.br<\/a><\/p>\n<p>&nbsp;<\/p>\n<p><strong>BIBLIOTECA:<\/strong><\/p>\n<p>E-mail:\u00a0 \u00a0<span style=\"color: #0000ff\"><a href=\"mailto:bibliotecalenep@uenf.br\">bibliotecalenep@uenf.br<\/a><\/span><\/p>\n<p>&nbsp;<\/p>\n<p><strong>CHEFIA DE SETORES<\/strong><\/p>\n<p><strong>Setor de Geologia e Geoqu\u00edmica:<\/strong><br \/>\nProf\u00aa. Eliane Soares de Souza<br \/>\nE-mail: <a href=\"mailto:eliane@lenep.uenf.br\">eliane@lenep.uenf.br<\/a><\/p>\n<p><strong>Setor de Engenharia:<\/strong><br \/>\nProf. Carlos Enrique Pico Ortiz<br \/>\nE-mail: capico@lenep.uenf.br<\/p>\n<p><strong>Setor de Geof\u00edsica:<\/strong><br \/>\nProf. S\u00e9rgio Adriano Moura Oliveira<br \/>\nE-mail: <a href=\"https:\/\/www.lenep.uenf.br\/webmail\/src\/compose.php?send_to=moura%40lenep.uenf.br\">moura@lenep.uenf.br<\/a><\/p>\n<p><strong>Setor de Petrof\u00edsica:<\/strong><br \/>\nProf. Marco Antonio Rodrigues de Ceia<br \/>\nE-mail: <a href=\"mailto:marco@lenep.uenf.br\">marco@lenep.uenf.br<\/a><\/p>\n<p><strong>Setor de Modelagem Matem\u00e1tica e Computacional:<\/strong><br \/>\nProf. Andr\u00e9 Duarte Bueno<br \/>\nE-mail: <a href=\"mailto:bueno@lenep.uenf.br\">bueno@lenep.uenf.br<\/a><\/p>\n<p>&nbsp;<\/p>\n<p><strong>CONV\u00caNIO PRH20-ANP<\/strong><\/p>\n<p><strong>Coordenador:<\/strong><br \/>\nProf. Andr\u00e9 Duarte Bueno<br \/>\nE-mail: <a href=\"https:\/\/www.lenep.uenf.br\/webmail\/src\/compose.php?send_to=bueno%40lenep.uenf.br\">bueno@lenep.uenf.br<\/a><\/p>\n<p>&nbsp;<\/p>\n<p><strong>AGENTES PATRIMONIAIS:<\/strong><\/p>\n<p><strong>Setor de Geologia:<\/strong><br \/>\nProf. Victor Hugo Santos<\/p>\n<p><strong>Setor de Engenharia:<\/strong><br \/>\nProf. Carlos Enrique Pico Ortiz<\/p>\n<p><strong>Setor de Geof\u00edsica:<\/strong><br \/>\nProf. S\u00e9rgio Adriano Moura Oliveira<\/p>\n<p><strong>Setor de Petrof\u00edsica:<\/strong><br \/>\nProf. Ant\u00f4nio Abel Gonzalez Carrasquilla<\/p>\n<p><strong>Setor de Modelagem Matem\u00e1tica e Computacional:<\/strong><br \/>\nProf. Andr\u00e9 Duarte Bueno<\/p>\n<p><strong>Setor de Geoqu\u00edmia:<br \/>\n<\/strong>Prof\u00aa. Gerogiana Feitosa da Cruz<\/p>\n<p><strong>Setor de Administra\u00e7\u00e3o:<br \/>\n<\/strong>Prof. Viatcheslav Ivanovich Priimenko<\/p>\n<p><strong>Gradua\u00e7\u00e3o:<\/strong><br \/>\nProf\u00aa. Eliane Soares de Souza<\/p>\n<p><strong>P\u00f3s-Gradua\u00e7\u00e3o:<br \/>\n<\/strong>Prof\u00aa. Roseane Marchezi Miss\u00e1gia<\/p>\n","protected":false},"excerpt":{"rendered":"<p>CHEFIA DO LABORAT\u00d3RIO: Chefe de Laborat\u00f3rio: Prof\u00aa. Georgiana Feitosa Da Cruz E-mail: chefia@lenep.uenf.br Secret\u00e1rio da Chefia: Eli\u00e9zer Novaes Freire E-mail:&#8230;<\/p>\n","protected":false},"author":10,"featured_media":0,"parent":111,"menu_order":1,"comment_status":"closed","ping_status":"closed","template":"","meta":{"footnotes":""},"class_list":["post-173","page","type-page","status-publish","hentry"],"_links":{"self":[{"href":"https:\/\/uenf.br\/cct\/lenep\/wp-json\/wp\/v2\/pages\/173","targetHints":{"allow":["GET"]}}],"collection":[{"href":"https:\/\/uenf.br\/cct\/lenep\/wp-json\/wp\/v2\/pages"}],"about":[{"href":"https:\/\/uenf.br\/cct\/lenep\/wp-json\/wp\/v2\/types\/page"}],"author":[{"embeddable":true,"href":"https:\/\/uenf.br\/cct\/lenep\/wp-json\/wp\/v2\/users\/10"}],"replies":[{"embeddable":true,"href":"https:\/\/uenf.br\/cct\/lenep\/wp-json\/wp\/v2\/comments?post=173"}],"version-history":[{"count":0,"href":"https:\/\/uenf.br\/cct\/lenep\/wp-json\/wp\/v2\/pages\/173\/revisions"}],"up":[{"embeddable":true,"href":"https:\/\/uenf.br\/cct\/lenep\/wp-json\/wp\/v2\/pages\/111"}],"wp:attachment":[{"href":"https:\/\/uenf.br\/cct\/lenep\/wp-json\/wp\/v2\/media?parent=173"}],"curies":[{"name":"wp","href":"https:\/\/api.w.org\/{rel}","templated":true}]}}