{"id":63,"date":"2009-11-25T10:22:24","date_gmt":"2009-11-25T12:22:24","guid":{"rendered":"http:\/\/uenf.br\/sites\/lenep\/?page_id=63"},"modified":"2026-03-23T13:29:44","modified_gmt":"2026-03-23T13:29:44","slug":"contato","status":"publish","type":"page","link":"https:\/\/uenf.br\/cct\/lenep\/contato\/","title":{"rendered":"Contatos"},"content":{"rendered":"<table border=\"1\" cellspacing=\"0\" cellpadding=\"0\">\n<tbody>\n<tr>\n<td colspan=\"4\" valign=\"top\" width=\"569\"><strong>TELEFONES DO LENEP<\/strong><\/td>\n<\/tr>\n<tr>\n<td valign=\"top\" width=\"10\"><\/td>\n<td valign=\"top\" width=\"104\"><strong>N\u00daMERO<\/strong><\/td>\n<td valign=\"top\" width=\"444\"><strong>USU\u00c1RIO<\/strong><\/td>\n<td valign=\"top\" width=\"10\"><strong>\u00a0<\/strong><\/td>\n<\/tr>\n<tr>\n<td valign=\"top\" width=\"10\"><\/td>\n<td valign=\"top\" width=\"104\">276<strong>56001<\/strong><\/td>\n<td valign=\"top\" width=\"444\">Prof. H\u00e9lio Severiano Ribeiro<\/td>\n<td valign=\"top\" width=\"10\"><\/td>\n<\/tr>\n<tr>\n<td valign=\"top\" width=\"10\"><\/td>\n<td valign=\"top\" width=\"104\">276<strong>56025<\/strong><\/td>\n<td valign=\"top\" width=\"444\">Fernanda Sorem Montrezor \/ Katia Pessoa &#8211; Secretaria de Gradua\u00e7\u00e3o<\/td>\n<td valign=\"top\" width=\"10\"><\/td>\n<\/tr>\n<tr>\n<td valign=\"top\" width=\"10\"><\/td>\n<td valign=\"top\" width=\"104\">276<strong>56155<\/strong><\/td>\n<td valign=\"top\" width=\"444\">Marlon Souza Lima &#8211; Lab. de Fluidos e Mec. das Rochas<\/td>\n<td valign=\"top\" width=\"10\"><\/td>\n<\/tr>\n<tr>\n<td valign=\"top\" width=\"10\"><\/td>\n<td valign=\"top\" width=\"104\">276<strong>56537<\/strong><\/td>\n<td valign=\"top\" width=\"444\">Prof. Alexandre S\u00e9rvulo \u2013 Setor de Engenharia<\/td>\n<td valign=\"top\" width=\"10\"><\/td>\n<\/tr>\n<tr>\n<td valign=\"top\" width=\"10\"><\/td>\n<td valign=\"top\" width=\"104\">276<strong>56545<\/strong><\/td>\n<td valign=\"top\" width=\"444\">Prof. Carlos Alberto Dias \u2013 Setor de Petrof\u00edsica<\/td>\n<td valign=\"top\" width=\"10\"><\/td>\n<\/tr>\n<tr>\n<td valign=\"top\" width=\"10\"><\/td>\n<td valign=\"top\" width=\"104\">276<strong>56546<\/strong><\/td>\n<td valign=\"top\" width=\"444\">Prof. Adolfo Pires \u2013 Setor de Engenharia<\/td>\n<td valign=\"top\" width=\"10\"><\/td>\n<\/tr>\n<tr>\n<td valign=\"top\" width=\"10\"><\/td>\n<td valign=\"top\" width=\"104\">276<strong>56548<\/strong><\/td>\n<td valign=\"top\" width=\"444\"><\/td>\n<td valign=\"top\" width=\"10\"><\/td>\n<\/tr>\n<tr>\n<td valign=\"top\" width=\"10\"><\/td>\n<td valign=\"top\" width=\"104\">276<strong>56549<\/strong><\/td>\n<td valign=\"top\" width=\"444\">Prof. Carlos Enrique Pico Ortiz \u2013 Setor de Engenharia<\/td>\n<td valign=\"top\" width=\"10\"><\/td>\n<\/tr>\n<tr>\n<td valign=\"top\" width=\"10\"><\/td>\n<td valign=\"top\" width=\"104\">276<strong>56527<\/strong><\/td>\n<td valign=\"top\" width=\"444\">Prof. Victor Hugo Santos \u2013 Setor de Geologia e Geoqu\u00edmica<\/td>\n<td valign=\"top\" width=\"10\"><\/td>\n<\/tr>\n<tr>\n<td valign=\"top\" width=\"10\"><\/td>\n<td valign=\"top\" width=\"104\">276<strong>56550<\/strong><\/td>\n<td valign=\"top\" width=\"444\">Restaurante<\/td>\n<td valign=\"top\" width=\"10\"><\/td>\n<\/tr>\n<tr>\n<td valign=\"top\" width=\"10\"><\/td>\n<td valign=\"top\" width=\"104\">276<strong>56551<\/strong><\/td>\n<td valign=\"top\" width=\"444\">D\u00e9bora de Mendon\u00e7a Freire &#8211; Gest\u00e3o de Conv\u00eanios<\/td>\n<td valign=\"top\" width=\"10\"><\/td>\n<\/tr>\n<tr>\n<td valign=\"top\" width=\"10\"><\/td>\n<td valign=\"top\" width=\"104\">27656552<\/td>\n<td valign=\"top\" width=\"444\">\u00a0&#8211; Gest\u00e3o de Conv\u00eanios<\/td>\n<td valign=\"top\" width=\"10\"><\/td>\n<\/tr>\n<tr>\n<td valign=\"top\" width=\"10\"><\/td>\n<td valign=\"top\" width=\"104\">276<strong>56553<\/strong><\/td>\n<td valign=\"top\" width=\"444\"><\/td>\n<td valign=\"top\" width=\"10\"><\/td>\n<\/tr>\n<tr>\n<td valign=\"top\" width=\"10\"><\/td>\n<td valign=\"top\" width=\"104\">276<strong>56555<\/strong><\/td>\n<td valign=\"top\" width=\"444\">Arthur Stilben &#8211; Setor de Inform\u00e1tica<\/td>\n<td valign=\"top\" width=\"10\"><\/td>\n<\/tr>\n<tr>\n<td valign=\"top\" width=\"10\"><\/td>\n<td valign=\"top\" width=\"104\">276<strong>56556<\/strong><\/td>\n<td valign=\"top\" width=\"444\"><\/td>\n<td valign=\"top\" width=\"10\"><\/td>\n<\/tr>\n<tr>\n<td valign=\"top\" width=\"10\"><\/td>\n<td valign=\"top\" width=\"104\">276<strong>56557<\/strong><\/td>\n<td valign=\"top\" width=\"444\">Verlaine de Oliveira &#8211; Secretaria de P\u00f3s-Gradua\u00e7\u00e3o<\/td>\n<td valign=\"top\" width=\"10\"><\/td>\n<\/tr>\n<tr>\n<td valign=\"top\" width=\"10\"><\/td>\n<td valign=\"top\" width=\"104\">276<strong>56560<\/strong><\/td>\n<td valign=\"top\" width=\"444\">Jos\u00e9 Higino Gomes de Sousa &#8211; Biblioteca<\/td>\n<td valign=\"top\" width=\"10\"><\/td>\n<\/tr>\n<tr>\n<td valign=\"top\" width=\"10\"><\/td>\n<td valign=\"top\" width=\"104\">276<strong>56561<\/strong><\/td>\n<td valign=\"top\" width=\"444\">Eliezer Freire \u2013 Secret\u00e1rio Chefia<\/td>\n<td valign=\"top\" width=\"10\"><\/td>\n<\/tr>\n<tr>\n<td valign=\"top\" width=\"10\"><\/td>\n<td valign=\"top\" width=\"104\">276<strong>56562<\/strong><\/td>\n<td valign=\"top\" width=\"444\">Prof. Fernando Moraes\u00a0\u2013 Gabinete da Chefia<\/td>\n<td valign=\"top\" width=\"10\"><\/td>\n<\/tr>\n<tr>\n<td valign=\"top\" width=\"10\"><\/td>\n<td valign=\"top\" width=\"104\">276<strong>56563<\/strong><\/td>\n<td valign=\"top\" width=\"444\">Prof. Andr\u00e9 Bueno \u2013 Setor de Modelagem Matem\u00e1tica e Computacional<\/td>\n<td valign=\"top\" width=\"10\"><\/td>\n<\/tr>\n<tr>\n<td valign=\"top\" width=\"10\"><\/td>\n<td valign=\"top\" width=\"104\">276<strong>56564<\/strong><\/td>\n<td valign=\"top\" width=\"444\">Prof\u00aa Roseane M. Missagia \u2013 Setor de Petrof\u00edsica<\/td>\n<td valign=\"top\" width=\"10\"><\/td>\n<\/tr>\n<tr>\n<td valign=\"top\" width=\"10\"><\/td>\n<td valign=\"top\" width=\"104\">276<strong>56569<\/strong><\/td>\n<td valign=\"top\" width=\"444\">Prof\u00aa Georgiana Feitosa da Cruz &#8211; \u00a0Setor de Geologia e Geoqu\u00edmica<\/td>\n<td valign=\"top\" width=\"10\"><\/td>\n<\/tr>\n<tr>\n<td valign=\"top\" width=\"10\"><\/td>\n<td valign=\"top\" width=\"104\">276<strong>56577<\/strong><\/td>\n<td valign=\"top\" width=\"444\">\u00a0&#8211; Apoio Administra\u00e7\u00e3o<\/td>\n<td valign=\"top\" width=\"10\"><\/td>\n<\/tr>\n<tr>\n<td valign=\"top\" width=\"10\"><\/td>\n<td valign=\"top\" width=\"104\">276<strong>56567<\/strong><\/td>\n<td valign=\"top\" width=\"444\">Prof. S\u00e9rgio Adriano \u2013 Setor de Geof\u00edsica<\/td>\n<td valign=\"top\" width=\"10\"><\/td>\n<\/tr>\n<tr>\n<td valign=\"top\" width=\"10\"><\/td>\n<td valign=\"top\" width=\"104\">276<strong>56568<\/strong><\/td>\n<td valign=\"top\" width=\"444\">\u00a0\u2013 Setor de Geof\u00edsica<\/td>\n<td valign=\"top\" width=\"10\"><\/td>\n<\/tr>\n<tr>\n<td valign=\"top\" width=\"10\"><\/td>\n<td valign=\"top\" width=\"104\">276<strong>56570<\/strong><\/td>\n<td valign=\"top\" width=\"444\">Prof. George Mitrofanov &#8211; Setor de Modelagem Matem\u00e1tica e Computacional<\/td>\n<td valign=\"top\" width=\"10\"><\/td>\n<\/tr>\n<tr>\n<td valign=\"top\" width=\"10\"><\/td>\n<td valign=\"top\" width=\"104\">276<strong>56571<\/strong><\/td>\n<td valign=\"top\" width=\"444\">Prof. Viatcheslav Priimenko- \u00a0Setor de Modelagem Matem\u00e1tica e Computacional<\/td>\n<td valign=\"top\" width=\"10\"><\/td>\n<\/tr>\n<tr>\n<td valign=\"top\" width=\"10\"><\/td>\n<td valign=\"top\" width=\"104\">276<strong>56572<\/strong><\/td>\n<td valign=\"top\" width=\"444\">Prof. Abel Carrasquilla \u2013 Setor de Geof\u00edsica<\/td>\n<td valign=\"top\" width=\"10\"><\/td>\n<\/tr>\n<tr>\n<td valign=\"top\" width=\"10\"><\/td>\n<td valign=\"top\" width=\"104\">276<strong>56573<\/strong><\/td>\n<td valign=\"top\" width=\"444\">Remilson \u2013 Laborat\u00f3rio de instrumenta\u00e7\u00e3o e Geof\u00edsica<\/td>\n<td valign=\"top\" width=\"10\"><\/td>\n<\/tr>\n<tr>\n<td valign=\"top\" width=\"10\"><\/td>\n<td valign=\"top\" width=\"104\">276<strong>56574<\/strong><\/td>\n<td valign=\"top\" width=\"444\">Eliane Soares de Souza \u2013 Setor de Geologia e Geoqu\u00edmica<\/td>\n<td valign=\"top\" width=\"10\"><\/td>\n<\/tr>\n<tr>\n<td valign=\"top\" width=\"10\"><\/td>\n<td valign=\"top\" width=\"104\">276<strong>56575<\/strong><\/td>\n<td valign=\"top\" width=\"444\">Conv\u00eanio PRH-20\/ANP<\/td>\n<td valign=\"top\" width=\"10\"><\/td>\n<\/tr>\n<tr>\n<td valign=\"top\" width=\"10\"><\/td>\n<td valign=\"top\" width=\"104\">276<strong>56576<\/strong><\/td>\n<td valign=\"top\" width=\"444\">Projeto CARMOD<\/td>\n<td valign=\"top\" width=\"10\"><\/td>\n<\/tr>\n<tr>\n<td valign=\"top\" width=\"10\"><\/td>\n<td valign=\"top\" width=\"104\">276<strong>56565<\/strong><\/td>\n<td valign=\"top\" width=\"444\">Recep\u00e7\u00e3o<\/td>\n<td valign=\"top\" width=\"10\"><\/td>\n<\/tr>\n<tr>\n<td valign=\"top\" width=\"10\"><\/td>\n<td valign=\"top\" width=\"104\">277<strong>38178<\/strong><\/td>\n<td valign=\"top\" width=\"444\">Alexandre Telles &#8211; Manuten\u00e7\u00e3o<\/td>\n<td valign=\"top\" width=\"10\"><\/td>\n<\/tr>\n<tr>\n<td valign=\"top\" width=\"10\"><\/td>\n<td valign=\"top\" width=\"104\">277<strong>38412<\/strong><\/td>\n<td valign=\"top\" width=\"444\">\u00c1lvaro Peres \u2013 Pesquisador &#8211; PETROBRAS<\/td>\n<td valign=\"top\" width=\"10\"><\/td>\n<\/tr>\n<tr>\n<td valign=\"top\" width=\"10\"><\/td>\n<td valign=\"top\" width=\"104\">277<strong>38200<\/strong><\/td>\n<td valign=\"top\" width=\"444\">Pedro Henrique Linhares Mota da Silva &#8211; Geoinform\u00e1tica<\/td>\n<td valign=\"top\" width=\"10\"><\/td>\n<\/tr>\n<tr>\n<td valign=\"top\" width=\"10\"><\/td>\n<td valign=\"top\" width=\"104\">277<strong>38032<\/strong><\/td>\n<td valign=\"top\" width=\"444\">Prof. Marco Ceia \u2013 Setor de Petrof\u00edsica<\/td>\n<td valign=\"top\" width=\"10\"><\/td>\n<\/tr>\n<tr>\n<td valign=\"top\" width=\"10\"><\/td>\n<td valign=\"top\" width=\"104\">277<strong>38178<\/strong><\/td>\n<td valign=\"top\" width=\"444\"><\/td>\n<td valign=\"top\" width=\"10\"><\/td>\n<\/tr>\n<\/tbody>\n<\/table>\n","protected":false},"excerpt":{"rendered":"<p>TELEFONES DO LENEP N\u00daMERO USU\u00c1RIO \u00a0 27656001 Prof. H\u00e9lio Severiano Ribeiro 27656025 Fernanda Sorem Montrezor \/ Katia Pessoa &#8211; Secretaria&#8230;<\/p>\n","protected":false},"author":1,"featured_media":0,"parent":0,"menu_order":9999,"comment_status":"open","ping_status":"closed","template":"","meta":{"footnotes":""},"class_list":["post-63","page","type-page","status-publish","hentry"],"_links":{"self":[{"href":"https:\/\/uenf.br\/cct\/lenep\/wp-json\/wp\/v2\/pages\/63","targetHints":{"allow":["GET"]}}],"collection":[{"href":"https:\/\/uenf.br\/cct\/lenep\/wp-json\/wp\/v2\/pages"}],"about":[{"href":"https:\/\/uenf.br\/cct\/lenep\/wp-json\/wp\/v2\/types\/page"}],"author":[{"embeddable":true,"href":"https:\/\/uenf.br\/cct\/lenep\/wp-json\/wp\/v2\/users\/1"}],"replies":[{"embeddable":true,"href":"https:\/\/uenf.br\/cct\/lenep\/wp-json\/wp\/v2\/comments?post=63"}],"version-history":[{"count":0,"href":"https:\/\/uenf.br\/cct\/lenep\/wp-json\/wp\/v2\/pages\/63\/revisions"}],"wp:attachment":[{"href":"https:\/\/uenf.br\/cct\/lenep\/wp-json\/wp\/v2\/media?parent=63"}],"curies":[{"name":"wp","href":"https:\/\/api.w.org\/{rel}","templated":true}]}}