{"id":166,"date":"2016-10-20T16:18:43","date_gmt":"2016-10-20T18:18:43","guid":{"rendered":"http:\/\/uenf.br\/ccta\/cooex\/?page_id=166"},"modified":"2016-10-21T17:05:49","modified_gmt":"2016-10-21T19:05:49","slug":"farmacia-viva-comunitaria-alternativa-na-promocao-e-recuperacao-da-saude-da-comunidade-do-municipio-de-sao-joao-da-barra","status":"publish","type":"page","link":"https:\/\/uenf.br\/ccta\/cooex\/acoes-extensionistas\/projetos-por-laboratorio\/laboratorio-de-fitotecnia\/farmacia-viva-comunitaria-alternativa-na-promocao-e-recuperacao-da-saude-da-comunidade-do-municipio-de-sao-joao-da-barra\/","title":{"rendered":"Farm\u00e1cia viva comunit\u00e1ria \u2013 Alternativa na promo\u00e7\u00e3o e recupera\u00e7\u00e3o da sa\u00fade da comunidade do Munic\u00edpio de S\u00e3o Jo\u00e3o da Barra."},"content":{"rendered":"<p style=\"text-align: justify\">Escola onde o projeto acontece<\/p>\n<p style=\"text-align: justify\"><a href=\"https:\/\/uenf.br\/ccta\/cooex\/files\/2016\/10\/foto1.jpg\"><img loading=\"lazy\" decoding=\"async\" class=\"alignleft wp-image-174\" src=\"https:\/\/uenf.br\/ccta\/cooex\/files\/2016\/10\/foto1.jpg\" alt=\"foto1\" width=\"390\" height=\"219\" \/><\/a><\/p>\n<p style=\"text-align: justify\"><strong>Coordenador:<\/strong> Prof. Silv\u00e9rio de Paiva Freitas<\/p>\n<p style=\"text-align: justify\">As plantas medicinais, desde a antiguidade, s\u00e3o usadas para fins terap\u00eauticos pelo homem. Objetiva-se com este projeto utilizar as plantas medicinais como tratamento alternativo na recupera\u00e7\u00e3o e promo\u00e7\u00e3o da sa\u00fade da popula\u00e7\u00e3o, principalmente a de baixa renda, al\u00e9m de ampliar a conscientiza\u00e7\u00e3o para preserva\u00e7\u00e3o do Meio Ambiente. Ser\u00e1 realizada a capacita\u00e7\u00e3o de pessoas interessadas, estudantes, professores sobre o tema das plantas medicinais, por meio de palestras, minicursos e da amplia\u00e7\u00e3o da horta medicinal com a finalidade de servir como uma ferramenta de estudos sobre boas pr\u00e1ticas agr\u00edcolas, biologia, meio ambiente e sustentabilidade. Espera-se auxiliar na aprendizagem dos alunos em disciplinas componentes do curr\u00edculo m\u00ednimo do Ensino Fundamental e M\u00e9dio, como biologia e qu\u00edmica; al\u00e9m de despertar o interesse sobre o tema abordado, por se tratar de assuntos que est\u00e3o ligados ao seu cotidiano e a sa\u00fade da popula\u00e7\u00e3o.<\/p>\n<p style=\"text-align: justify\">P\u00fablico-Alvo: estudantes de escola p\u00fablica da rede estadual.<\/p>\n<p style=\"text-align: justify\"><a href=\"https:\/\/uenf.br\/ccta\/cooex\/files\/2016\/10\/foto2.jpg\"><img loading=\"lazy\" decoding=\"async\" class=\"alignleft wp-image-175\" src=\"https:\/\/uenf.br\/ccta\/cooex\/files\/2016\/10\/foto2.jpg\" alt=\"foto2\" width=\"287\" height=\"215\" \/><\/a><\/p>\n<p><a href=\"https:\/\/uenf.br\/ccta\/cooex\/files\/2016\/10\/foto3.jpg\"><img loading=\"lazy\" decoding=\"async\" class=\"wp-image-176 alignright\" src=\"https:\/\/uenf.br\/ccta\/cooex\/files\/2016\/10\/foto3.jpg\" alt=\"foto3\" width=\"305\" height=\"229\" \/><\/a><\/p>\n<p>&nbsp;<\/p>\n<p style=\"text-align: center\">Visita ao Horto Municipal de S\u00e3o Jo\u00e3o da Barra<\/p>\n<p>&nbsp;<\/p>\n<p>&nbsp;<\/p>\n<p>&nbsp;<\/p>\n<p>&nbsp;<\/p>\n<p><a href=\"https:\/\/uenf.br\/ccta\/cooex\/files\/2016\/10\/foto4.jpg\"><img loading=\"lazy\" decoding=\"async\" class=\"alignleft wp-image-177\" src=\"https:\/\/uenf.br\/ccta\/cooex\/files\/2016\/10\/foto4.jpg\" alt=\"foto4\" width=\"288\" height=\"192\" \/><\/a><\/p>\n<p><a href=\"https:\/\/uenf.br\/ccta\/cooex\/files\/2016\/10\/foto5.png\"><img loading=\"lazy\" decoding=\"async\" class=\"wp-image-178 alignright\" src=\"https:\/\/uenf.br\/ccta\/cooex\/files\/2016\/10\/foto5.png\" alt=\"foto5\" width=\"258\" height=\"194\" \/><\/a><\/p>\n<p>&nbsp;<\/p>\n<p>\u21d0Horta (fase inicial)<\/p>\n<p>&nbsp;<\/p>\n<p>&nbsp;<\/p>\n<p>Algumas Mudas\u21d2<\/p>\n<p>&nbsp;<\/p>\n<p style=\"text-align: center\">Cursos<\/p>\n<p><a href=\"https:\/\/uenf.br\/ccta\/cooex\/files\/2016\/10\/foto6.jpg\"><img loading=\"lazy\" decoding=\"async\" class=\"wp-image-179 aligncenter\" src=\"https:\/\/uenf.br\/ccta\/cooex\/files\/2016\/10\/foto6.jpg\" alt=\"foto6\" width=\"423\" height=\"238\" \/><\/a><\/p>\n<p>&nbsp;<\/p>\n<p>&nbsp;<\/p>\n<p>&nbsp;<\/p>\n","protected":false},"excerpt":{"rendered":"<p>Escola onde o projeto acontece Coordenador: Prof. Silv\u00e9rio de Paiva Freitas As plantas medicinais, desde a antiguidade, s\u00e3o usadas para&#8230;<\/p>\n","protected":false},"author":20,"featured_media":0,"parent":154,"menu_order":0,"comment_status":"closed","ping_status":"closed","template":"","meta":{"footnotes":""},"class_list":["post-166","page","type-page","status-publish","hentry"],"_links":{"self":[{"href":"https:\/\/uenf.br\/ccta\/cooex\/wp-json\/wp\/v2\/pages\/166","targetHints":{"allow":["GET"]}}],"collection":[{"href":"https:\/\/uenf.br\/ccta\/cooex\/wp-json\/wp\/v2\/pages"}],"about":[{"href":"https:\/\/uenf.br\/ccta\/cooex\/wp-json\/wp\/v2\/types\/page"}],"author":[{"embeddable":true,"href":"https:\/\/uenf.br\/ccta\/cooex\/wp-json\/wp\/v2\/users\/20"}],"replies":[{"embeddable":true,"href":"https:\/\/uenf.br\/ccta\/cooex\/wp-json\/wp\/v2\/comments?post=166"}],"version-history":[{"count":0,"href":"https:\/\/uenf.br\/ccta\/cooex\/wp-json\/wp\/v2\/pages\/166\/revisions"}],"up":[{"embeddable":true,"href":"https:\/\/uenf.br\/ccta\/cooex\/wp-json\/wp\/v2\/pages\/154"}],"wp:attachment":[{"href":"https:\/\/uenf.br\/ccta\/cooex\/wp-json\/wp\/v2\/media?parent=166"}],"curies":[{"name":"wp","href":"https:\/\/api.w.org\/{rel}","templated":true}]}}