{"id":232,"date":"2016-10-21T15:55:47","date_gmt":"2016-10-21T17:55:47","guid":{"rendered":"http:\/\/uenf.br\/ccta\/cooex\/?page_id=232"},"modified":"2016-10-21T17:02:15","modified_gmt":"2016-10-21T19:02:15","slug":"projeto-carroceiro-bem-estar-de-equideos-e-preocupacao-social","status":"publish","type":"page","link":"https:\/\/uenf.br\/ccta\/cooex\/acoes-extensionistas\/projetos-por-laboratorio\/laboratorio-de-clinica-e-cirurgia-animal\/projeto-carroceiro-bem-estar-de-equideos-e-preocupacao-social\/","title":{"rendered":"Projeto Carroceiro: bem estar de equ\u00eddeos e preocupa\u00e7\u00e3o social."},"content":{"rendered":"<p style=\"text-align: justify\"><strong>Coordenadora:<\/strong> Prof\u00aa Paula Alessandra Di Filippo<\/p>\n<p style=\"text-align: justify\">O objetivo do Projeto Carroceiro \u00e9 proporcionar o bem estar dos animais utilizados em carro\u00e7as, assim como melhorar as condi\u00e7\u00f5es de vida dos trabalhadores que utilizam a carro\u00e7a como principal fonte de renda. O uso da for\u00e7a animal como recurso financeiro \u00e9 comum e al\u00e9m, de ser um trabalho digno, tem grande import\u00e2ncia ambiental j\u00e1 que muitas fam\u00edlias vivem da coleta de material recicl\u00e1vel, reduzindo desperd\u00edcios e favorecendo o meio ambiente. Entretanto, essa popula\u00e7\u00e3o \u00e9, em sua maioria, desfavorecida economicamente e n\u00e3o tem acesso a informa\u00e7\u00f5es sobre os cuidados com os equ\u00eddeos. Assim sendo, o projeto visa garantir a sanidade dos animais encaminhados para atendimento cl\u00ednico-cir\u00fargico na UENF e orientar os propriet\u00e1rios sobre manejo e bem estar animal. Doen\u00e7as com potencial zoon\u00f3tico ser\u00e3o identificadas e corretamente manejadas, visando o n\u00e3o comprometimento da sa\u00fade do carroceiro bem como, dos seus familiares. Almeja-se tamb\u00e9m, a intera\u00e7\u00e3o entre ensino, pesquisa e extens\u00e3o favorecendo o racioc\u00ednio cl\u00ednico, o desenvolvimento cient\u00edfico acad\u00eamico e o desenvolvimento da pr\u00e1tica da comunica\u00e7\u00e3o, preparando o acad\u00eamico para o mercado de trabalho e, despertando-o para a necessidade de alternativas que busquem a redu\u00e7\u00e3o dos problemas sociais.O projeto ser\u00e1 realizado, preferencialmente, no Setor de Grandes Animais da Universidade Estadual do Norte Fluminense, em conjunto com seus colaboradores e alunos, onde os carroceiros e seus animais ser\u00e3o cadastrados e receberam atendimento gratuito e orienta\u00e7\u00e3o t\u00e9cnica sobre manejo e cuidados com seus animais. Espera-se com isso, promover o bem estar animal, a educa\u00e7\u00e3o e a orienta\u00e7\u00e3o dos propriet\u00e1rios de carro\u00e7as no que tange manejo adequado e orienta\u00e7\u00e3o sobre as principais zoonoses.<\/p>\n<p style=\"text-align: justify\">P\u00fablico-alvo:<strong>\u00a0<\/strong>Pessoas que trabalham com animais de carro\u00e7a.<\/p>\n","protected":false},"excerpt":{"rendered":"<p>Coordenadora: Prof\u00aa Paula Alessandra Di Filippo O objetivo do Projeto Carroceiro \u00e9 proporcionar o bem estar dos animais utilizados em&#8230;<\/p>\n","protected":false},"author":20,"featured_media":0,"parent":203,"menu_order":0,"comment_status":"closed","ping_status":"closed","template":"","meta":{"footnotes":""},"class_list":["post-232","page","type-page","status-publish","hentry"],"_links":{"self":[{"href":"https:\/\/uenf.br\/ccta\/cooex\/wp-json\/wp\/v2\/pages\/232","targetHints":{"allow":["GET"]}}],"collection":[{"href":"https:\/\/uenf.br\/ccta\/cooex\/wp-json\/wp\/v2\/pages"}],"about":[{"href":"https:\/\/uenf.br\/ccta\/cooex\/wp-json\/wp\/v2\/types\/page"}],"author":[{"embeddable":true,"href":"https:\/\/uenf.br\/ccta\/cooex\/wp-json\/wp\/v2\/users\/20"}],"replies":[{"embeddable":true,"href":"https:\/\/uenf.br\/ccta\/cooex\/wp-json\/wp\/v2\/comments?post=232"}],"version-history":[{"count":0,"href":"https:\/\/uenf.br\/ccta\/cooex\/wp-json\/wp\/v2\/pages\/232\/revisions"}],"up":[{"embeddable":true,"href":"https:\/\/uenf.br\/ccta\/cooex\/wp-json\/wp\/v2\/pages\/203"}],"wp:attachment":[{"href":"https:\/\/uenf.br\/ccta\/cooex\/wp-json\/wp\/v2\/media?parent=232"}],"curies":[{"name":"wp","href":"https:\/\/api.w.org\/{rel}","templated":true}]}}