{"id":328,"date":"2016-11-03T15:37:57","date_gmt":"2016-11-03T17:37:57","guid":{"rendered":"http:\/\/uenf.br\/ccta\/cooex\/?page_id=328"},"modified":"2016-11-04T15:02:46","modified_gmt":"2016-11-04T17:02:46","slug":"comercializacao-agricola-limitacoes-e-potencialidades-para-o-desenvolvimento-sustentavel-dos-assentamentos-de-reforma-agraria-da-regiao-norte-fluminense","status":"publish","type":"page","link":"https:\/\/uenf.br\/ccta\/cooex\/acoes-extensionistas\/projetos-por-laboratorio\/laboratorio-de-engenharia-agricola-leag\/comercializacao-agricola-limitacoes-e-potencialidades-para-o-desenvolvimento-sustentavel-dos-assentamentos-de-reforma-agraria-da-regiao-norte-fluminense\/","title":{"rendered":"Comercializa\u00e7\u00e3o Agr\u00edcola: limita\u00e7\u00f5es e potencialidades para o desenvolvimento sustent\u00e1vel dos assentamentos de reforma agr\u00e1ria da regi\u00e3o Norte Fluminense."},"content":{"rendered":"<p style=\"text-align: justify\"><strong>Coordenador:<\/strong> Prof.\u00a0Paulo Marcelo de Souza<\/p>\n<p style=\"text-align: justify\">Atualmente a comercializa\u00e7\u00e3o dos produtos oriundos dos assentamentos de reforma agr\u00e1ria tem sido um consider\u00e1vel gargalo na gera\u00e7\u00e3o de renda, manuten\u00e7\u00e3o das fam\u00edlias e valoriza\u00e7\u00e3o das atividades agr\u00edcolas e agropecu\u00e1rias de produtores familiares. O presente projeto visa trabalhar a organiza\u00e7\u00e3o voltada para a comercializa\u00e7\u00e3o dos agricultores assentados do Programa Nacional de Reforma Agr\u00e1ria da regi\u00e3o Norte Fluminense para acessar os programas p\u00fablicos de compra institucional como o Programa de Aquisi\u00e7\u00e3o de Alimentos \u2013 PAA e o Programa Nacional de Alimenta\u00e7\u00e3o Escolar \u2013 PNAE. Por meio da capacita\u00e7\u00e3o de t\u00e9cnicos extensionistas, intera\u00e7\u00e3o junta \u00e0s fam\u00edlias e organiza\u00e7\u00f5es de agricultores assentados e oficinas de projetos esta proposta busca construir um referencial de atua\u00e7\u00e3o na regi\u00e3o objetivando a constru\u00e7\u00e3o de formas de emancipa\u00e7\u00e3o e maiores espa\u00e7os de governan\u00e7a junto \u00e0s fam\u00edlias assentadas por meio da gera\u00e7\u00e3o de renda atrav\u00e9s das atividades agr\u00edcolas e agropecu\u00e1rias.<\/p>\n<p>&nbsp;<\/p>\n<p>P\u00fablico-Alvo<strong>: <\/strong>Agricultores assentados do Programa Nacional de Reforma Agr\u00e1ria.<\/p>\n","protected":false},"excerpt":{"rendered":"<p>Coordenador: Prof.\u00a0Paulo Marcelo de Souza Atualmente a comercializa\u00e7\u00e3o dos produtos oriundos dos assentamentos de reforma agr\u00e1ria tem sido um consider\u00e1vel&#8230;<\/p>\n","protected":false},"author":20,"featured_media":0,"parent":321,"menu_order":0,"comment_status":"closed","ping_status":"closed","template":"","meta":{"footnotes":""},"class_list":["post-328","page","type-page","status-publish","hentry"],"_links":{"self":[{"href":"https:\/\/uenf.br\/ccta\/cooex\/wp-json\/wp\/v2\/pages\/328","targetHints":{"allow":["GET"]}}],"collection":[{"href":"https:\/\/uenf.br\/ccta\/cooex\/wp-json\/wp\/v2\/pages"}],"about":[{"href":"https:\/\/uenf.br\/ccta\/cooex\/wp-json\/wp\/v2\/types\/page"}],"author":[{"embeddable":true,"href":"https:\/\/uenf.br\/ccta\/cooex\/wp-json\/wp\/v2\/users\/20"}],"replies":[{"embeddable":true,"href":"https:\/\/uenf.br\/ccta\/cooex\/wp-json\/wp\/v2\/comments?post=328"}],"version-history":[{"count":0,"href":"https:\/\/uenf.br\/ccta\/cooex\/wp-json\/wp\/v2\/pages\/328\/revisions"}],"up":[{"embeddable":true,"href":"https:\/\/uenf.br\/ccta\/cooex\/wp-json\/wp\/v2\/pages\/321"}],"wp:attachment":[{"href":"https:\/\/uenf.br\/ccta\/cooex\/wp-json\/wp\/v2\/media?parent=328"}],"curies":[{"name":"wp","href":"https:\/\/api.w.org\/{rel}","templated":true}]}}